{"id":3609,"date":"2023-09-28T09:37:03","date_gmt":"2023-09-28T09:37:03","guid":{"rendered":"https:\/\/radiocityvalencia.es\/?post_type=eventos&#038;p=3609"},"modified":"2023-10-02T11:26:24","modified_gmt":"2023-10-02T11:26:24","slug":"noche-de-flamenco-show-17-10-2023","status":"publish","type":"eventos","link":"https:\/\/radiocityvalencia.es\/en\/eventos\/noche-de-flamenco-show-17-10-2023\/","title":{"rendered":"Noche de Flamenco Show 17\/10\/2023"},"author":3,"featured_media":773,"parent":0,"template":"","meta":[],"class_list":{"0":"post-3609","1":"eventos","2":"type-eventos","3":"status-publish","4":"has-post-thumbnail","6":"estilo-flamenco"},"acf":[],"yoast_head":"<!-- This site is optimized with the Yoast SEO plugin v27.5 - https:\/\/yoast.com\/product\/yoast-seo-wordpress\/ -->\n<title>Noche de Flamenco Show 17\/10\/2023 - Radiocity<\/title>\n<meta name=\"description\" content=\"El flamenco siempre ha tenido un espacio propio en la sala, siendo el martes el d\u00eda que se ofrece un espect\u00e1culo de calidad desde hace casi 25 a\u00f1os de forma ininterrumpida. Hemos conseguido que vengan viajeros de cualquier lugar del mundo a nuestro local y las valoraciones en redes sociales certifican el grado elevad\u00edsimo de satisfacci\u00f3n en los clientes internacionales.\" \/>\n<meta name=\"robots\" content=\"index, follow, max-snippet:-1, max-image-preview:large, max-video-preview:-1\" \/>\n<link rel=\"canonical\" href=\"https:\/\/radiocityvalencia.es\/en\/eventos\/noche-de-flamenco-show-17-10-2023\/\" \/>\n<meta property=\"og:locale\" content=\"en_US\" \/>\n<meta property=\"og:type\" content=\"article\" \/>\n<meta property=\"og:title\" content=\"Noche de Flamenco Show 17\/10\/2023 - Radiocity\" \/>\n<meta property=\"og:description\" content=\"El flamenco siempre ha tenido un espacio propio en la sala, siendo el martes el d\u00eda que se ofrece un espect\u00e1culo de calidad desde hace casi 25 a\u00f1os de forma ininterrumpida. Hemos conseguido que vengan viajeros de cualquier lugar del mundo a nuestro local y las valoraciones en redes sociales certifican el grado elevad\u00edsimo de satisfacci\u00f3n en los clientes internacionales.\" \/>\n<meta property=\"og:url\" content=\"https:\/\/radiocityvalencia.es\/en\/eventos\/noche-de-flamenco-show-17-10-2023\/\" \/>\n<meta property=\"og:site_name\" content=\"Radiocity\" \/>\n<meta property=\"article:publisher\" content=\"https:\/\/www.facebook.com\/radiocityvlc\" \/>\n<meta property=\"article:modified_time\" content=\"2023-10-02T11:26:24+00:00\" \/>\n<meta property=\"og:image\" content=\"https:\/\/radiocityvalencia.es\/wp-content\/uploads\/2023\/02\/LOGO_EVENTO_-FLAMENCO-FINO-BLK.webp\" \/>\n\t<meta property=\"og:image:width\" content=\"1000\" \/>\n\t<meta property=\"og:image:height\" content=\"600\" \/>\n\t<meta property=\"og:image:type\" content=\"image\/webp\" \/>\n<meta name=\"twitter:card\" content=\"summary_large_image\" \/>\n<script type=\"application\/ld+json\" class=\"yoast-schema-graph\">{\"@context\":\"https:\\\/\\\/schema.org\",\"@graph\":[{\"@type\":\"WebPage\",\"@id\":\"https:\\\/\\\/radiocityvalencia.es\\\/en\\\/eventos\\\/noche-de-flamenco-show-17-10-2023\\\/\",\"url\":\"https:\\\/\\\/radiocityvalencia.es\\\/en\\\/eventos\\\/noche-de-flamenco-show-17-10-2023\\\/\",\"name\":\"Noche de Flamenco Show 17\\\/10\\\/2023 - Radiocity\",\"isPartOf\":{\"@id\":\"https:\\\/\\\/radiocityvalencia.es\\\/en\\\/#website\"},\"primaryImageOfPage\":{\"@id\":\"https:\\\/\\\/radiocityvalencia.es\\\/en\\\/eventos\\\/noche-de-flamenco-show-17-10-2023\\\/#primaryimage\"},\"image\":{\"@id\":\"https:\\\/\\\/radiocityvalencia.es\\\/en\\\/eventos\\\/noche-de-flamenco-show-17-10-2023\\\/#primaryimage\"},\"thumbnailUrl\":\"https:\\\/\\\/radiocityvalencia.es\\\/wp-content\\\/uploads\\\/2023\\\/02\\\/MINIATURA_FLAMENCO.webp\",\"datePublished\":\"2023-09-28T09:37:03+00:00\",\"dateModified\":\"2023-10-02T11:26:24+00:00\",\"description\":\"El flamenco siempre ha tenido un espacio propio en la sala, siendo el martes el d\u00eda que se ofrece un espect\u00e1culo de calidad desde hace casi 25 a\u00f1os de forma ininterrumpida. Hemos conseguido que vengan viajeros de cualquier lugar del mundo a nuestro local y las valoraciones en redes sociales certifican el grado elevad\u00edsimo de satisfacci\u00f3n en los clientes internacionales.\",\"breadcrumb\":{\"@id\":\"https:\\\/\\\/radiocityvalencia.es\\\/en\\\/eventos\\\/noche-de-flamenco-show-17-10-2023\\\/#breadcrumb\"},\"inLanguage\":\"en-US\",\"potentialAction\":[{\"@type\":\"ReadAction\",\"target\":[\"https:\\\/\\\/radiocityvalencia.es\\\/en\\\/eventos\\\/noche-de-flamenco-show-17-10-2023\\\/\"]}]},{\"@type\":\"ImageObject\",\"inLanguage\":\"en-US\",\"@id\":\"https:\\\/\\\/radiocityvalencia.es\\\/en\\\/eventos\\\/noche-de-flamenco-show-17-10-2023\\\/#primaryimage\",\"url\":\"https:\\\/\\\/radiocityvalencia.es\\\/wp-content\\\/uploads\\\/2023\\\/02\\\/MINIATURA_FLAMENCO.webp\",\"contentUrl\":\"https:\\\/\\\/radiocityvalencia.es\\\/wp-content\\\/uploads\\\/2023\\\/02\\\/MINIATURA_FLAMENCO.webp\",\"width\":398,\"height\":528},{\"@type\":\"BreadcrumbList\",\"@id\":\"https:\\\/\\\/radiocityvalencia.es\\\/en\\\/eventos\\\/noche-de-flamenco-show-17-10-2023\\\/#breadcrumb\",\"itemListElement\":[{\"@type\":\"ListItem\",\"position\":1,\"name\":\"Portada\",\"item\":\"https:\\\/\\\/radiocityvalencia.es\\\/en\\\/home\\\/\"},{\"@type\":\"ListItem\",\"position\":2,\"name\":\"Eventos\",\"item\":\"https:\\\/\\\/radiocityvalencia.es\\\/en\\\/eventos\\\/\"},{\"@type\":\"ListItem\",\"position\":3,\"name\":\"Noche de Flamenco Show 17\\\/10\\\/2023\"}]},{\"@type\":\"WebSite\",\"@id\":\"https:\\\/\\\/radiocityvalencia.es\\\/en\\\/#website\",\"url\":\"https:\\\/\\\/radiocityvalencia.es\\\/en\\\/\",\"name\":\"Radio City Valencia\",\"description\":\"The Place to Be\",\"publisher\":{\"@id\":\"https:\\\/\\\/radiocityvalencia.es\\\/en\\\/#organization\"},\"potentialAction\":[{\"@type\":\"SearchAction\",\"target\":{\"@type\":\"EntryPoint\",\"urlTemplate\":\"https:\\\/\\\/radiocityvalencia.es\\\/en\\\/?s={search_term_string}\"},\"query-input\":{\"@type\":\"PropertyValueSpecification\",\"valueRequired\":true,\"valueName\":\"search_term_string\"}}],\"inLanguage\":\"en-US\"},{\"@type\":\"Organization\",\"@id\":\"https:\\\/\\\/radiocityvalencia.es\\\/en\\\/#organization\",\"name\":\"Radio City Valencia\",\"url\":\"https:\\\/\\\/radiocityvalencia.es\\\/en\\\/\",\"logo\":{\"@type\":\"ImageObject\",\"inLanguage\":\"en-US\",\"@id\":\"https:\\\/\\\/radiocityvalencia.es\\\/en\\\/#\\\/schema\\\/logo\\\/image\\\/\",\"url\":\"https:\\\/\\\/radiocityvalencia.es\\\/wp-content\\\/uploads\\\/2023\\\/02\\\/LOGO_RADIO_WHT.png\",\"contentUrl\":\"https:\\\/\\\/radiocityvalencia.es\\\/wp-content\\\/uploads\\\/2023\\\/02\\\/LOGO_RADIO_WHT.png\",\"width\":398,\"height\":57,\"caption\":\"Radio City Valencia\"},\"image\":{\"@id\":\"https:\\\/\\\/radiocityvalencia.es\\\/en\\\/#\\\/schema\\\/logo\\\/image\\\/\"},\"sameAs\":[\"https:\\\/\\\/www.facebook.com\\\/radiocityvlc\"]}]}<\/script>\n<!-- \/ Yoast SEO plugin. -->","yoast_head_json":{"title":"Noche de Flamenco Show 17\/10\/2023 - Radiocity","description":"El flamenco siempre ha tenido un espacio propio en la sala, siendo el martes el d\u00eda que se ofrece un espect\u00e1culo de calidad desde hace casi 25 a\u00f1os de forma ininterrumpida. Hemos conseguido que vengan viajeros de cualquier lugar del mundo a nuestro local y las valoraciones en redes sociales certifican el grado elevad\u00edsimo de satisfacci\u00f3n en los clientes internacionales.","robots":{"index":"index","follow":"follow","max-snippet":"max-snippet:-1","max-image-preview":"max-image-preview:large","max-video-preview":"max-video-preview:-1"},"canonical":"https:\/\/radiocityvalencia.es\/en\/eventos\/noche-de-flamenco-show-17-10-2023\/","og_locale":"en_US","og_type":"article","og_title":"Noche de Flamenco Show 17\/10\/2023 - Radiocity","og_description":"El flamenco siempre ha tenido un espacio propio en la sala, siendo el martes el d\u00eda que se ofrece un espect\u00e1culo de calidad desde hace casi 25 a\u00f1os de forma ininterrumpida. Hemos conseguido que vengan viajeros de cualquier lugar del mundo a nuestro local y las valoraciones en redes sociales certifican el grado elevad\u00edsimo de satisfacci\u00f3n en los clientes internacionales.","og_url":"https:\/\/radiocityvalencia.es\/en\/eventos\/noche-de-flamenco-show-17-10-2023\/","og_site_name":"Radiocity","article_publisher":"https:\/\/www.facebook.com\/radiocityvlc","article_modified_time":"2023-10-02T11:26:24+00:00","og_image":[{"width":1000,"height":600,"url":"https:\/\/radiocityvalencia.es\/wp-content\/uploads\/2023\/02\/LOGO_EVENTO_-FLAMENCO-FINO-BLK.webp","type":"image\/webp"}],"twitter_card":"summary_large_image","schema":{"@context":"https:\/\/schema.org","@graph":[{"@type":"WebPage","@id":"https:\/\/radiocityvalencia.es\/en\/eventos\/noche-de-flamenco-show-17-10-2023\/","url":"https:\/\/radiocityvalencia.es\/en\/eventos\/noche-de-flamenco-show-17-10-2023\/","name":"Noche de Flamenco Show 17\/10\/2023 - Radiocity","isPartOf":{"@id":"https:\/\/radiocityvalencia.es\/en\/#website"},"primaryImageOfPage":{"@id":"https:\/\/radiocityvalencia.es\/en\/eventos\/noche-de-flamenco-show-17-10-2023\/#primaryimage"},"image":{"@id":"https:\/\/radiocityvalencia.es\/en\/eventos\/noche-de-flamenco-show-17-10-2023\/#primaryimage"},"thumbnailUrl":"https:\/\/radiocityvalencia.es\/wp-content\/uploads\/2023\/02\/MINIATURA_FLAMENCO.webp","datePublished":"2023-09-28T09:37:03+00:00","dateModified":"2023-10-02T11:26:24+00:00","description":"El flamenco siempre ha tenido un espacio propio en la sala, siendo el martes el d\u00eda que se ofrece un espect\u00e1culo de calidad desde hace casi 25 a\u00f1os de forma ininterrumpida. Hemos conseguido que vengan viajeros de cualquier lugar del mundo a nuestro local y las valoraciones en redes sociales certifican el grado elevad\u00edsimo de satisfacci\u00f3n en los clientes internacionales.","breadcrumb":{"@id":"https:\/\/radiocityvalencia.es\/en\/eventos\/noche-de-flamenco-show-17-10-2023\/#breadcrumb"},"inLanguage":"en-US","potentialAction":[{"@type":"ReadAction","target":["https:\/\/radiocityvalencia.es\/en\/eventos\/noche-de-flamenco-show-17-10-2023\/"]}]},{"@type":"ImageObject","inLanguage":"en-US","@id":"https:\/\/radiocityvalencia.es\/en\/eventos\/noche-de-flamenco-show-17-10-2023\/#primaryimage","url":"https:\/\/radiocityvalencia.es\/wp-content\/uploads\/2023\/02\/MINIATURA_FLAMENCO.webp","contentUrl":"https:\/\/radiocityvalencia.es\/wp-content\/uploads\/2023\/02\/MINIATURA_FLAMENCO.webp","width":398,"height":528},{"@type":"BreadcrumbList","@id":"https:\/\/radiocityvalencia.es\/en\/eventos\/noche-de-flamenco-show-17-10-2023\/#breadcrumb","itemListElement":[{"@type":"ListItem","position":1,"name":"Portada","item":"https:\/\/radiocityvalencia.es\/en\/home\/"},{"@type":"ListItem","position":2,"name":"Eventos","item":"https:\/\/radiocityvalencia.es\/en\/eventos\/"},{"@type":"ListItem","position":3,"name":"Noche de Flamenco Show 17\/10\/2023"}]},{"@type":"WebSite","@id":"https:\/\/radiocityvalencia.es\/en\/#website","url":"https:\/\/radiocityvalencia.es\/en\/","name":"Radio City Valencia","description":"The Place to Be","publisher":{"@id":"https:\/\/radiocityvalencia.es\/en\/#organization"},"potentialAction":[{"@type":"SearchAction","target":{"@type":"EntryPoint","urlTemplate":"https:\/\/radiocityvalencia.es\/en\/?s={search_term_string}"},"query-input":{"@type":"PropertyValueSpecification","valueRequired":true,"valueName":"search_term_string"}}],"inLanguage":"en-US"},{"@type":"Organization","@id":"https:\/\/radiocityvalencia.es\/en\/#organization","name":"Radio City Valencia","url":"https:\/\/radiocityvalencia.es\/en\/","logo":{"@type":"ImageObject","inLanguage":"en-US","@id":"https:\/\/radiocityvalencia.es\/en\/#\/schema\/logo\/image\/","url":"https:\/\/radiocityvalencia.es\/wp-content\/uploads\/2023\/02\/LOGO_RADIO_WHT.png","contentUrl":"https:\/\/radiocityvalencia.es\/wp-content\/uploads\/2023\/02\/LOGO_RADIO_WHT.png","width":398,"height":57,"caption":"Radio City Valencia"},"image":{"@id":"https:\/\/radiocityvalencia.es\/en\/#\/schema\/logo\/image\/"},"sameAs":["https:\/\/www.facebook.com\/radiocityvlc"]}]}},"_links":{"self":[{"href":"https:\/\/radiocityvalencia.es\/en\/wp-json\/wp\/v2\/eventos\/3609","targetHints":{"allow":["GET"]}}],"collection":[{"href":"https:\/\/radiocityvalencia.es\/en\/wp-json\/wp\/v2\/eventos"}],"about":[{"href":"https:\/\/radiocityvalencia.es\/en\/wp-json\/wp\/v2\/types\/eventos"}],"author":[{"embeddable":true,"href":"https:\/\/radiocityvalencia.es\/en\/wp-json\/wp\/v2\/users\/3"}],"version-history":[{"count":3,"href":"https:\/\/radiocityvalencia.es\/en\/wp-json\/wp\/v2\/eventos\/3609\/revisions"}],"predecessor-version":[{"id":3665,"href":"https:\/\/radiocityvalencia.es\/en\/wp-json\/wp\/v2\/eventos\/3609\/revisions\/3665"}],"wp:featuredmedia":[{"embeddable":true,"href":"https:\/\/radiocityvalencia.es\/en\/wp-json\/wp\/v2\/media\/773"}],"wp:attachment":[{"href":"https:\/\/radiocityvalencia.es\/en\/wp-json\/wp\/v2\/media?parent=3609"}],"curies":[{"name":"wp","href":"https:\/\/api.w.org\/{rel}","templated":true}]}}

<!-- This site is optimized with the Yoast SEO plugin v27.5 - https://yoast.com/product/yoast-seo-wordpress/ -->
<title>Noche de Flamenco Show 17/10/2023 - Radiocity</title>
<meta name="description" content="El flamenco siempre ha tenido un espacio propio en la sala, siendo el martes el día que se ofrece un espectáculo de calidad desde hace casi 25 años de forma ininterrumpida. Hemos conseguido que vengan viajeros de cualquier lugar del mundo a nuestro local y las valoraciones en redes sociales certifican el grado elevadísimo de satisfacción en los clientes internacionales." />
<meta name="robots" content="index, follow, max-snippet:-1, max-image-preview:large, max-video-preview:-1" />
<link rel="canonical" href="https://radiocityvalencia.es/en/eventos/noche-de-flamenco-show-17-10-2023/" />
<meta property="og:locale" content="en_US" />
<meta property="og:type" content="article" />
<meta property="og:title" content="Noche de Flamenco Show 17/10/2023 - Radiocity" />
<meta property="og:description" content="El flamenco siempre ha tenido un espacio propio en la sala, siendo el martes el día que se ofrece un espectáculo de calidad desde hace casi 25 años de forma ininterrumpida. Hemos conseguido que vengan viajeros de cualquier lugar del mundo a nuestro local y las valoraciones en redes sociales certifican el grado elevadísimo de satisfacción en los clientes internacionales." />
<meta property="og:url" content="https://radiocityvalencia.es/en/eventos/noche-de-flamenco-show-17-10-2023/" />
<meta property="og:site_name" content="Radiocity" />
<meta property="article:publisher" content="https://www.facebook.com/radiocityvlc" />
<meta property="article:modified_time" content="2023-10-02T11:26:24+00:00" />
<meta property="og:image" content="https://radiocityvalencia.es/wp-content/uploads/2023/02/LOGO_EVENTO_-FLAMENCO-FINO-BLK.webp" />
	<meta property="og:image:width" content="1000" />
	<meta property="og:image:height" content="600" />
	<meta property="og:image:type" content="image/webp" />
<meta name="twitter:card" content="summary_large_image" />
<script type="application/ld+json" class="yoast-schema-graph">{"@context":"https:\/\/schema.org","@graph":[{"@type":"WebPage","@id":"https:\/\/radiocityvalencia.es\/en\/eventos\/noche-de-flamenco-show-17-10-2023\/","url":"https:\/\/radiocityvalencia.es\/en\/eventos\/noche-de-flamenco-show-17-10-2023\/","name":"Noche de Flamenco Show 17\/10\/2023 - Radiocity","isPartOf":{"@id":"https:\/\/radiocityvalencia.es\/en\/#website"},"primaryImageOfPage":{"@id":"https:\/\/radiocityvalencia.es\/en\/eventos\/noche-de-flamenco-show-17-10-2023\/#primaryimage"},"image":{"@id":"https:\/\/radiocityvalencia.es\/en\/eventos\/noche-de-flamenco-show-17-10-2023\/#primaryimage"},"thumbnailUrl":"https:\/\/radiocityvalencia.es\/wp-content\/uploads\/2023\/02\/MINIATURA_FLAMENCO.webp","datePublished":"2023-09-28T09:37:03+00:00","dateModified":"2023-10-02T11:26:24+00:00","description":"El flamenco siempre ha tenido un espacio propio en la sala, siendo el martes el día que se ofrece un espectáculo de calidad desde hace casi 25 años de forma ininterrumpida. Hemos conseguido que vengan viajeros de cualquier lugar del mundo a nuestro local y las valoraciones en redes sociales certifican el grado elevadísimo de satisfacción en los clientes internacionales.","breadcrumb":{"@id":"https:\/\/radiocityvalencia.es\/en\/eventos\/noche-de-flamenco-show-17-10-2023\/#breadcrumb"},"inLanguage":"en-US","potentialAction":[{"@type":"ReadAction","target":["https:\/\/radiocityvalencia.es\/en\/eventos\/noche-de-flamenco-show-17-10-2023\/"]}]},{"@type":"ImageObject","inLanguage":"en-US","@id":"https:\/\/radiocityvalencia.es\/en\/eventos\/noche-de-flamenco-show-17-10-2023\/#primaryimage","url":"https:\/\/radiocityvalencia.es\/wp-content\/uploads\/2023\/02\/MINIATURA_FLAMENCO.webp","contentUrl":"https:\/\/radiocityvalencia.es\/wp-content\/uploads\/2023\/02\/MINIATURA_FLAMENCO.webp","width":398,"height":528},{"@type":"BreadcrumbList","@id":"https:\/\/radiocityvalencia.es\/en\/eventos\/noche-de-flamenco-show-17-10-2023\/#breadcrumb","itemListElement":[{"@type":"ListItem","position":1,"name":"Portada","item":"https:\/\/radiocityvalencia.es\/en\/home\/"},{"@type":"ListItem","position":2,"name":"Eventos","item":"https:\/\/radiocityvalencia.es\/en\/eventos\/"},{"@type":"ListItem","position":3,"name":"Noche de Flamenco Show 17\/10\/2023"}]},{"@type":"WebSite","@id":"https:\/\/radiocityvalencia.es\/en\/#website","url":"https:\/\/radiocityvalencia.es\/en\/","name":"Radio City Valencia","description":"The Place to Be","publisher":{"@id":"https:\/\/radiocityvalencia.es\/en\/#organization"},"potentialAction":[{"@type":"SearchAction","target":{"@type":"EntryPoint","urlTemplate":"https:\/\/radiocityvalencia.es\/en\/?s={search_term_string}"},"query-input":{"@type":"PropertyValueSpecification","valueRequired":true,"valueName":"search_term_string"}}],"inLanguage":"en-US"},{"@type":"Organization","@id":"https:\/\/radiocityvalencia.es\/en\/#organization","name":"Radio City Valencia","url":"https:\/\/radiocityvalencia.es\/en\/","logo":{"@type":"ImageObject","inLanguage":"en-US","@id":"https:\/\/radiocityvalencia.es\/en\/#\/schema\/logo\/image\/","url":"https:\/\/radiocityvalencia.es\/wp-content\/uploads\/2023\/02\/LOGO_RADIO_WHT.png","contentUrl":"https:\/\/radiocityvalencia.es\/wp-content\/uploads\/2023\/02\/LOGO_RADIO_WHT.png","width":398,"height":57,"caption":"Radio City Valencia"},"image":{"@id":"https:\/\/radiocityvalencia.es\/en\/#\/schema\/logo\/image\/"},"sameAs":["https:\/\/www.facebook.com\/radiocityvlc"]}]}</script>
<!-- / Yoast SEO plugin. -->

El flamenco siempre ha tenido un espacio propio en la sala, siendo el martes el día que se ofrece un espectáculo de calidad desde hace casi 25 años de forma ininterrumpida. Hemos conseguido que vengan viajeros de cualquier lugar del mundo a nuestro local y las valoraciones en redes sociales certifican el grado elevadísimo de satisfacción en los clientes internacionales.
