{"id":3332,"date":"2023-09-15T10:05:40","date_gmt":"2023-09-15T10:05:40","guid":{"rendered":"https:\/\/radiocityvalencia.es\/?post_type=eventos&#038;p=3332"},"modified":"2023-10-16T12:57:50","modified_gmt":"2023-10-16T12:57:50","slug":"extasis-esquina-finlandia","status":"publish","type":"eventos","link":"https:\/\/radiocityvalencia.es\/en\/eventos\/extasis-esquina-finlandia\/","title":{"rendered":"\u00c9xtasis + Esquina Finlandia"},"author":3,"featured_media":3327,"parent":0,"template":"","meta":[],"class_list":{"0":"post-3332","1":"eventos","2":"type-eventos","3":"status-publish","4":"has-post-thumbnail","6":"estilo-indie","7":"estilo-pop","8":"estilo-rock"},"acf":[],"yoast_head":"<!-- This site is optimized with the Yoast SEO plugin v27.3 - https:\/\/yoast.com\/product\/yoast-seo-wordpress\/ -->\n<title>\u00c9xtasis + Esquina Finlandia - Radiocity<\/title>\n<meta name=\"description\" content=\"En Radio City Valencia nos encantan los buenos combos, las uniones temporales y los encuentros espont\u00e1neos... siguiendo esta premisa nuestro pr\u00f3ximo concierto de &#039;Directos Radio City&#039; es la combinaci\u00f3n perfecta de Rock, Pop e Indie. Una combinaci\u00f3n mediterr\u00e1nea de dos bandas j\u00f3venes que est\u00e1n dando mucho que hablar: \u00c9xtasis desde Barcelona y los locales Esquina Finlandia.\" \/>\n<meta name=\"robots\" content=\"index, follow, max-snippet:-1, max-image-preview:large, max-video-preview:-1\" \/>\n<link rel=\"canonical\" href=\"https:\/\/radiocityvalencia.es\/en\/eventos\/extasis-esquina-finlandia\/\" \/>\n<meta property=\"og:locale\" content=\"en_US\" \/>\n<meta property=\"og:type\" content=\"article\" \/>\n<meta property=\"og:title\" content=\"\u00c9xtasis + Esquina Finlandia - Radiocity\" \/>\n<meta property=\"og:description\" content=\"En Radio City Valencia nos encantan los buenos combos, las uniones temporales y los encuentros espont\u00e1neos... siguiendo esta premisa nuestro pr\u00f3ximo concierto de &#039;Directos Radio City&#039; es la combinaci\u00f3n perfecta de Rock, Pop e Indie. Una combinaci\u00f3n mediterr\u00e1nea de dos bandas j\u00f3venes que est\u00e1n dando mucho que hablar: \u00c9xtasis desde Barcelona y los locales Esquina Finlandia.\" \/>\n<meta property=\"og:url\" content=\"https:\/\/radiocityvalencia.es\/en\/eventos\/extasis-esquina-finlandia\/\" \/>\n<meta property=\"og:site_name\" content=\"Radiocity\" \/>\n<meta property=\"article:publisher\" content=\"https:\/\/www.facebook.com\/radiocityvlc\" \/>\n<meta property=\"article:modified_time\" content=\"2023-10-16T12:57:50+00:00\" \/>\n<meta property=\"og:image\" content=\"https:\/\/radiocityvalencia.es\/wp-content\/uploads\/2023\/09\/cartel-extasis-y-esquina-finlandia-cabecera-cartel.webp\" \/>\n\t<meta property=\"og:image:width\" content=\"1920\" \/>\n\t<meta property=\"og:image:height\" content=\"1730\" \/>\n\t<meta property=\"og:image:type\" content=\"image\/webp\" \/>\n<meta name=\"twitter:card\" content=\"summary_large_image\" \/>\n<script type=\"application\/ld+json\" class=\"yoast-schema-graph\">{\"@context\":\"https:\\\/\\\/schema.org\",\"@graph\":[{\"@type\":\"WebPage\",\"@id\":\"https:\\\/\\\/radiocityvalencia.es\\\/en\\\/eventos\\\/extasis-esquina-finlandia\\\/\",\"url\":\"https:\\\/\\\/radiocityvalencia.es\\\/en\\\/eventos\\\/extasis-esquina-finlandia\\\/\",\"name\":\"\u00c9xtasis + Esquina Finlandia - Radiocity\",\"isPartOf\":{\"@id\":\"https:\\\/\\\/radiocityvalencia.es\\\/en\\\/#website\"},\"primaryImageOfPage\":{\"@id\":\"https:\\\/\\\/radiocityvalencia.es\\\/en\\\/eventos\\\/extasis-esquina-finlandia\\\/#primaryimage\"},\"image\":{\"@id\":\"https:\\\/\\\/radiocityvalencia.es\\\/en\\\/eventos\\\/extasis-esquina-finlandia\\\/#primaryimage\"},\"thumbnailUrl\":\"https:\\\/\\\/radiocityvalencia.es\\\/wp-content\\\/uploads\\\/2023\\\/09\\\/miniatura-cartel-extasis-y-esquina-finlandia.webp\",\"datePublished\":\"2023-09-15T10:05:40+00:00\",\"dateModified\":\"2023-10-16T12:57:50+00:00\",\"description\":\"En Radio City Valencia nos encantan los buenos combos, las uniones temporales y los encuentros espont\u00e1neos... siguiendo esta premisa nuestro pr\u00f3ximo concierto de 'Directos Radio City' es la combinaci\u00f3n perfecta de Rock, Pop e Indie. Una combinaci\u00f3n mediterr\u00e1nea de dos bandas j\u00f3venes que est\u00e1n dando mucho que hablar: \u00c9xtasis desde Barcelona y los locales Esquina Finlandia.\",\"breadcrumb\":{\"@id\":\"https:\\\/\\\/radiocityvalencia.es\\\/en\\\/eventos\\\/extasis-esquina-finlandia\\\/#breadcrumb\"},\"inLanguage\":\"en-US\",\"potentialAction\":[{\"@type\":\"ReadAction\",\"target\":[\"https:\\\/\\\/radiocityvalencia.es\\\/en\\\/eventos\\\/extasis-esquina-finlandia\\\/\"]}]},{\"@type\":\"ImageObject\",\"inLanguage\":\"en-US\",\"@id\":\"https:\\\/\\\/radiocityvalencia.es\\\/en\\\/eventos\\\/extasis-esquina-finlandia\\\/#primaryimage\",\"url\":\"https:\\\/\\\/radiocityvalencia.es\\\/wp-content\\\/uploads\\\/2023\\\/09\\\/miniatura-cartel-extasis-y-esquina-finlandia.webp\",\"contentUrl\":\"https:\\\/\\\/radiocityvalencia.es\\\/wp-content\\\/uploads\\\/2023\\\/09\\\/miniatura-cartel-extasis-y-esquina-finlandia.webp\",\"width\":398,\"height\":528},{\"@type\":\"BreadcrumbList\",\"@id\":\"https:\\\/\\\/radiocityvalencia.es\\\/en\\\/eventos\\\/extasis-esquina-finlandia\\\/#breadcrumb\",\"itemListElement\":[{\"@type\":\"ListItem\",\"position\":1,\"name\":\"Portada\",\"item\":\"https:\\\/\\\/radiocityvalencia.es\\\/en\\\/home\\\/\"},{\"@type\":\"ListItem\",\"position\":2,\"name\":\"Eventos\",\"item\":\"https:\\\/\\\/radiocityvalencia.es\\\/en\\\/eventos\\\/\"},{\"@type\":\"ListItem\",\"position\":3,\"name\":\"\u00c9xtasis + Esquina Finlandia\"}]},{\"@type\":\"WebSite\",\"@id\":\"https:\\\/\\\/radiocityvalencia.es\\\/en\\\/#website\",\"url\":\"https:\\\/\\\/radiocityvalencia.es\\\/en\\\/\",\"name\":\"Radio City Valencia\",\"description\":\"The Place to Be\",\"publisher\":{\"@id\":\"https:\\\/\\\/radiocityvalencia.es\\\/en\\\/#organization\"},\"potentialAction\":[{\"@type\":\"SearchAction\",\"target\":{\"@type\":\"EntryPoint\",\"urlTemplate\":\"https:\\\/\\\/radiocityvalencia.es\\\/en\\\/?s={search_term_string}\"},\"query-input\":{\"@type\":\"PropertyValueSpecification\",\"valueRequired\":true,\"valueName\":\"search_term_string\"}}],\"inLanguage\":\"en-US\"},{\"@type\":\"Organization\",\"@id\":\"https:\\\/\\\/radiocityvalencia.es\\\/en\\\/#organization\",\"name\":\"Radio City Valencia\",\"url\":\"https:\\\/\\\/radiocityvalencia.es\\\/en\\\/\",\"logo\":{\"@type\":\"ImageObject\",\"inLanguage\":\"en-US\",\"@id\":\"https:\\\/\\\/radiocityvalencia.es\\\/en\\\/#\\\/schema\\\/logo\\\/image\\\/\",\"url\":\"https:\\\/\\\/radiocityvalencia.es\\\/wp-content\\\/uploads\\\/2023\\\/02\\\/LOGO_RADIO_WHT.png\",\"contentUrl\":\"https:\\\/\\\/radiocityvalencia.es\\\/wp-content\\\/uploads\\\/2023\\\/02\\\/LOGO_RADIO_WHT.png\",\"width\":398,\"height\":57,\"caption\":\"Radio City Valencia\"},\"image\":{\"@id\":\"https:\\\/\\\/radiocityvalencia.es\\\/en\\\/#\\\/schema\\\/logo\\\/image\\\/\"},\"sameAs\":[\"https:\\\/\\\/www.facebook.com\\\/radiocityvlc\"]}]}<\/script>\n<!-- \/ Yoast SEO plugin. -->","yoast_head_json":{"title":"\u00c9xtasis + Esquina Finlandia - Radiocity","description":"En Radio City Valencia nos encantan los buenos combos, las uniones temporales y los encuentros espont\u00e1neos... siguiendo esta premisa nuestro pr\u00f3ximo concierto de 'Directos Radio City' es la combinaci\u00f3n perfecta de Rock, Pop e Indie. Una combinaci\u00f3n mediterr\u00e1nea de dos bandas j\u00f3venes que est\u00e1n dando mucho que hablar: \u00c9xtasis desde Barcelona y los locales Esquina Finlandia.","robots":{"index":"index","follow":"follow","max-snippet":"max-snippet:-1","max-image-preview":"max-image-preview:large","max-video-preview":"max-video-preview:-1"},"canonical":"https:\/\/radiocityvalencia.es\/en\/eventos\/extasis-esquina-finlandia\/","og_locale":"en_US","og_type":"article","og_title":"\u00c9xtasis + Esquina Finlandia - Radiocity","og_description":"En Radio City Valencia nos encantan los buenos combos, las uniones temporales y los encuentros espont\u00e1neos... siguiendo esta premisa nuestro pr\u00f3ximo concierto de 'Directos Radio City' es la combinaci\u00f3n perfecta de Rock, Pop e Indie. Una combinaci\u00f3n mediterr\u00e1nea de dos bandas j\u00f3venes que est\u00e1n dando mucho que hablar: \u00c9xtasis desde Barcelona y los locales Esquina Finlandia.","og_url":"https:\/\/radiocityvalencia.es\/en\/eventos\/extasis-esquina-finlandia\/","og_site_name":"Radiocity","article_publisher":"https:\/\/www.facebook.com\/radiocityvlc","article_modified_time":"2023-10-16T12:57:50+00:00","og_image":[{"width":1920,"height":1730,"url":"https:\/\/radiocityvalencia.es\/wp-content\/uploads\/2023\/09\/cartel-extasis-y-esquina-finlandia-cabecera-cartel.webp","type":"image\/webp"}],"twitter_card":"summary_large_image","schema":{"@context":"https:\/\/schema.org","@graph":[{"@type":"WebPage","@id":"https:\/\/radiocityvalencia.es\/en\/eventos\/extasis-esquina-finlandia\/","url":"https:\/\/radiocityvalencia.es\/en\/eventos\/extasis-esquina-finlandia\/","name":"\u00c9xtasis + Esquina Finlandia - Radiocity","isPartOf":{"@id":"https:\/\/radiocityvalencia.es\/en\/#website"},"primaryImageOfPage":{"@id":"https:\/\/radiocityvalencia.es\/en\/eventos\/extasis-esquina-finlandia\/#primaryimage"},"image":{"@id":"https:\/\/radiocityvalencia.es\/en\/eventos\/extasis-esquina-finlandia\/#primaryimage"},"thumbnailUrl":"https:\/\/radiocityvalencia.es\/wp-content\/uploads\/2023\/09\/miniatura-cartel-extasis-y-esquina-finlandia.webp","datePublished":"2023-09-15T10:05:40+00:00","dateModified":"2023-10-16T12:57:50+00:00","description":"En Radio City Valencia nos encantan los buenos combos, las uniones temporales y los encuentros espont\u00e1neos... siguiendo esta premisa nuestro pr\u00f3ximo concierto de 'Directos Radio City' es la combinaci\u00f3n perfecta de Rock, Pop e Indie. Una combinaci\u00f3n mediterr\u00e1nea de dos bandas j\u00f3venes que est\u00e1n dando mucho que hablar: \u00c9xtasis desde Barcelona y los locales Esquina Finlandia.","breadcrumb":{"@id":"https:\/\/radiocityvalencia.es\/en\/eventos\/extasis-esquina-finlandia\/#breadcrumb"},"inLanguage":"en-US","potentialAction":[{"@type":"ReadAction","target":["https:\/\/radiocityvalencia.es\/en\/eventos\/extasis-esquina-finlandia\/"]}]},{"@type":"ImageObject","inLanguage":"en-US","@id":"https:\/\/radiocityvalencia.es\/en\/eventos\/extasis-esquina-finlandia\/#primaryimage","url":"https:\/\/radiocityvalencia.es\/wp-content\/uploads\/2023\/09\/miniatura-cartel-extasis-y-esquina-finlandia.webp","contentUrl":"https:\/\/radiocityvalencia.es\/wp-content\/uploads\/2023\/09\/miniatura-cartel-extasis-y-esquina-finlandia.webp","width":398,"height":528},{"@type":"BreadcrumbList","@id":"https:\/\/radiocityvalencia.es\/en\/eventos\/extasis-esquina-finlandia\/#breadcrumb","itemListElement":[{"@type":"ListItem","position":1,"name":"Portada","item":"https:\/\/radiocityvalencia.es\/en\/home\/"},{"@type":"ListItem","position":2,"name":"Eventos","item":"https:\/\/radiocityvalencia.es\/en\/eventos\/"},{"@type":"ListItem","position":3,"name":"\u00c9xtasis + Esquina Finlandia"}]},{"@type":"WebSite","@id":"https:\/\/radiocityvalencia.es\/en\/#website","url":"https:\/\/radiocityvalencia.es\/en\/","name":"Radio City Valencia","description":"The Place to Be","publisher":{"@id":"https:\/\/radiocityvalencia.es\/en\/#organization"},"potentialAction":[{"@type":"SearchAction","target":{"@type":"EntryPoint","urlTemplate":"https:\/\/radiocityvalencia.es\/en\/?s={search_term_string}"},"query-input":{"@type":"PropertyValueSpecification","valueRequired":true,"valueName":"search_term_string"}}],"inLanguage":"en-US"},{"@type":"Organization","@id":"https:\/\/radiocityvalencia.es\/en\/#organization","name":"Radio City Valencia","url":"https:\/\/radiocityvalencia.es\/en\/","logo":{"@type":"ImageObject","inLanguage":"en-US","@id":"https:\/\/radiocityvalencia.es\/en\/#\/schema\/logo\/image\/","url":"https:\/\/radiocityvalencia.es\/wp-content\/uploads\/2023\/02\/LOGO_RADIO_WHT.png","contentUrl":"https:\/\/radiocityvalencia.es\/wp-content\/uploads\/2023\/02\/LOGO_RADIO_WHT.png","width":398,"height":57,"caption":"Radio City Valencia"},"image":{"@id":"https:\/\/radiocityvalencia.es\/en\/#\/schema\/logo\/image\/"},"sameAs":["https:\/\/www.facebook.com\/radiocityvlc"]}]}},"_links":{"self":[{"href":"https:\/\/radiocityvalencia.es\/en\/wp-json\/wp\/v2\/eventos\/3332","targetHints":{"allow":["GET"]}}],"collection":[{"href":"https:\/\/radiocityvalencia.es\/en\/wp-json\/wp\/v2\/eventos"}],"about":[{"href":"https:\/\/radiocityvalencia.es\/en\/wp-json\/wp\/v2\/types\/eventos"}],"author":[{"embeddable":true,"href":"https:\/\/radiocityvalencia.es\/en\/wp-json\/wp\/v2\/users\/3"}],"version-history":[{"count":8,"href":"https:\/\/radiocityvalencia.es\/en\/wp-json\/wp\/v2\/eventos\/3332\/revisions"}],"predecessor-version":[{"id":3792,"href":"https:\/\/radiocityvalencia.es\/en\/wp-json\/wp\/v2\/eventos\/3332\/revisions\/3792"}],"wp:featuredmedia":[{"embeddable":true,"href":"https:\/\/radiocityvalencia.es\/en\/wp-json\/wp\/v2\/media\/3327"}],"wp:attachment":[{"href":"https:\/\/radiocityvalencia.es\/en\/wp-json\/wp\/v2\/media?parent=3332"}],"curies":[{"name":"wp","href":"https:\/\/api.w.org\/{rel}","templated":true}]}}

Éxtasis + Esquina Finlandia

<!-- This site is optimized with the Yoast SEO plugin v27.3 - https://yoast.com/product/yoast-seo-wordpress/ -->
<title>Éxtasis + Esquina Finlandia - Radiocity</title>
<meta name="description" content="En Radio City Valencia nos encantan los buenos combos, las uniones temporales y los encuentros espontáneos... siguiendo esta premisa nuestro próximo concierto de &#039;Directos Radio City&#039; es la combinación perfecta de Rock, Pop e Indie. Una combinación mediterránea de dos bandas jóvenes que están dando mucho que hablar: Éxtasis desde Barcelona y los locales Esquina Finlandia." />
<meta name="robots" content="index, follow, max-snippet:-1, max-image-preview:large, max-video-preview:-1" />
<link rel="canonical" href="https://radiocityvalencia.es/en/eventos/extasis-esquina-finlandia/" />
<meta property="og:locale" content="en_US" />
<meta property="og:type" content="article" />
<meta property="og:title" content="Éxtasis + Esquina Finlandia - Radiocity" />
<meta property="og:description" content="En Radio City Valencia nos encantan los buenos combos, las uniones temporales y los encuentros espontáneos... siguiendo esta premisa nuestro próximo concierto de &#039;Directos Radio City&#039; es la combinación perfecta de Rock, Pop e Indie. Una combinación mediterránea de dos bandas jóvenes que están dando mucho que hablar: Éxtasis desde Barcelona y los locales Esquina Finlandia." />
<meta property="og:url" content="https://radiocityvalencia.es/en/eventos/extasis-esquina-finlandia/" />
<meta property="og:site_name" content="Radiocity" />
<meta property="article:publisher" content="https://www.facebook.com/radiocityvlc" />
<meta property="article:modified_time" content="2023-10-16T12:57:50+00:00" />
<meta property="og:image" content="https://radiocityvalencia.es/wp-content/uploads/2023/09/cartel-extasis-y-esquina-finlandia-cabecera-cartel.webp" />
	<meta property="og:image:width" content="1920" />
	<meta property="og:image:height" content="1730" />
	<meta property="og:image:type" content="image/webp" />
<meta name="twitter:card" content="summary_large_image" />
<script type="application/ld+json" class="yoast-schema-graph">{"@context":"https:\/\/schema.org","@graph":[{"@type":"WebPage","@id":"https:\/\/radiocityvalencia.es\/en\/eventos\/extasis-esquina-finlandia\/","url":"https:\/\/radiocityvalencia.es\/en\/eventos\/extasis-esquina-finlandia\/","name":"Éxtasis + Esquina Finlandia - Radiocity","isPartOf":{"@id":"https:\/\/radiocityvalencia.es\/en\/#website"},"primaryImageOfPage":{"@id":"https:\/\/radiocityvalencia.es\/en\/eventos\/extasis-esquina-finlandia\/#primaryimage"},"image":{"@id":"https:\/\/radiocityvalencia.es\/en\/eventos\/extasis-esquina-finlandia\/#primaryimage"},"thumbnailUrl":"https:\/\/radiocityvalencia.es\/wp-content\/uploads\/2023\/09\/miniatura-cartel-extasis-y-esquina-finlandia.webp","datePublished":"2023-09-15T10:05:40+00:00","dateModified":"2023-10-16T12:57:50+00:00","description":"En Radio City Valencia nos encantan los buenos combos, las uniones temporales y los encuentros espontáneos... siguiendo esta premisa nuestro próximo concierto de 'Directos Radio City' es la combinación perfecta de Rock, Pop e Indie. Una combinación mediterránea de dos bandas jóvenes que están dando mucho que hablar: Éxtasis desde Barcelona y los locales Esquina Finlandia.","breadcrumb":{"@id":"https:\/\/radiocityvalencia.es\/en\/eventos\/extasis-esquina-finlandia\/#breadcrumb"},"inLanguage":"en-US","potentialAction":[{"@type":"ReadAction","target":["https:\/\/radiocityvalencia.es\/en\/eventos\/extasis-esquina-finlandia\/"]}]},{"@type":"ImageObject","inLanguage":"en-US","@id":"https:\/\/radiocityvalencia.es\/en\/eventos\/extasis-esquina-finlandia\/#primaryimage","url":"https:\/\/radiocityvalencia.es\/wp-content\/uploads\/2023\/09\/miniatura-cartel-extasis-y-esquina-finlandia.webp","contentUrl":"https:\/\/radiocityvalencia.es\/wp-content\/uploads\/2023\/09\/miniatura-cartel-extasis-y-esquina-finlandia.webp","width":398,"height":528},{"@type":"BreadcrumbList","@id":"https:\/\/radiocityvalencia.es\/en\/eventos\/extasis-esquina-finlandia\/#breadcrumb","itemListElement":[{"@type":"ListItem","position":1,"name":"Portada","item":"https:\/\/radiocityvalencia.es\/en\/home\/"},{"@type":"ListItem","position":2,"name":"Eventos","item":"https:\/\/radiocityvalencia.es\/en\/eventos\/"},{"@type":"ListItem","position":3,"name":"Éxtasis + Esquina Finlandia"}]},{"@type":"WebSite","@id":"https:\/\/radiocityvalencia.es\/en\/#website","url":"https:\/\/radiocityvalencia.es\/en\/","name":"Radio City Valencia","description":"The Place to Be","publisher":{"@id":"https:\/\/radiocityvalencia.es\/en\/#organization"},"potentialAction":[{"@type":"SearchAction","target":{"@type":"EntryPoint","urlTemplate":"https:\/\/radiocityvalencia.es\/en\/?s={search_term_string}"},"query-input":{"@type":"PropertyValueSpecification","valueRequired":true,"valueName":"search_term_string"}}],"inLanguage":"en-US"},{"@type":"Organization","@id":"https:\/\/radiocityvalencia.es\/en\/#organization","name":"Radio City Valencia","url":"https:\/\/radiocityvalencia.es\/en\/","logo":{"@type":"ImageObject","inLanguage":"en-US","@id":"https:\/\/radiocityvalencia.es\/en\/#\/schema\/logo\/image\/","url":"https:\/\/radiocityvalencia.es\/wp-content\/uploads\/2023\/02\/LOGO_RADIO_WHT.png","contentUrl":"https:\/\/radiocityvalencia.es\/wp-content\/uploads\/2023\/02\/LOGO_RADIO_WHT.png","width":398,"height":57,"caption":"Radio City Valencia"},"image":{"@id":"https:\/\/radiocityvalencia.es\/en\/#\/schema\/logo\/image\/"},"sameAs":["https:\/\/www.facebook.com\/radiocityvlc"]}]}</script>
<!-- / Yoast SEO plugin. -->

Éxtasis + Esquina Finlandia - Radiocity

En Radio City Valencia nos encantan los buenos combos, las uniones temporales y los encuentros espontáneos... siguiendo esta premisa nuestro próximo concierto de 'Directos Radio City' es la combinación perfecta de Rock, Pop e Indie. Una combinación mediterránea de dos bandas jóvenes que están dando mucho que hablar: Éxtasis desde Barcelona y los locales Esquina Finlandia.
