{"id":13962,"date":"2026-03-17T11:53:06","date_gmt":"2026-03-17T11:53:06","guid":{"rendered":"https:\/\/radiocityvalencia.es\/?post_type=eventos&#038;p=13962"},"modified":"2026-04-21T14:25:47","modified_gmt":"2026-04-21T14:25:47","slug":"louie-fontaine","status":"publish","type":"eventos","link":"https:\/\/radiocityvalencia.es\/en\/eventos\/louie-fontaine\/","title":{"rendered":"Louie Fontaine 23\/04\/2026"},"author":5,"featured_media":13966,"parent":0,"template":"","meta":[],"class_list":{"0":"post-13962","1":"eventos","2":"type-eventos","3":"status-publish","4":"has-post-thumbnail","6":"estilo-rock-roll"},"acf":[],"yoast_head":"<!-- This site is optimized with the Yoast SEO plugin v27.5 - https:\/\/yoast.com\/product\/yoast-seo-wordpress\/ -->\n<title>Louie Fontaine 23\/04\/2026 - Radiocity<\/title>\n<meta name=\"description\" content=\"Lucas Colman vuelve a la carretera con &quot;Disco 3&quot; su nuevo \u00e1lbum. Canciones el\u00e9ctricas y una banda que lo deja todo en el escenario. Tambi\u00e9n sonar\u00e1n en esta gira las mejores canciones de sus dos anteriores discos.\" \/>\n<meta name=\"robots\" content=\"index, follow, max-snippet:-1, max-image-preview:large, max-video-preview:-1\" \/>\n<link rel=\"canonical\" href=\"https:\/\/radiocityvalencia.es\/en\/eventos\/louie-fontaine\/\" \/>\n<meta property=\"og:locale\" content=\"en_US\" \/>\n<meta property=\"og:type\" content=\"article\" \/>\n<meta property=\"og:title\" content=\"Louie Fontaine 23\/04\/2026 - Radiocity\" \/>\n<meta property=\"og:description\" content=\"Lucas Colman vuelve a la carretera con &quot;Disco 3&quot; su nuevo \u00e1lbum. Canciones el\u00e9ctricas y una banda que lo deja todo en el escenario. Tambi\u00e9n sonar\u00e1n en esta gira las mejores canciones de sus dos anteriores discos.\" \/>\n<meta property=\"og:url\" content=\"https:\/\/radiocityvalencia.es\/en\/eventos\/louie-fontaine\/\" \/>\n<meta property=\"og:site_name\" content=\"Radiocity\" \/>\n<meta property=\"article:publisher\" content=\"https:\/\/www.facebook.com\/radiocityvlc\" \/>\n<meta property=\"article:modified_time\" content=\"2026-04-21T14:25:47+00:00\" \/>\n<meta property=\"og:image\" content=\"https:\/\/radiocityvalencia.es\/wp-content\/uploads\/2023\/10\/lucas-colman-miniatura-clean.webp\" \/>\n\t<meta property=\"og:image:width\" content=\"398\" \/>\n\t<meta property=\"og:image:height\" content=\"528\" \/>\n\t<meta property=\"og:image:type\" content=\"image\/webp\" \/>\n<meta name=\"twitter:card\" content=\"summary_large_image\" \/>\n<meta name=\"twitter:label1\" content=\"Est. reading time\" \/>\n\t<meta name=\"twitter:data1\" content=\"1 minute\" \/>\n<script type=\"application\/ld+json\" class=\"yoast-schema-graph\">{\"@context\":\"https:\\\/\\\/schema.org\",\"@graph\":[{\"@type\":\"WebPage\",\"@id\":\"https:\\\/\\\/radiocityvalencia.es\\\/en\\\/eventos\\\/louie-fontaine\\\/\",\"url\":\"https:\\\/\\\/radiocityvalencia.es\\\/en\\\/eventos\\\/louie-fontaine\\\/\",\"name\":\"Louie Fontaine 23\\\/04\\\/2026 - Radiocity\",\"isPartOf\":{\"@id\":\"https:\\\/\\\/radiocityvalencia.es\\\/en\\\/#website\"},\"primaryImageOfPage\":{\"@id\":\"https:\\\/\\\/radiocityvalencia.es\\\/en\\\/eventos\\\/louie-fontaine\\\/#primaryimage\"},\"image\":{\"@id\":\"https:\\\/\\\/radiocityvalencia.es\\\/en\\\/eventos\\\/louie-fontaine\\\/#primaryimage\"},\"thumbnailUrl\":\"https:\\\/\\\/radiocityvalencia.es\\\/wp-content\\\/uploads\\\/2026\\\/03\\\/SaveClip.App_645821172_18005152301891394_8309191879591475506_n.webp\",\"datePublished\":\"2026-03-17T11:53:06+00:00\",\"dateModified\":\"2026-04-21T14:25:47+00:00\",\"description\":\"Lucas Colman vuelve a la carretera con \\\"Disco 3\\\" su nuevo \u00e1lbum. Canciones el\u00e9ctricas y una banda que lo deja todo en el escenario. Tambi\u00e9n sonar\u00e1n en esta gira las mejores canciones de sus dos anteriores discos.\",\"breadcrumb\":{\"@id\":\"https:\\\/\\\/radiocityvalencia.es\\\/en\\\/eventos\\\/louie-fontaine\\\/#breadcrumb\"},\"inLanguage\":\"en-US\",\"potentialAction\":[{\"@type\":\"ReadAction\",\"target\":[\"https:\\\/\\\/radiocityvalencia.es\\\/en\\\/eventos\\\/louie-fontaine\\\/\"]}]},{\"@type\":\"ImageObject\",\"inLanguage\":\"en-US\",\"@id\":\"https:\\\/\\\/radiocityvalencia.es\\\/en\\\/eventos\\\/louie-fontaine\\\/#primaryimage\",\"url\":\"https:\\\/\\\/radiocityvalencia.es\\\/wp-content\\\/uploads\\\/2026\\\/03\\\/SaveClip.App_645821172_18005152301891394_8309191879591475506_n.webp\",\"contentUrl\":\"https:\\\/\\\/radiocityvalencia.es\\\/wp-content\\\/uploads\\\/2026\\\/03\\\/SaveClip.App_645821172_18005152301891394_8309191879591475506_n.webp\",\"width\":468,\"height\":468},{\"@type\":\"BreadcrumbList\",\"@id\":\"https:\\\/\\\/radiocityvalencia.es\\\/en\\\/eventos\\\/louie-fontaine\\\/#breadcrumb\",\"itemListElement\":[{\"@type\":\"ListItem\",\"position\":1,\"name\":\"Portada\",\"item\":\"https:\\\/\\\/radiocityvalencia.es\\\/en\\\/home\\\/\"},{\"@type\":\"ListItem\",\"position\":2,\"name\":\"Eventos\",\"item\":\"https:\\\/\\\/radiocityvalencia.es\\\/en\\\/eventos\\\/\"},{\"@type\":\"ListItem\",\"position\":3,\"name\":\"Louie Fontaine 23\\\/04\\\/2026\"}]},{\"@type\":\"WebSite\",\"@id\":\"https:\\\/\\\/radiocityvalencia.es\\\/en\\\/#website\",\"url\":\"https:\\\/\\\/radiocityvalencia.es\\\/en\\\/\",\"name\":\"Radio City Valencia\",\"description\":\"The Place to Be\",\"publisher\":{\"@id\":\"https:\\\/\\\/radiocityvalencia.es\\\/en\\\/#organization\"},\"potentialAction\":[{\"@type\":\"SearchAction\",\"target\":{\"@type\":\"EntryPoint\",\"urlTemplate\":\"https:\\\/\\\/radiocityvalencia.es\\\/en\\\/?s={search_term_string}\"},\"query-input\":{\"@type\":\"PropertyValueSpecification\",\"valueRequired\":true,\"valueName\":\"search_term_string\"}}],\"inLanguage\":\"en-US\"},{\"@type\":\"Organization\",\"@id\":\"https:\\\/\\\/radiocityvalencia.es\\\/en\\\/#organization\",\"name\":\"Radio City Valencia\",\"url\":\"https:\\\/\\\/radiocityvalencia.es\\\/en\\\/\",\"logo\":{\"@type\":\"ImageObject\",\"inLanguage\":\"en-US\",\"@id\":\"https:\\\/\\\/radiocityvalencia.es\\\/en\\\/#\\\/schema\\\/logo\\\/image\\\/\",\"url\":\"https:\\\/\\\/radiocityvalencia.es\\\/wp-content\\\/uploads\\\/2023\\\/02\\\/LOGO_RADIO_WHT.png\",\"contentUrl\":\"https:\\\/\\\/radiocityvalencia.es\\\/wp-content\\\/uploads\\\/2023\\\/02\\\/LOGO_RADIO_WHT.png\",\"width\":398,\"height\":57,\"caption\":\"Radio City Valencia\"},\"image\":{\"@id\":\"https:\\\/\\\/radiocityvalencia.es\\\/en\\\/#\\\/schema\\\/logo\\\/image\\\/\"},\"sameAs\":[\"https:\\\/\\\/www.facebook.com\\\/radiocityvlc\"]}]}<\/script>\n<!-- \/ Yoast SEO plugin. -->","yoast_head_json":{"title":"Louie Fontaine 23\/04\/2026 - Radiocity","description":"Lucas Colman vuelve a la carretera con \"Disco 3\" su nuevo \u00e1lbum. Canciones el\u00e9ctricas y una banda que lo deja todo en el escenario. Tambi\u00e9n sonar\u00e1n en esta gira las mejores canciones de sus dos anteriores discos.","robots":{"index":"index","follow":"follow","max-snippet":"max-snippet:-1","max-image-preview":"max-image-preview:large","max-video-preview":"max-video-preview:-1"},"canonical":"https:\/\/radiocityvalencia.es\/en\/eventos\/louie-fontaine\/","og_locale":"en_US","og_type":"article","og_title":"Louie Fontaine 23\/04\/2026 - Radiocity","og_description":"Lucas Colman vuelve a la carretera con \"Disco 3\" su nuevo \u00e1lbum. Canciones el\u00e9ctricas y una banda que lo deja todo en el escenario. Tambi\u00e9n sonar\u00e1n en esta gira las mejores canciones de sus dos anteriores discos.","og_url":"https:\/\/radiocityvalencia.es\/en\/eventos\/louie-fontaine\/","og_site_name":"Radiocity","article_publisher":"https:\/\/www.facebook.com\/radiocityvlc","article_modified_time":"2026-04-21T14:25:47+00:00","og_image":[{"width":398,"height":528,"url":"https:\/\/radiocityvalencia.es\/wp-content\/uploads\/2023\/10\/lucas-colman-miniatura-clean.webp","type":"image\/webp"}],"twitter_card":"summary_large_image","twitter_misc":{"Est. reading time":"1 minute"},"schema":{"@context":"https:\/\/schema.org","@graph":[{"@type":"WebPage","@id":"https:\/\/radiocityvalencia.es\/en\/eventos\/louie-fontaine\/","url":"https:\/\/radiocityvalencia.es\/en\/eventos\/louie-fontaine\/","name":"Louie Fontaine 23\/04\/2026 - Radiocity","isPartOf":{"@id":"https:\/\/radiocityvalencia.es\/en\/#website"},"primaryImageOfPage":{"@id":"https:\/\/radiocityvalencia.es\/en\/eventos\/louie-fontaine\/#primaryimage"},"image":{"@id":"https:\/\/radiocityvalencia.es\/en\/eventos\/louie-fontaine\/#primaryimage"},"thumbnailUrl":"https:\/\/radiocityvalencia.es\/wp-content\/uploads\/2026\/03\/SaveClip.App_645821172_18005152301891394_8309191879591475506_n.webp","datePublished":"2026-03-17T11:53:06+00:00","dateModified":"2026-04-21T14:25:47+00:00","description":"Lucas Colman vuelve a la carretera con \"Disco 3\" su nuevo \u00e1lbum. Canciones el\u00e9ctricas y una banda que lo deja todo en el escenario. Tambi\u00e9n sonar\u00e1n en esta gira las mejores canciones de sus dos anteriores discos.","breadcrumb":{"@id":"https:\/\/radiocityvalencia.es\/en\/eventos\/louie-fontaine\/#breadcrumb"},"inLanguage":"en-US","potentialAction":[{"@type":"ReadAction","target":["https:\/\/radiocityvalencia.es\/en\/eventos\/louie-fontaine\/"]}]},{"@type":"ImageObject","inLanguage":"en-US","@id":"https:\/\/radiocityvalencia.es\/en\/eventos\/louie-fontaine\/#primaryimage","url":"https:\/\/radiocityvalencia.es\/wp-content\/uploads\/2026\/03\/SaveClip.App_645821172_18005152301891394_8309191879591475506_n.webp","contentUrl":"https:\/\/radiocityvalencia.es\/wp-content\/uploads\/2026\/03\/SaveClip.App_645821172_18005152301891394_8309191879591475506_n.webp","width":468,"height":468},{"@type":"BreadcrumbList","@id":"https:\/\/radiocityvalencia.es\/en\/eventos\/louie-fontaine\/#breadcrumb","itemListElement":[{"@type":"ListItem","position":1,"name":"Portada","item":"https:\/\/radiocityvalencia.es\/en\/home\/"},{"@type":"ListItem","position":2,"name":"Eventos","item":"https:\/\/radiocityvalencia.es\/en\/eventos\/"},{"@type":"ListItem","position":3,"name":"Louie Fontaine 23\/04\/2026"}]},{"@type":"WebSite","@id":"https:\/\/radiocityvalencia.es\/en\/#website","url":"https:\/\/radiocityvalencia.es\/en\/","name":"Radio City Valencia","description":"The Place to Be","publisher":{"@id":"https:\/\/radiocityvalencia.es\/en\/#organization"},"potentialAction":[{"@type":"SearchAction","target":{"@type":"EntryPoint","urlTemplate":"https:\/\/radiocityvalencia.es\/en\/?s={search_term_string}"},"query-input":{"@type":"PropertyValueSpecification","valueRequired":true,"valueName":"search_term_string"}}],"inLanguage":"en-US"},{"@type":"Organization","@id":"https:\/\/radiocityvalencia.es\/en\/#organization","name":"Radio City Valencia","url":"https:\/\/radiocityvalencia.es\/en\/","logo":{"@type":"ImageObject","inLanguage":"en-US","@id":"https:\/\/radiocityvalencia.es\/en\/#\/schema\/logo\/image\/","url":"https:\/\/radiocityvalencia.es\/wp-content\/uploads\/2023\/02\/LOGO_RADIO_WHT.png","contentUrl":"https:\/\/radiocityvalencia.es\/wp-content\/uploads\/2023\/02\/LOGO_RADIO_WHT.png","width":398,"height":57,"caption":"Radio City Valencia"},"image":{"@id":"https:\/\/radiocityvalencia.es\/en\/#\/schema\/logo\/image\/"},"sameAs":["https:\/\/www.facebook.com\/radiocityvlc"]}]}},"_links":{"self":[{"href":"https:\/\/radiocityvalencia.es\/en\/wp-json\/wp\/v2\/eventos\/13962","targetHints":{"allow":["GET"]}}],"collection":[{"href":"https:\/\/radiocityvalencia.es\/en\/wp-json\/wp\/v2\/eventos"}],"about":[{"href":"https:\/\/radiocityvalencia.es\/en\/wp-json\/wp\/v2\/types\/eventos"}],"author":[{"embeddable":true,"href":"https:\/\/radiocityvalencia.es\/en\/wp-json\/wp\/v2\/users\/5"}],"version-history":[{"count":13,"href":"https:\/\/radiocityvalencia.es\/en\/wp-json\/wp\/v2\/eventos\/13962\/revisions"}],"predecessor-version":[{"id":14232,"href":"https:\/\/radiocityvalencia.es\/en\/wp-json\/wp\/v2\/eventos\/13962\/revisions\/14232"}],"wp:featuredmedia":[{"embeddable":true,"href":"https:\/\/radiocityvalencia.es\/en\/wp-json\/wp\/v2\/media\/13966"}],"wp:attachment":[{"href":"https:\/\/radiocityvalencia.es\/en\/wp-json\/wp\/v2\/media?parent=13962"}],"curies":[{"name":"wp","href":"https:\/\/api.w.org\/{rel}","templated":true}]}}

<!-- This site is optimized with the Yoast SEO plugin v27.5 - https://yoast.com/product/yoast-seo-wordpress/ -->
<title>Louie Fontaine 23/04/2026 - Radiocity</title>
<meta name="description" content="Lucas Colman vuelve a la carretera con &quot;Disco 3&quot; su nuevo álbum. Canciones eléctricas y una banda que lo deja todo en el escenario. También sonarán en esta gira las mejores canciones de sus dos anteriores discos." />
<meta name="robots" content="index, follow, max-snippet:-1, max-image-preview:large, max-video-preview:-1" />
<link rel="canonical" href="https://radiocityvalencia.es/en/eventos/louie-fontaine/" />
<meta property="og:locale" content="en_US" />
<meta property="og:type" content="article" />
<meta property="og:title" content="Louie Fontaine 23/04/2026 - Radiocity" />
<meta property="og:description" content="Lucas Colman vuelve a la carretera con &quot;Disco 3&quot; su nuevo álbum. Canciones eléctricas y una banda que lo deja todo en el escenario. También sonarán en esta gira las mejores canciones de sus dos anteriores discos." />
<meta property="og:url" content="https://radiocityvalencia.es/en/eventos/louie-fontaine/" />
<meta property="og:site_name" content="Radiocity" />
<meta property="article:publisher" content="https://www.facebook.com/radiocityvlc" />
<meta property="article:modified_time" content="2026-04-21T14:25:47+00:00" />
<meta property="og:image" content="https://radiocityvalencia.es/wp-content/uploads/2023/10/lucas-colman-miniatura-clean.webp" />
	<meta property="og:image:width" content="398" />
	<meta property="og:image:height" content="528" />
	<meta property="og:image:type" content="image/webp" />
<meta name="twitter:card" content="summary_large_image" />
<meta name="twitter:label1" content="Est. reading time" />
	<meta name="twitter:data1" content="1 minute" />
<script type="application/ld+json" class="yoast-schema-graph">{"@context":"https:\/\/schema.org","@graph":[{"@type":"WebPage","@id":"https:\/\/radiocityvalencia.es\/en\/eventos\/louie-fontaine\/","url":"https:\/\/radiocityvalencia.es\/en\/eventos\/louie-fontaine\/","name":"Louie Fontaine 23\/04\/2026 - Radiocity","isPartOf":{"@id":"https:\/\/radiocityvalencia.es\/en\/#website"},"primaryImageOfPage":{"@id":"https:\/\/radiocityvalencia.es\/en\/eventos\/louie-fontaine\/#primaryimage"},"image":{"@id":"https:\/\/radiocityvalencia.es\/en\/eventos\/louie-fontaine\/#primaryimage"},"thumbnailUrl":"https:\/\/radiocityvalencia.es\/wp-content\/uploads\/2026\/03\/SaveClip.App_645821172_18005152301891394_8309191879591475506_n.webp","datePublished":"2026-03-17T11:53:06+00:00","dateModified":"2026-04-21T14:25:47+00:00","description":"Lucas Colman vuelve a la carretera con \"Disco 3\" su nuevo álbum. Canciones eléctricas y una banda que lo deja todo en el escenario. También sonarán en esta gira las mejores canciones de sus dos anteriores discos.","breadcrumb":{"@id":"https:\/\/radiocityvalencia.es\/en\/eventos\/louie-fontaine\/#breadcrumb"},"inLanguage":"en-US","potentialAction":[{"@type":"ReadAction","target":["https:\/\/radiocityvalencia.es\/en\/eventos\/louie-fontaine\/"]}]},{"@type":"ImageObject","inLanguage":"en-US","@id":"https:\/\/radiocityvalencia.es\/en\/eventos\/louie-fontaine\/#primaryimage","url":"https:\/\/radiocityvalencia.es\/wp-content\/uploads\/2026\/03\/SaveClip.App_645821172_18005152301891394_8309191879591475506_n.webp","contentUrl":"https:\/\/radiocityvalencia.es\/wp-content\/uploads\/2026\/03\/SaveClip.App_645821172_18005152301891394_8309191879591475506_n.webp","width":468,"height":468},{"@type":"BreadcrumbList","@id":"https:\/\/radiocityvalencia.es\/en\/eventos\/louie-fontaine\/#breadcrumb","itemListElement":[{"@type":"ListItem","position":1,"name":"Portada","item":"https:\/\/radiocityvalencia.es\/en\/home\/"},{"@type":"ListItem","position":2,"name":"Eventos","item":"https:\/\/radiocityvalencia.es\/en\/eventos\/"},{"@type":"ListItem","position":3,"name":"Louie Fontaine 23\/04\/2026"}]},{"@type":"WebSite","@id":"https:\/\/radiocityvalencia.es\/en\/#website","url":"https:\/\/radiocityvalencia.es\/en\/","name":"Radio City Valencia","description":"The Place to Be","publisher":{"@id":"https:\/\/radiocityvalencia.es\/en\/#organization"},"potentialAction":[{"@type":"SearchAction","target":{"@type":"EntryPoint","urlTemplate":"https:\/\/radiocityvalencia.es\/en\/?s={search_term_string}"},"query-input":{"@type":"PropertyValueSpecification","valueRequired":true,"valueName":"search_term_string"}}],"inLanguage":"en-US"},{"@type":"Organization","@id":"https:\/\/radiocityvalencia.es\/en\/#organization","name":"Radio City Valencia","url":"https:\/\/radiocityvalencia.es\/en\/","logo":{"@type":"ImageObject","inLanguage":"en-US","@id":"https:\/\/radiocityvalencia.es\/en\/#\/schema\/logo\/image\/","url":"https:\/\/radiocityvalencia.es\/wp-content\/uploads\/2023\/02\/LOGO_RADIO_WHT.png","contentUrl":"https:\/\/radiocityvalencia.es\/wp-content\/uploads\/2023\/02\/LOGO_RADIO_WHT.png","width":398,"height":57,"caption":"Radio City Valencia"},"image":{"@id":"https:\/\/radiocityvalencia.es\/en\/#\/schema\/logo\/image\/"},"sameAs":["https:\/\/www.facebook.com\/radiocityvlc"]}]}</script>
<!-- / Yoast SEO plugin. -->

Lucas Colman vuelve a la carretera con "Disco 3" su nuevo álbum. Canciones eléctricas y una banda que lo deja todo en el escenario. También sonarán en esta gira las mejores canciones de sus dos anteriores discos.
