{"id":535,"date":"2023-02-15T10:01:05","date_gmt":"2023-02-15T10:01:05","guid":{"rendered":"https:\/\/radiocityvalencia.es\/?post_type=artistas&#038;p=535"},"modified":"2023-11-06T12:37:16","modified_gmt":"2023-11-06T12:37:16","slug":"barbara-gramage-2","status":"publish","type":"artistas","link":"https:\/\/radiocityvalencia.es\/en\/artistas\/barbara-gramage-2\/","title":{"rendered":"Joao del Monte"},"author":2,"featured_media":538,"parent":0,"template":"","meta":[],"class_list":{"0":"post-535","1":"artistas","2":"type-artistas","3":"status-publish","4":"has-post-thumbnail","6":"estilo_musical-africa","7":"estilo_musical-cuba","8":"estilo_musical-internacional","9":"estilo_musical-pachanga","10":"estilo_musical-reagge"},"acf":[],"yoast_head":"<!-- This site is optimized with the Yoast SEO plugin v27.5 - https:\/\/yoast.com\/product\/yoast-seo-wordpress\/ -->\n<title>Joao del Monte - Radiocity<\/title>\n<meta name=\"description\" content=\"\u00bfQu\u00e9 pasa si mezclas el sabor de Cuba, la fuerza de \u00c1frica y el fuego de Andaluc\u00eda? Entonces nace Joao del Monte.Se puede definir de muchas maneras pero si quieres entenderlo bien, piensa en la palabra \u00abARTE\u00bb y ya tenemos la respuesta!!Puro funk afro gitano desde el coraz\u00f3n del Monte!!! Joao es un showman cubano radicado en Espa\u00f1a que vali\u00e9ndose de la danza, la actuaci\u00f3n y por supuesto la m\u00fasica crea una suerte de hurac\u00e1n musical que te cala en los huesos haci\u00e9ndote vibrar todo y cuando decimos todo es todo.\" \/>\n<meta name=\"robots\" content=\"index, follow, max-snippet:-1, max-image-preview:large, max-video-preview:-1\" \/>\n<link rel=\"canonical\" href=\"https:\/\/radiocityvalencia.es\/en\/artistas\/barbara-gramage-2\/\" \/>\n<meta property=\"og:locale\" content=\"en_US\" \/>\n<meta property=\"og:type\" content=\"article\" \/>\n<meta property=\"og:title\" content=\"Joao del Monte - Radiocity\" \/>\n<meta property=\"og:description\" content=\"\u00bfQu\u00e9 pasa si mezclas el sabor de Cuba, la fuerza de \u00c1frica y el fuego de Andaluc\u00eda? Entonces nace Joao del Monte.Se puede definir de muchas maneras pero si quieres entenderlo bien, piensa en la palabra \u00abARTE\u00bb y ya tenemos la respuesta!!Puro funk afro gitano desde el coraz\u00f3n del Monte!!! Joao es un showman cubano radicado en Espa\u00f1a que vali\u00e9ndose de la danza, la actuaci\u00f3n y por supuesto la m\u00fasica crea una suerte de hurac\u00e1n musical que te cala en los huesos haci\u00e9ndote vibrar todo y cuando decimos todo es todo.\" \/>\n<meta property=\"og:url\" content=\"https:\/\/radiocityvalencia.es\/en\/artistas\/barbara-gramage-2\/\" \/>\n<meta property=\"og:site_name\" content=\"Radiocity\" \/>\n<meta property=\"article:publisher\" content=\"https:\/\/www.facebook.com\/radiocityvlc\" \/>\n<meta property=\"article:modified_time\" content=\"2023-11-06T12:37:16+00:00\" \/>\n<meta property=\"og:image\" content=\"https:\/\/radiocityvalencia.es\/wp-content\/uploads\/2023\/02\/MINIATURA_ARTISTA_-Joao-del-Monte.webp\" \/>\n\t<meta property=\"og:image:width\" content=\"398\" \/>\n\t<meta property=\"og:image:height\" content=\"528\" \/>\n\t<meta property=\"og:image:type\" content=\"image\/webp\" \/>\n<meta name=\"twitter:card\" content=\"summary_large_image\" \/>\n<script type=\"application\/ld+json\" class=\"yoast-schema-graph\">{\"@context\":\"https:\\\/\\\/schema.org\",\"@graph\":[{\"@type\":\"WebPage\",\"@id\":\"https:\\\/\\\/radiocityvalencia.es\\\/en\\\/artistas\\\/barbara-gramage-2\\\/\",\"url\":\"https:\\\/\\\/radiocityvalencia.es\\\/en\\\/artistas\\\/barbara-gramage-2\\\/\",\"name\":\"Joao del Monte - Radiocity\",\"isPartOf\":{\"@id\":\"https:\\\/\\\/radiocityvalencia.es\\\/en\\\/#website\"},\"primaryImageOfPage\":{\"@id\":\"https:\\\/\\\/radiocityvalencia.es\\\/en\\\/artistas\\\/barbara-gramage-2\\\/#primaryimage\"},\"image\":{\"@id\":\"https:\\\/\\\/radiocityvalencia.es\\\/en\\\/artistas\\\/barbara-gramage-2\\\/#primaryimage\"},\"thumbnailUrl\":\"https:\\\/\\\/radiocityvalencia.es\\\/wp-content\\\/uploads\\\/2023\\\/02\\\/MINIATURA_ARTISTA_-Joao-del-Monte.webp\",\"datePublished\":\"2023-02-15T10:01:05+00:00\",\"dateModified\":\"2023-11-06T12:37:16+00:00\",\"description\":\"\u00bfQu\u00e9 pasa si mezclas el sabor de Cuba, la fuerza de \u00c1frica y el fuego de Andaluc\u00eda? Entonces nace Joao del Monte.Se puede definir de muchas maneras pero si quieres entenderlo bien, piensa en la palabra \u00abARTE\u00bb y ya tenemos la respuesta!!Puro funk afro gitano desde el coraz\u00f3n del Monte!!! Joao es un showman cubano radicado en Espa\u00f1a que vali\u00e9ndose de la danza, la actuaci\u00f3n y por supuesto la m\u00fasica crea una suerte de hurac\u00e1n musical que te cala en los huesos haci\u00e9ndote vibrar todo y cuando decimos todo es todo.\",\"breadcrumb\":{\"@id\":\"https:\\\/\\\/radiocityvalencia.es\\\/en\\\/artistas\\\/barbara-gramage-2\\\/#breadcrumb\"},\"inLanguage\":\"en-US\",\"potentialAction\":[{\"@type\":\"ReadAction\",\"target\":[\"https:\\\/\\\/radiocityvalencia.es\\\/en\\\/artistas\\\/barbara-gramage-2\\\/\"]}]},{\"@type\":\"ImageObject\",\"inLanguage\":\"en-US\",\"@id\":\"https:\\\/\\\/radiocityvalencia.es\\\/en\\\/artistas\\\/barbara-gramage-2\\\/#primaryimage\",\"url\":\"https:\\\/\\\/radiocityvalencia.es\\\/wp-content\\\/uploads\\\/2023\\\/02\\\/MINIATURA_ARTISTA_-Joao-del-Monte.webp\",\"contentUrl\":\"https:\\\/\\\/radiocityvalencia.es\\\/wp-content\\\/uploads\\\/2023\\\/02\\\/MINIATURA_ARTISTA_-Joao-del-Monte.webp\",\"width\":398,\"height\":528},{\"@type\":\"BreadcrumbList\",\"@id\":\"https:\\\/\\\/radiocityvalencia.es\\\/en\\\/artistas\\\/barbara-gramage-2\\\/#breadcrumb\",\"itemListElement\":[{\"@type\":\"ListItem\",\"position\":1,\"name\":\"Portada\",\"item\":\"https:\\\/\\\/radiocityvalencia.es\\\/en\\\/home\\\/\"},{\"@type\":\"ListItem\",\"position\":2,\"name\":\"Artistas\",\"item\":\"https:\\\/\\\/radiocityvalencia.es\\\/en\\\/artistas\\\/\"},{\"@type\":\"ListItem\",\"position\":3,\"name\":\"Joao del Monte\"}]},{\"@type\":\"WebSite\",\"@id\":\"https:\\\/\\\/radiocityvalencia.es\\\/en\\\/#website\",\"url\":\"https:\\\/\\\/radiocityvalencia.es\\\/en\\\/\",\"name\":\"Radio City Valencia\",\"description\":\"The Place to Be\",\"publisher\":{\"@id\":\"https:\\\/\\\/radiocityvalencia.es\\\/en\\\/#organization\"},\"potentialAction\":[{\"@type\":\"SearchAction\",\"target\":{\"@type\":\"EntryPoint\",\"urlTemplate\":\"https:\\\/\\\/radiocityvalencia.es\\\/en\\\/?s={search_term_string}\"},\"query-input\":{\"@type\":\"PropertyValueSpecification\",\"valueRequired\":true,\"valueName\":\"search_term_string\"}}],\"inLanguage\":\"en-US\"},{\"@type\":\"Organization\",\"@id\":\"https:\\\/\\\/radiocityvalencia.es\\\/en\\\/#organization\",\"name\":\"Radio City Valencia\",\"url\":\"https:\\\/\\\/radiocityvalencia.es\\\/en\\\/\",\"logo\":{\"@type\":\"ImageObject\",\"inLanguage\":\"en-US\",\"@id\":\"https:\\\/\\\/radiocityvalencia.es\\\/en\\\/#\\\/schema\\\/logo\\\/image\\\/\",\"url\":\"https:\\\/\\\/radiocityvalencia.es\\\/wp-content\\\/uploads\\\/2023\\\/02\\\/LOGO_RADIO_WHT.png\",\"contentUrl\":\"https:\\\/\\\/radiocityvalencia.es\\\/wp-content\\\/uploads\\\/2023\\\/02\\\/LOGO_RADIO_WHT.png\",\"width\":398,\"height\":57,\"caption\":\"Radio City Valencia\"},\"image\":{\"@id\":\"https:\\\/\\\/radiocityvalencia.es\\\/en\\\/#\\\/schema\\\/logo\\\/image\\\/\"},\"sameAs\":[\"https:\\\/\\\/www.facebook.com\\\/radiocityvlc\"]}]}<\/script>\n<!-- \/ Yoast SEO plugin. -->","yoast_head_json":{"title":"Joao del Monte - Radiocity","description":"\u00bfQu\u00e9 pasa si mezclas el sabor de Cuba, la fuerza de \u00c1frica y el fuego de Andaluc\u00eda? Entonces nace Joao del Monte.Se puede definir de muchas maneras pero si quieres entenderlo bien, piensa en la palabra \u00abARTE\u00bb y ya tenemos la respuesta!!Puro funk afro gitano desde el coraz\u00f3n del Monte!!! Joao es un showman cubano radicado en Espa\u00f1a que vali\u00e9ndose de la danza, la actuaci\u00f3n y por supuesto la m\u00fasica crea una suerte de hurac\u00e1n musical que te cala en los huesos haci\u00e9ndote vibrar todo y cuando decimos todo es todo.","robots":{"index":"index","follow":"follow","max-snippet":"max-snippet:-1","max-image-preview":"max-image-preview:large","max-video-preview":"max-video-preview:-1"},"canonical":"https:\/\/radiocityvalencia.es\/en\/artistas\/barbara-gramage-2\/","og_locale":"en_US","og_type":"article","og_title":"Joao del Monte - Radiocity","og_description":"\u00bfQu\u00e9 pasa si mezclas el sabor de Cuba, la fuerza de \u00c1frica y el fuego de Andaluc\u00eda? Entonces nace Joao del Monte.Se puede definir de muchas maneras pero si quieres entenderlo bien, piensa en la palabra \u00abARTE\u00bb y ya tenemos la respuesta!!Puro funk afro gitano desde el coraz\u00f3n del Monte!!! Joao es un showman cubano radicado en Espa\u00f1a que vali\u00e9ndose de la danza, la actuaci\u00f3n y por supuesto la m\u00fasica crea una suerte de hurac\u00e1n musical que te cala en los huesos haci\u00e9ndote vibrar todo y cuando decimos todo es todo.","og_url":"https:\/\/radiocityvalencia.es\/en\/artistas\/barbara-gramage-2\/","og_site_name":"Radiocity","article_publisher":"https:\/\/www.facebook.com\/radiocityvlc","article_modified_time":"2023-11-06T12:37:16+00:00","og_image":[{"width":398,"height":528,"url":"https:\/\/radiocityvalencia.es\/wp-content\/uploads\/2023\/02\/MINIATURA_ARTISTA_-Joao-del-Monte.webp","type":"image\/webp"}],"twitter_card":"summary_large_image","schema":{"@context":"https:\/\/schema.org","@graph":[{"@type":"WebPage","@id":"https:\/\/radiocityvalencia.es\/en\/artistas\/barbara-gramage-2\/","url":"https:\/\/radiocityvalencia.es\/en\/artistas\/barbara-gramage-2\/","name":"Joao del Monte - Radiocity","isPartOf":{"@id":"https:\/\/radiocityvalencia.es\/en\/#website"},"primaryImageOfPage":{"@id":"https:\/\/radiocityvalencia.es\/en\/artistas\/barbara-gramage-2\/#primaryimage"},"image":{"@id":"https:\/\/radiocityvalencia.es\/en\/artistas\/barbara-gramage-2\/#primaryimage"},"thumbnailUrl":"https:\/\/radiocityvalencia.es\/wp-content\/uploads\/2023\/02\/MINIATURA_ARTISTA_-Joao-del-Monte.webp","datePublished":"2023-02-15T10:01:05+00:00","dateModified":"2023-11-06T12:37:16+00:00","description":"\u00bfQu\u00e9 pasa si mezclas el sabor de Cuba, la fuerza de \u00c1frica y el fuego de Andaluc\u00eda? Entonces nace Joao del Monte.Se puede definir de muchas maneras pero si quieres entenderlo bien, piensa en la palabra \u00abARTE\u00bb y ya tenemos la respuesta!!Puro funk afro gitano desde el coraz\u00f3n del Monte!!! Joao es un showman cubano radicado en Espa\u00f1a que vali\u00e9ndose de la danza, la actuaci\u00f3n y por supuesto la m\u00fasica crea una suerte de hurac\u00e1n musical que te cala en los huesos haci\u00e9ndote vibrar todo y cuando decimos todo es todo.","breadcrumb":{"@id":"https:\/\/radiocityvalencia.es\/en\/artistas\/barbara-gramage-2\/#breadcrumb"},"inLanguage":"en-US","potentialAction":[{"@type":"ReadAction","target":["https:\/\/radiocityvalencia.es\/en\/artistas\/barbara-gramage-2\/"]}]},{"@type":"ImageObject","inLanguage":"en-US","@id":"https:\/\/radiocityvalencia.es\/en\/artistas\/barbara-gramage-2\/#primaryimage","url":"https:\/\/radiocityvalencia.es\/wp-content\/uploads\/2023\/02\/MINIATURA_ARTISTA_-Joao-del-Monte.webp","contentUrl":"https:\/\/radiocityvalencia.es\/wp-content\/uploads\/2023\/02\/MINIATURA_ARTISTA_-Joao-del-Monte.webp","width":398,"height":528},{"@type":"BreadcrumbList","@id":"https:\/\/radiocityvalencia.es\/en\/artistas\/barbara-gramage-2\/#breadcrumb","itemListElement":[{"@type":"ListItem","position":1,"name":"Portada","item":"https:\/\/radiocityvalencia.es\/en\/home\/"},{"@type":"ListItem","position":2,"name":"Artistas","item":"https:\/\/radiocityvalencia.es\/en\/artistas\/"},{"@type":"ListItem","position":3,"name":"Joao del Monte"}]},{"@type":"WebSite","@id":"https:\/\/radiocityvalencia.es\/en\/#website","url":"https:\/\/radiocityvalencia.es\/en\/","name":"Radio City Valencia","description":"The Place to Be","publisher":{"@id":"https:\/\/radiocityvalencia.es\/en\/#organization"},"potentialAction":[{"@type":"SearchAction","target":{"@type":"EntryPoint","urlTemplate":"https:\/\/radiocityvalencia.es\/en\/?s={search_term_string}"},"query-input":{"@type":"PropertyValueSpecification","valueRequired":true,"valueName":"search_term_string"}}],"inLanguage":"en-US"},{"@type":"Organization","@id":"https:\/\/radiocityvalencia.es\/en\/#organization","name":"Radio City Valencia","url":"https:\/\/radiocityvalencia.es\/en\/","logo":{"@type":"ImageObject","inLanguage":"en-US","@id":"https:\/\/radiocityvalencia.es\/en\/#\/schema\/logo\/image\/","url":"https:\/\/radiocityvalencia.es\/wp-content\/uploads\/2023\/02\/LOGO_RADIO_WHT.png","contentUrl":"https:\/\/radiocityvalencia.es\/wp-content\/uploads\/2023\/02\/LOGO_RADIO_WHT.png","width":398,"height":57,"caption":"Radio City Valencia"},"image":{"@id":"https:\/\/radiocityvalencia.es\/en\/#\/schema\/logo\/image\/"},"sameAs":["https:\/\/www.facebook.com\/radiocityvlc"]}]}},"_links":{"self":[{"href":"https:\/\/radiocityvalencia.es\/en\/wp-json\/wp\/v2\/artistas\/535","targetHints":{"allow":["GET"]}}],"collection":[{"href":"https:\/\/radiocityvalencia.es\/en\/wp-json\/wp\/v2\/artistas"}],"about":[{"href":"https:\/\/radiocityvalencia.es\/en\/wp-json\/wp\/v2\/types\/artistas"}],"author":[{"embeddable":true,"href":"https:\/\/radiocityvalencia.es\/en\/wp-json\/wp\/v2\/users\/2"}],"version-history":[{"count":3,"href":"https:\/\/radiocityvalencia.es\/en\/wp-json\/wp\/v2\/artistas\/535\/revisions"}],"predecessor-version":[{"id":4202,"href":"https:\/\/radiocityvalencia.es\/en\/wp-json\/wp\/v2\/artistas\/535\/revisions\/4202"}],"wp:featuredmedia":[{"embeddable":true,"href":"https:\/\/radiocityvalencia.es\/en\/wp-json\/wp\/v2\/media\/538"}],"wp:attachment":[{"href":"https:\/\/radiocityvalencia.es\/en\/wp-json\/wp\/v2\/media?parent=535"}],"curies":[{"name":"wp","href":"https:\/\/api.w.org\/{rel}","templated":true}]}}

<!-- This site is optimized with the Yoast SEO plugin v27.5 - https://yoast.com/product/yoast-seo-wordpress/ -->
<title>Joao del Monte - Radiocity</title>
<meta name="description" content="¿Qué pasa si mezclas el sabor de Cuba, la fuerza de África y el fuego de Andalucía? Entonces nace Joao del Monte.Se puede definir de muchas maneras pero si quieres entenderlo bien, piensa en la palabra «ARTE» y ya tenemos la respuesta!!Puro funk afro gitano desde el corazón del Monte!!! Joao es un showman cubano radicado en España que valiéndose de la danza, la actuación y por supuesto la música crea una suerte de huracán musical que te cala en los huesos haciéndote vibrar todo y cuando decimos todo es todo." />
<meta name="robots" content="index, follow, max-snippet:-1, max-image-preview:large, max-video-preview:-1" />
<link rel="canonical" href="https://radiocityvalencia.es/en/artistas/barbara-gramage-2/" />
<meta property="og:locale" content="en_US" />
<meta property="og:type" content="article" />
<meta property="og:title" content="Joao del Monte - Radiocity" />
<meta property="og:description" content="¿Qué pasa si mezclas el sabor de Cuba, la fuerza de África y el fuego de Andalucía? Entonces nace Joao del Monte.Se puede definir de muchas maneras pero si quieres entenderlo bien, piensa en la palabra «ARTE» y ya tenemos la respuesta!!Puro funk afro gitano desde el corazón del Monte!!! Joao es un showman cubano radicado en España que valiéndose de la danza, la actuación y por supuesto la música crea una suerte de huracán musical que te cala en los huesos haciéndote vibrar todo y cuando decimos todo es todo." />
<meta property="og:url" content="https://radiocityvalencia.es/en/artistas/barbara-gramage-2/" />
<meta property="og:site_name" content="Radiocity" />
<meta property="article:publisher" content="https://www.facebook.com/radiocityvlc" />
<meta property="article:modified_time" content="2023-11-06T12:37:16+00:00" />
<meta property="og:image" content="https://radiocityvalencia.es/wp-content/uploads/2023/02/MINIATURA_ARTISTA_-Joao-del-Monte.webp" />
	<meta property="og:image:width" content="398" />
	<meta property="og:image:height" content="528" />
	<meta property="og:image:type" content="image/webp" />
<meta name="twitter:card" content="summary_large_image" />
<script type="application/ld+json" class="yoast-schema-graph">{"@context":"https:\/\/schema.org","@graph":[{"@type":"WebPage","@id":"https:\/\/radiocityvalencia.es\/en\/artistas\/barbara-gramage-2\/","url":"https:\/\/radiocityvalencia.es\/en\/artistas\/barbara-gramage-2\/","name":"Joao del Monte - Radiocity","isPartOf":{"@id":"https:\/\/radiocityvalencia.es\/en\/#website"},"primaryImageOfPage":{"@id":"https:\/\/radiocityvalencia.es\/en\/artistas\/barbara-gramage-2\/#primaryimage"},"image":{"@id":"https:\/\/radiocityvalencia.es\/en\/artistas\/barbara-gramage-2\/#primaryimage"},"thumbnailUrl":"https:\/\/radiocityvalencia.es\/wp-content\/uploads\/2023\/02\/MINIATURA_ARTISTA_-Joao-del-Monte.webp","datePublished":"2023-02-15T10:01:05+00:00","dateModified":"2023-11-06T12:37:16+00:00","description":"¿Qué pasa si mezclas el sabor de Cuba, la fuerza de África y el fuego de Andalucía? Entonces nace Joao del Monte.Se puede definir de muchas maneras pero si quieres entenderlo bien, piensa en la palabra «ARTE» y ya tenemos la respuesta!!Puro funk afro gitano desde el corazón del Monte!!! Joao es un showman cubano radicado en España que valiéndose de la danza, la actuación y por supuesto la música crea una suerte de huracán musical que te cala en los huesos haciéndote vibrar todo y cuando decimos todo es todo.","breadcrumb":{"@id":"https:\/\/radiocityvalencia.es\/en\/artistas\/barbara-gramage-2\/#breadcrumb"},"inLanguage":"en-US","potentialAction":[{"@type":"ReadAction","target":["https:\/\/radiocityvalencia.es\/en\/artistas\/barbara-gramage-2\/"]}]},{"@type":"ImageObject","inLanguage":"en-US","@id":"https:\/\/radiocityvalencia.es\/en\/artistas\/barbara-gramage-2\/#primaryimage","url":"https:\/\/radiocityvalencia.es\/wp-content\/uploads\/2023\/02\/MINIATURA_ARTISTA_-Joao-del-Monte.webp","contentUrl":"https:\/\/radiocityvalencia.es\/wp-content\/uploads\/2023\/02\/MINIATURA_ARTISTA_-Joao-del-Monte.webp","width":398,"height":528},{"@type":"BreadcrumbList","@id":"https:\/\/radiocityvalencia.es\/en\/artistas\/barbara-gramage-2\/#breadcrumb","itemListElement":[{"@type":"ListItem","position":1,"name":"Portada","item":"https:\/\/radiocityvalencia.es\/en\/home\/"},{"@type":"ListItem","position":2,"name":"Artistas","item":"https:\/\/radiocityvalencia.es\/en\/artistas\/"},{"@type":"ListItem","position":3,"name":"Joao del Monte"}]},{"@type":"WebSite","@id":"https:\/\/radiocityvalencia.es\/en\/#website","url":"https:\/\/radiocityvalencia.es\/en\/","name":"Radio City Valencia","description":"The Place to Be","publisher":{"@id":"https:\/\/radiocityvalencia.es\/en\/#organization"},"potentialAction":[{"@type":"SearchAction","target":{"@type":"EntryPoint","urlTemplate":"https:\/\/radiocityvalencia.es\/en\/?s={search_term_string}"},"query-input":{"@type":"PropertyValueSpecification","valueRequired":true,"valueName":"search_term_string"}}],"inLanguage":"en-US"},{"@type":"Organization","@id":"https:\/\/radiocityvalencia.es\/en\/#organization","name":"Radio City Valencia","url":"https:\/\/radiocityvalencia.es\/en\/","logo":{"@type":"ImageObject","inLanguage":"en-US","@id":"https:\/\/radiocityvalencia.es\/en\/#\/schema\/logo\/image\/","url":"https:\/\/radiocityvalencia.es\/wp-content\/uploads\/2023\/02\/LOGO_RADIO_WHT.png","contentUrl":"https:\/\/radiocityvalencia.es\/wp-content\/uploads\/2023\/02\/LOGO_RADIO_WHT.png","width":398,"height":57,"caption":"Radio City Valencia"},"image":{"@id":"https:\/\/radiocityvalencia.es\/en\/#\/schema\/logo\/image\/"},"sameAs":["https:\/\/www.facebook.com\/radiocityvlc"]}]}</script>
<!-- / Yoast SEO plugin. -->

¿Qué pasa si mezclas el sabor de Cuba, la fuerza de África y el fuego de Andalucía? Entonces nace Joao del Monte.Se puede definir de muchas maneras pero si quieres entenderlo bien, piensa en la palabra «ARTE» y ya tenemos la respuesta!!Puro funk afro gitano desde el corazón del Monte!!! Joao es un showman cubano radicado en España que valiéndose de la danza, la actuación y por supuesto la música crea una suerte de huracán musical que te cala en los huesos haciéndote vibrar todo y cuando decimos todo es todo.
