{"id":523,"date":"2023-02-15T09:23:20","date_gmt":"2023-02-15T09:23:20","guid":{"rendered":"https:\/\/radiocityvalencia.es\/?post_type=artistas&#038;p=523"},"modified":"2023-11-14T13:12:17","modified_gmt":"2023-11-14T13:12:17","slug":"himnoticos","status":"publish","type":"artistas","link":"https:\/\/radiocityvalencia.es\/en\/artistas\/himnoticos\/","title":{"rendered":"Himn\u00f3ticos"},"author":2,"featured_media":524,"parent":0,"template":"","meta":[],"class_list":{"0":"post-523","1":"artistas","2":"type-artistas","3":"status-publish","4":"has-post-thumbnail","6":"estilo_musical-internacional","7":"estilo_musical-pop","8":"estilo_musical-rock"},"acf":[],"yoast_head":"<!-- This site is optimized with the Yoast SEO plugin v27.3 - https:\/\/yoast.com\/product\/yoast-seo-wordpress\/ -->\n<title>Himn\u00f3ticos - Radiocity<\/title>\n<meta name=\"description\" content=\"No todos quieren Reggaeton cuando empiezan las copas. Pon un poco de Rock en tu vida. Himn\u00f3ticos eds un quinteto listo para dar un fiest\u00f3n con los \u00e9xitos del Pop Rock internacional.\" \/>\n<meta name=\"robots\" content=\"index, follow, max-snippet:-1, max-image-preview:large, max-video-preview:-1\" \/>\n<link rel=\"canonical\" href=\"https:\/\/radiocityvalencia.es\/en\/artistas\/himnoticos\/\" \/>\n<meta property=\"og:locale\" content=\"en_US\" \/>\n<meta property=\"og:type\" content=\"article\" \/>\n<meta property=\"og:title\" content=\"Himn\u00f3ticos - Radiocity\" \/>\n<meta property=\"og:description\" content=\"No todos quieren Reggaeton cuando empiezan las copas. Pon un poco de Rock en tu vida. Himn\u00f3ticos eds un quinteto listo para dar un fiest\u00f3n con los \u00e9xitos del Pop Rock internacional.\" \/>\n<meta property=\"og:url\" content=\"https:\/\/radiocityvalencia.es\/en\/artistas\/himnoticos\/\" \/>\n<meta property=\"og:site_name\" content=\"Radiocity\" \/>\n<meta property=\"article:publisher\" content=\"https:\/\/www.facebook.com\/radiocityvlc\" \/>\n<meta property=\"article:modified_time\" content=\"2023-11-14T13:12:17+00:00\" \/>\n<meta property=\"og:image\" content=\"https:\/\/radiocityvalencia.es\/wp-content\/uploads\/2023\/02\/MINIATURA-ARTISTAS_Himnoticos.webp\" \/>\n\t<meta property=\"og:image:width\" content=\"398\" \/>\n\t<meta property=\"og:image:height\" content=\"528\" \/>\n\t<meta property=\"og:image:type\" content=\"image\/webp\" \/>\n<meta name=\"twitter:card\" content=\"summary_large_image\" \/>\n<script type=\"application\/ld+json\" class=\"yoast-schema-graph\">{\"@context\":\"https:\\\/\\\/schema.org\",\"@graph\":[{\"@type\":\"WebPage\",\"@id\":\"https:\\\/\\\/radiocityvalencia.es\\\/en\\\/artistas\\\/himnoticos\\\/\",\"url\":\"https:\\\/\\\/radiocityvalencia.es\\\/en\\\/artistas\\\/himnoticos\\\/\",\"name\":\"Himn\u00f3ticos - Radiocity\",\"isPartOf\":{\"@id\":\"https:\\\/\\\/radiocityvalencia.es\\\/en\\\/#website\"},\"primaryImageOfPage\":{\"@id\":\"https:\\\/\\\/radiocityvalencia.es\\\/en\\\/artistas\\\/himnoticos\\\/#primaryimage\"},\"image\":{\"@id\":\"https:\\\/\\\/radiocityvalencia.es\\\/en\\\/artistas\\\/himnoticos\\\/#primaryimage\"},\"thumbnailUrl\":\"https:\\\/\\\/radiocityvalencia.es\\\/wp-content\\\/uploads\\\/2023\\\/02\\\/MINIATURA-ARTISTAS_Himnoticos.webp\",\"datePublished\":\"2023-02-15T09:23:20+00:00\",\"dateModified\":\"2023-11-14T13:12:17+00:00\",\"description\":\"No todos quieren Reggaeton cuando empiezan las copas. Pon un poco de Rock en tu vida. Himn\u00f3ticos eds un quinteto listo para dar un fiest\u00f3n con los \u00e9xitos del Pop Rock internacional.\",\"breadcrumb\":{\"@id\":\"https:\\\/\\\/radiocityvalencia.es\\\/en\\\/artistas\\\/himnoticos\\\/#breadcrumb\"},\"inLanguage\":\"en-US\",\"potentialAction\":[{\"@type\":\"ReadAction\",\"target\":[\"https:\\\/\\\/radiocityvalencia.es\\\/en\\\/artistas\\\/himnoticos\\\/\"]}]},{\"@type\":\"ImageObject\",\"inLanguage\":\"en-US\",\"@id\":\"https:\\\/\\\/radiocityvalencia.es\\\/en\\\/artistas\\\/himnoticos\\\/#primaryimage\",\"url\":\"https:\\\/\\\/radiocityvalencia.es\\\/wp-content\\\/uploads\\\/2023\\\/02\\\/MINIATURA-ARTISTAS_Himnoticos.webp\",\"contentUrl\":\"https:\\\/\\\/radiocityvalencia.es\\\/wp-content\\\/uploads\\\/2023\\\/02\\\/MINIATURA-ARTISTAS_Himnoticos.webp\",\"width\":398,\"height\":528},{\"@type\":\"BreadcrumbList\",\"@id\":\"https:\\\/\\\/radiocityvalencia.es\\\/en\\\/artistas\\\/himnoticos\\\/#breadcrumb\",\"itemListElement\":[{\"@type\":\"ListItem\",\"position\":1,\"name\":\"Portada\",\"item\":\"https:\\\/\\\/radiocityvalencia.es\\\/en\\\/home\\\/\"},{\"@type\":\"ListItem\",\"position\":2,\"name\":\"Artistas\",\"item\":\"https:\\\/\\\/radiocityvalencia.es\\\/en\\\/artistas\\\/\"},{\"@type\":\"ListItem\",\"position\":3,\"name\":\"Himn\u00f3ticos\"}]},{\"@type\":\"WebSite\",\"@id\":\"https:\\\/\\\/radiocityvalencia.es\\\/en\\\/#website\",\"url\":\"https:\\\/\\\/radiocityvalencia.es\\\/en\\\/\",\"name\":\"Radio City Valencia\",\"description\":\"The Place to Be\",\"publisher\":{\"@id\":\"https:\\\/\\\/radiocityvalencia.es\\\/en\\\/#organization\"},\"potentialAction\":[{\"@type\":\"SearchAction\",\"target\":{\"@type\":\"EntryPoint\",\"urlTemplate\":\"https:\\\/\\\/radiocityvalencia.es\\\/en\\\/?s={search_term_string}\"},\"query-input\":{\"@type\":\"PropertyValueSpecification\",\"valueRequired\":true,\"valueName\":\"search_term_string\"}}],\"inLanguage\":\"en-US\"},{\"@type\":\"Organization\",\"@id\":\"https:\\\/\\\/radiocityvalencia.es\\\/en\\\/#organization\",\"name\":\"Radio City Valencia\",\"url\":\"https:\\\/\\\/radiocityvalencia.es\\\/en\\\/\",\"logo\":{\"@type\":\"ImageObject\",\"inLanguage\":\"en-US\",\"@id\":\"https:\\\/\\\/radiocityvalencia.es\\\/en\\\/#\\\/schema\\\/logo\\\/image\\\/\",\"url\":\"https:\\\/\\\/radiocityvalencia.es\\\/wp-content\\\/uploads\\\/2023\\\/02\\\/LOGO_RADIO_WHT.png\",\"contentUrl\":\"https:\\\/\\\/radiocityvalencia.es\\\/wp-content\\\/uploads\\\/2023\\\/02\\\/LOGO_RADIO_WHT.png\",\"width\":398,\"height\":57,\"caption\":\"Radio City Valencia\"},\"image\":{\"@id\":\"https:\\\/\\\/radiocityvalencia.es\\\/en\\\/#\\\/schema\\\/logo\\\/image\\\/\"},\"sameAs\":[\"https:\\\/\\\/www.facebook.com\\\/radiocityvlc\"]}]}<\/script>\n<!-- \/ Yoast SEO plugin. -->","yoast_head_json":{"title":"Himn\u00f3ticos - Radiocity","description":"No todos quieren Reggaeton cuando empiezan las copas. Pon un poco de Rock en tu vida. Himn\u00f3ticos eds un quinteto listo para dar un fiest\u00f3n con los \u00e9xitos del Pop Rock internacional.","robots":{"index":"index","follow":"follow","max-snippet":"max-snippet:-1","max-image-preview":"max-image-preview:large","max-video-preview":"max-video-preview:-1"},"canonical":"https:\/\/radiocityvalencia.es\/en\/artistas\/himnoticos\/","og_locale":"en_US","og_type":"article","og_title":"Himn\u00f3ticos - Radiocity","og_description":"No todos quieren Reggaeton cuando empiezan las copas. Pon un poco de Rock en tu vida. Himn\u00f3ticos eds un quinteto listo para dar un fiest\u00f3n con los \u00e9xitos del Pop Rock internacional.","og_url":"https:\/\/radiocityvalencia.es\/en\/artistas\/himnoticos\/","og_site_name":"Radiocity","article_publisher":"https:\/\/www.facebook.com\/radiocityvlc","article_modified_time":"2023-11-14T13:12:17+00:00","og_image":[{"width":398,"height":528,"url":"https:\/\/radiocityvalencia.es\/wp-content\/uploads\/2023\/02\/MINIATURA-ARTISTAS_Himnoticos.webp","type":"image\/webp"}],"twitter_card":"summary_large_image","schema":{"@context":"https:\/\/schema.org","@graph":[{"@type":"WebPage","@id":"https:\/\/radiocityvalencia.es\/en\/artistas\/himnoticos\/","url":"https:\/\/radiocityvalencia.es\/en\/artistas\/himnoticos\/","name":"Himn\u00f3ticos - Radiocity","isPartOf":{"@id":"https:\/\/radiocityvalencia.es\/en\/#website"},"primaryImageOfPage":{"@id":"https:\/\/radiocityvalencia.es\/en\/artistas\/himnoticos\/#primaryimage"},"image":{"@id":"https:\/\/radiocityvalencia.es\/en\/artistas\/himnoticos\/#primaryimage"},"thumbnailUrl":"https:\/\/radiocityvalencia.es\/wp-content\/uploads\/2023\/02\/MINIATURA-ARTISTAS_Himnoticos.webp","datePublished":"2023-02-15T09:23:20+00:00","dateModified":"2023-11-14T13:12:17+00:00","description":"No todos quieren Reggaeton cuando empiezan las copas. Pon un poco de Rock en tu vida. Himn\u00f3ticos eds un quinteto listo para dar un fiest\u00f3n con los \u00e9xitos del Pop Rock internacional.","breadcrumb":{"@id":"https:\/\/radiocityvalencia.es\/en\/artistas\/himnoticos\/#breadcrumb"},"inLanguage":"en-US","potentialAction":[{"@type":"ReadAction","target":["https:\/\/radiocityvalencia.es\/en\/artistas\/himnoticos\/"]}]},{"@type":"ImageObject","inLanguage":"en-US","@id":"https:\/\/radiocityvalencia.es\/en\/artistas\/himnoticos\/#primaryimage","url":"https:\/\/radiocityvalencia.es\/wp-content\/uploads\/2023\/02\/MINIATURA-ARTISTAS_Himnoticos.webp","contentUrl":"https:\/\/radiocityvalencia.es\/wp-content\/uploads\/2023\/02\/MINIATURA-ARTISTAS_Himnoticos.webp","width":398,"height":528},{"@type":"BreadcrumbList","@id":"https:\/\/radiocityvalencia.es\/en\/artistas\/himnoticos\/#breadcrumb","itemListElement":[{"@type":"ListItem","position":1,"name":"Portada","item":"https:\/\/radiocityvalencia.es\/en\/home\/"},{"@type":"ListItem","position":2,"name":"Artistas","item":"https:\/\/radiocityvalencia.es\/en\/artistas\/"},{"@type":"ListItem","position":3,"name":"Himn\u00f3ticos"}]},{"@type":"WebSite","@id":"https:\/\/radiocityvalencia.es\/en\/#website","url":"https:\/\/radiocityvalencia.es\/en\/","name":"Radio City Valencia","description":"The Place to Be","publisher":{"@id":"https:\/\/radiocityvalencia.es\/en\/#organization"},"potentialAction":[{"@type":"SearchAction","target":{"@type":"EntryPoint","urlTemplate":"https:\/\/radiocityvalencia.es\/en\/?s={search_term_string}"},"query-input":{"@type":"PropertyValueSpecification","valueRequired":true,"valueName":"search_term_string"}}],"inLanguage":"en-US"},{"@type":"Organization","@id":"https:\/\/radiocityvalencia.es\/en\/#organization","name":"Radio City Valencia","url":"https:\/\/radiocityvalencia.es\/en\/","logo":{"@type":"ImageObject","inLanguage":"en-US","@id":"https:\/\/radiocityvalencia.es\/en\/#\/schema\/logo\/image\/","url":"https:\/\/radiocityvalencia.es\/wp-content\/uploads\/2023\/02\/LOGO_RADIO_WHT.png","contentUrl":"https:\/\/radiocityvalencia.es\/wp-content\/uploads\/2023\/02\/LOGO_RADIO_WHT.png","width":398,"height":57,"caption":"Radio City Valencia"},"image":{"@id":"https:\/\/radiocityvalencia.es\/en\/#\/schema\/logo\/image\/"},"sameAs":["https:\/\/www.facebook.com\/radiocityvlc"]}]}},"_links":{"self":[{"href":"https:\/\/radiocityvalencia.es\/en\/wp-json\/wp\/v2\/artistas\/523","targetHints":{"allow":["GET"]}}],"collection":[{"href":"https:\/\/radiocityvalencia.es\/en\/wp-json\/wp\/v2\/artistas"}],"about":[{"href":"https:\/\/radiocityvalencia.es\/en\/wp-json\/wp\/v2\/types\/artistas"}],"author":[{"embeddable":true,"href":"https:\/\/radiocityvalencia.es\/en\/wp-json\/wp\/v2\/users\/2"}],"version-history":[{"count":3,"href":"https:\/\/radiocityvalencia.es\/en\/wp-json\/wp\/v2\/artistas\/523\/revisions"}],"predecessor-version":[{"id":4363,"href":"https:\/\/radiocityvalencia.es\/en\/wp-json\/wp\/v2\/artistas\/523\/revisions\/4363"}],"wp:featuredmedia":[{"embeddable":true,"href":"https:\/\/radiocityvalencia.es\/en\/wp-json\/wp\/v2\/media\/524"}],"wp:attachment":[{"href":"https:\/\/radiocityvalencia.es\/en\/wp-json\/wp\/v2\/media?parent=523"}],"curies":[{"name":"wp","href":"https:\/\/api.w.org\/{rel}","templated":true}]}}

Himnóticos

<!-- This site is optimized with the Yoast SEO plugin v27.3 - https://yoast.com/product/yoast-seo-wordpress/ -->
<title>Himnóticos - Radiocity</title>
<meta name="description" content="No todos quieren Reggaeton cuando empiezan las copas. Pon un poco de Rock en tu vida. Himnóticos eds un quinteto listo para dar un fiestón con los éxitos del Pop Rock internacional." />
<meta name="robots" content="index, follow, max-snippet:-1, max-image-preview:large, max-video-preview:-1" />
<link rel="canonical" href="https://radiocityvalencia.es/en/artistas/himnoticos/" />
<meta property="og:locale" content="en_US" />
<meta property="og:type" content="article" />
<meta property="og:title" content="Himnóticos - Radiocity" />
<meta property="og:description" content="No todos quieren Reggaeton cuando empiezan las copas. Pon un poco de Rock en tu vida. Himnóticos eds un quinteto listo para dar un fiestón con los éxitos del Pop Rock internacional." />
<meta property="og:url" content="https://radiocityvalencia.es/en/artistas/himnoticos/" />
<meta property="og:site_name" content="Radiocity" />
<meta property="article:publisher" content="https://www.facebook.com/radiocityvlc" />
<meta property="article:modified_time" content="2023-11-14T13:12:17+00:00" />
<meta property="og:image" content="https://radiocityvalencia.es/wp-content/uploads/2023/02/MINIATURA-ARTISTAS_Himnoticos.webp" />
	<meta property="og:image:width" content="398" />
	<meta property="og:image:height" content="528" />
	<meta property="og:image:type" content="image/webp" />
<meta name="twitter:card" content="summary_large_image" />
<script type="application/ld+json" class="yoast-schema-graph">{"@context":"https:\/\/schema.org","@graph":[{"@type":"WebPage","@id":"https:\/\/radiocityvalencia.es\/en\/artistas\/himnoticos\/","url":"https:\/\/radiocityvalencia.es\/en\/artistas\/himnoticos\/","name":"Himnóticos - Radiocity","isPartOf":{"@id":"https:\/\/radiocityvalencia.es\/en\/#website"},"primaryImageOfPage":{"@id":"https:\/\/radiocityvalencia.es\/en\/artistas\/himnoticos\/#primaryimage"},"image":{"@id":"https:\/\/radiocityvalencia.es\/en\/artistas\/himnoticos\/#primaryimage"},"thumbnailUrl":"https:\/\/radiocityvalencia.es\/wp-content\/uploads\/2023\/02\/MINIATURA-ARTISTAS_Himnoticos.webp","datePublished":"2023-02-15T09:23:20+00:00","dateModified":"2023-11-14T13:12:17+00:00","description":"No todos quieren Reggaeton cuando empiezan las copas. Pon un poco de Rock en tu vida. Himnóticos eds un quinteto listo para dar un fiestón con los éxitos del Pop Rock internacional.","breadcrumb":{"@id":"https:\/\/radiocityvalencia.es\/en\/artistas\/himnoticos\/#breadcrumb"},"inLanguage":"en-US","potentialAction":[{"@type":"ReadAction","target":["https:\/\/radiocityvalencia.es\/en\/artistas\/himnoticos\/"]}]},{"@type":"ImageObject","inLanguage":"en-US","@id":"https:\/\/radiocityvalencia.es\/en\/artistas\/himnoticos\/#primaryimage","url":"https:\/\/radiocityvalencia.es\/wp-content\/uploads\/2023\/02\/MINIATURA-ARTISTAS_Himnoticos.webp","contentUrl":"https:\/\/radiocityvalencia.es\/wp-content\/uploads\/2023\/02\/MINIATURA-ARTISTAS_Himnoticos.webp","width":398,"height":528},{"@type":"BreadcrumbList","@id":"https:\/\/radiocityvalencia.es\/en\/artistas\/himnoticos\/#breadcrumb","itemListElement":[{"@type":"ListItem","position":1,"name":"Portada","item":"https:\/\/radiocityvalencia.es\/en\/home\/"},{"@type":"ListItem","position":2,"name":"Artistas","item":"https:\/\/radiocityvalencia.es\/en\/artistas\/"},{"@type":"ListItem","position":3,"name":"Himnóticos"}]},{"@type":"WebSite","@id":"https:\/\/radiocityvalencia.es\/en\/#website","url":"https:\/\/radiocityvalencia.es\/en\/","name":"Radio City Valencia","description":"The Place to Be","publisher":{"@id":"https:\/\/radiocityvalencia.es\/en\/#organization"},"potentialAction":[{"@type":"SearchAction","target":{"@type":"EntryPoint","urlTemplate":"https:\/\/radiocityvalencia.es\/en\/?s={search_term_string}"},"query-input":{"@type":"PropertyValueSpecification","valueRequired":true,"valueName":"search_term_string"}}],"inLanguage":"en-US"},{"@type":"Organization","@id":"https:\/\/radiocityvalencia.es\/en\/#organization","name":"Radio City Valencia","url":"https:\/\/radiocityvalencia.es\/en\/","logo":{"@type":"ImageObject","inLanguage":"en-US","@id":"https:\/\/radiocityvalencia.es\/en\/#\/schema\/logo\/image\/","url":"https:\/\/radiocityvalencia.es\/wp-content\/uploads\/2023\/02\/LOGO_RADIO_WHT.png","contentUrl":"https:\/\/radiocityvalencia.es\/wp-content\/uploads\/2023\/02\/LOGO_RADIO_WHT.png","width":398,"height":57,"caption":"Radio City Valencia"},"image":{"@id":"https:\/\/radiocityvalencia.es\/en\/#\/schema\/logo\/image\/"},"sameAs":["https:\/\/www.facebook.com\/radiocityvlc"]}]}</script>
<!-- / Yoast SEO plugin. -->

Himnóticos - Radiocity

No todos quieren Reggaeton cuando empiezan las copas. Pon un poco de Rock en tu vida. Himnóticos eds un quinteto listo para dar un fiestón con los éxitos del Pop Rock internacional.
