{"id":450,"date":"2023-02-14T19:44:05","date_gmt":"2023-02-14T19:44:05","guid":{"rendered":"https:\/\/radiocityvalencia.es\/?post_type=artistas&#038;p=450"},"modified":"2023-11-09T09:27:29","modified_gmt":"2023-11-09T09:27:29","slug":"ndumi-black-ninja","status":"publish","type":"artistas","link":"https:\/\/radiocityvalencia.es\/en\/artistas\/ndumi-black-ninja\/","title":{"rendered":"Ndumi Black Ninja"},"author":2,"featured_media":453,"parent":0,"template":"","meta":[],"class_list":{"0":"post-450","1":"artistas","2":"type-artistas","3":"status-publish","4":"has-post-thumbnail","6":"estilo_musical-reagge"},"acf":[],"yoast_head":"<!-- This site is optimized with the Yoast SEO plugin v27.5 - https:\/\/yoast.com\/product\/yoast-seo-wordpress\/ -->\n<title>Ndumi Black Ninja - Radiocity<\/title>\n<meta name=\"description\" content=\"Ndumi Black Ninja naci\u00f3 y creci\u00f3 en Sud\u00e1frica donde dio sus primeros pasos como cantante en el coro de la iglesia. Afincada en Valencia, se ha convertido en una habitual de su escena Reggae donde es vocalista de Amazonians Reggae Music y colaboradora en varias bandas y proyectos de m\u00fasica.\" \/>\n<meta name=\"robots\" content=\"index, follow, max-snippet:-1, max-image-preview:large, max-video-preview:-1\" \/>\n<link rel=\"canonical\" href=\"https:\/\/radiocityvalencia.es\/en\/artistas\/ndumi-black-ninja\/\" \/>\n<meta property=\"og:locale\" content=\"en_US\" \/>\n<meta property=\"og:type\" content=\"article\" \/>\n<meta property=\"og:title\" content=\"Ndumi Black Ninja - Radiocity\" \/>\n<meta property=\"og:description\" content=\"Ndumi Black Ninja naci\u00f3 y creci\u00f3 en Sud\u00e1frica donde dio sus primeros pasos como cantante en el coro de la iglesia. Afincada en Valencia, se ha convertido en una habitual de su escena Reggae donde es vocalista de Amazonians Reggae Music y colaboradora en varias bandas y proyectos de m\u00fasica.\" \/>\n<meta property=\"og:url\" content=\"https:\/\/radiocityvalencia.es\/en\/artistas\/ndumi-black-ninja\/\" \/>\n<meta property=\"og:site_name\" content=\"Radiocity\" \/>\n<meta property=\"article:publisher\" content=\"https:\/\/www.facebook.com\/radiocityvlc\" \/>\n<meta property=\"article:modified_time\" content=\"2023-11-09T09:27:29+00:00\" \/>\n<meta property=\"og:image\" content=\"https:\/\/radiocityvalencia.es\/wp-content\/uploads\/2023\/02\/CABECERA_ARTISTA_Ndumi-Black-Ninja.webp\" \/>\n\t<meta property=\"og:image:width\" content=\"1920\" \/>\n\t<meta property=\"og:image:height\" content=\"1730\" \/>\n\t<meta property=\"og:image:type\" content=\"image\/webp\" \/>\n<meta name=\"twitter:card\" content=\"summary_large_image\" \/>\n<script type=\"application\/ld+json\" class=\"yoast-schema-graph\">{\"@context\":\"https:\\\/\\\/schema.org\",\"@graph\":[{\"@type\":\"WebPage\",\"@id\":\"https:\\\/\\\/radiocityvalencia.es\\\/en\\\/artistas\\\/ndumi-black-ninja\\\/\",\"url\":\"https:\\\/\\\/radiocityvalencia.es\\\/en\\\/artistas\\\/ndumi-black-ninja\\\/\",\"name\":\"Ndumi Black Ninja - Radiocity\",\"isPartOf\":{\"@id\":\"https:\\\/\\\/radiocityvalencia.es\\\/en\\\/#website\"},\"primaryImageOfPage\":{\"@id\":\"https:\\\/\\\/radiocityvalencia.es\\\/en\\\/artistas\\\/ndumi-black-ninja\\\/#primaryimage\"},\"image\":{\"@id\":\"https:\\\/\\\/radiocityvalencia.es\\\/en\\\/artistas\\\/ndumi-black-ninja\\\/#primaryimage\"},\"thumbnailUrl\":\"https:\\\/\\\/radiocityvalencia.es\\\/wp-content\\\/uploads\\\/2023\\\/02\\\/MINIATURA_ARTISTA_Ndumi-Black-Ninja.png\",\"datePublished\":\"2023-02-14T19:44:05+00:00\",\"dateModified\":\"2023-11-09T09:27:29+00:00\",\"description\":\"Ndumi Black Ninja naci\u00f3 y creci\u00f3 en Sud\u00e1frica donde dio sus primeros pasos como cantante en el coro de la iglesia. Afincada en Valencia, se ha convertido en una habitual de su escena Reggae donde es vocalista de Amazonians Reggae Music y colaboradora en varias bandas y proyectos de m\u00fasica.\",\"breadcrumb\":{\"@id\":\"https:\\\/\\\/radiocityvalencia.es\\\/en\\\/artistas\\\/ndumi-black-ninja\\\/#breadcrumb\"},\"inLanguage\":\"en-US\",\"potentialAction\":[{\"@type\":\"ReadAction\",\"target\":[\"https:\\\/\\\/radiocityvalencia.es\\\/en\\\/artistas\\\/ndumi-black-ninja\\\/\"]}]},{\"@type\":\"ImageObject\",\"inLanguage\":\"en-US\",\"@id\":\"https:\\\/\\\/radiocityvalencia.es\\\/en\\\/artistas\\\/ndumi-black-ninja\\\/#primaryimage\",\"url\":\"https:\\\/\\\/radiocityvalencia.es\\\/wp-content\\\/uploads\\\/2023\\\/02\\\/MINIATURA_ARTISTA_Ndumi-Black-Ninja.png\",\"contentUrl\":\"https:\\\/\\\/radiocityvalencia.es\\\/wp-content\\\/uploads\\\/2023\\\/02\\\/MINIATURA_ARTISTA_Ndumi-Black-Ninja.png\",\"width\":398,\"height\":528},{\"@type\":\"BreadcrumbList\",\"@id\":\"https:\\\/\\\/radiocityvalencia.es\\\/en\\\/artistas\\\/ndumi-black-ninja\\\/#breadcrumb\",\"itemListElement\":[{\"@type\":\"ListItem\",\"position\":1,\"name\":\"Portada\",\"item\":\"https:\\\/\\\/radiocityvalencia.es\\\/en\\\/home\\\/\"},{\"@type\":\"ListItem\",\"position\":2,\"name\":\"Artistas\",\"item\":\"https:\\\/\\\/radiocityvalencia.es\\\/en\\\/artistas\\\/\"},{\"@type\":\"ListItem\",\"position\":3,\"name\":\"Ndumi Black Ninja\"}]},{\"@type\":\"WebSite\",\"@id\":\"https:\\\/\\\/radiocityvalencia.es\\\/en\\\/#website\",\"url\":\"https:\\\/\\\/radiocityvalencia.es\\\/en\\\/\",\"name\":\"Radio City Valencia\",\"description\":\"The Place to Be\",\"publisher\":{\"@id\":\"https:\\\/\\\/radiocityvalencia.es\\\/en\\\/#organization\"},\"potentialAction\":[{\"@type\":\"SearchAction\",\"target\":{\"@type\":\"EntryPoint\",\"urlTemplate\":\"https:\\\/\\\/radiocityvalencia.es\\\/en\\\/?s={search_term_string}\"},\"query-input\":{\"@type\":\"PropertyValueSpecification\",\"valueRequired\":true,\"valueName\":\"search_term_string\"}}],\"inLanguage\":\"en-US\"},{\"@type\":\"Organization\",\"@id\":\"https:\\\/\\\/radiocityvalencia.es\\\/en\\\/#organization\",\"name\":\"Radio City Valencia\",\"url\":\"https:\\\/\\\/radiocityvalencia.es\\\/en\\\/\",\"logo\":{\"@type\":\"ImageObject\",\"inLanguage\":\"en-US\",\"@id\":\"https:\\\/\\\/radiocityvalencia.es\\\/en\\\/#\\\/schema\\\/logo\\\/image\\\/\",\"url\":\"https:\\\/\\\/radiocityvalencia.es\\\/wp-content\\\/uploads\\\/2023\\\/02\\\/LOGO_RADIO_WHT.png\",\"contentUrl\":\"https:\\\/\\\/radiocityvalencia.es\\\/wp-content\\\/uploads\\\/2023\\\/02\\\/LOGO_RADIO_WHT.png\",\"width\":398,\"height\":57,\"caption\":\"Radio City Valencia\"},\"image\":{\"@id\":\"https:\\\/\\\/radiocityvalencia.es\\\/en\\\/#\\\/schema\\\/logo\\\/image\\\/\"},\"sameAs\":[\"https:\\\/\\\/www.facebook.com\\\/radiocityvlc\"]}]}<\/script>\n<!-- \/ Yoast SEO plugin. -->","yoast_head_json":{"title":"Ndumi Black Ninja - Radiocity","description":"Ndumi Black Ninja naci\u00f3 y creci\u00f3 en Sud\u00e1frica donde dio sus primeros pasos como cantante en el coro de la iglesia. Afincada en Valencia, se ha convertido en una habitual de su escena Reggae donde es vocalista de Amazonians Reggae Music y colaboradora en varias bandas y proyectos de m\u00fasica.","robots":{"index":"index","follow":"follow","max-snippet":"max-snippet:-1","max-image-preview":"max-image-preview:large","max-video-preview":"max-video-preview:-1"},"canonical":"https:\/\/radiocityvalencia.es\/en\/artistas\/ndumi-black-ninja\/","og_locale":"en_US","og_type":"article","og_title":"Ndumi Black Ninja - Radiocity","og_description":"Ndumi Black Ninja naci\u00f3 y creci\u00f3 en Sud\u00e1frica donde dio sus primeros pasos como cantante en el coro de la iglesia. Afincada en Valencia, se ha convertido en una habitual de su escena Reggae donde es vocalista de Amazonians Reggae Music y colaboradora en varias bandas y proyectos de m\u00fasica.","og_url":"https:\/\/radiocityvalencia.es\/en\/artistas\/ndumi-black-ninja\/","og_site_name":"Radiocity","article_publisher":"https:\/\/www.facebook.com\/radiocityvlc","article_modified_time":"2023-11-09T09:27:29+00:00","og_image":[{"width":1920,"height":1730,"url":"https:\/\/radiocityvalencia.es\/wp-content\/uploads\/2023\/02\/CABECERA_ARTISTA_Ndumi-Black-Ninja.webp","type":"image\/webp"}],"twitter_card":"summary_large_image","schema":{"@context":"https:\/\/schema.org","@graph":[{"@type":"WebPage","@id":"https:\/\/radiocityvalencia.es\/en\/artistas\/ndumi-black-ninja\/","url":"https:\/\/radiocityvalencia.es\/en\/artistas\/ndumi-black-ninja\/","name":"Ndumi Black Ninja - Radiocity","isPartOf":{"@id":"https:\/\/radiocityvalencia.es\/en\/#website"},"primaryImageOfPage":{"@id":"https:\/\/radiocityvalencia.es\/en\/artistas\/ndumi-black-ninja\/#primaryimage"},"image":{"@id":"https:\/\/radiocityvalencia.es\/en\/artistas\/ndumi-black-ninja\/#primaryimage"},"thumbnailUrl":"https:\/\/radiocityvalencia.es\/wp-content\/uploads\/2023\/02\/MINIATURA_ARTISTA_Ndumi-Black-Ninja.png","datePublished":"2023-02-14T19:44:05+00:00","dateModified":"2023-11-09T09:27:29+00:00","description":"Ndumi Black Ninja naci\u00f3 y creci\u00f3 en Sud\u00e1frica donde dio sus primeros pasos como cantante en el coro de la iglesia. Afincada en Valencia, se ha convertido en una habitual de su escena Reggae donde es vocalista de Amazonians Reggae Music y colaboradora en varias bandas y proyectos de m\u00fasica.","breadcrumb":{"@id":"https:\/\/radiocityvalencia.es\/en\/artistas\/ndumi-black-ninja\/#breadcrumb"},"inLanguage":"en-US","potentialAction":[{"@type":"ReadAction","target":["https:\/\/radiocityvalencia.es\/en\/artistas\/ndumi-black-ninja\/"]}]},{"@type":"ImageObject","inLanguage":"en-US","@id":"https:\/\/radiocityvalencia.es\/en\/artistas\/ndumi-black-ninja\/#primaryimage","url":"https:\/\/radiocityvalencia.es\/wp-content\/uploads\/2023\/02\/MINIATURA_ARTISTA_Ndumi-Black-Ninja.png","contentUrl":"https:\/\/radiocityvalencia.es\/wp-content\/uploads\/2023\/02\/MINIATURA_ARTISTA_Ndumi-Black-Ninja.png","width":398,"height":528},{"@type":"BreadcrumbList","@id":"https:\/\/radiocityvalencia.es\/en\/artistas\/ndumi-black-ninja\/#breadcrumb","itemListElement":[{"@type":"ListItem","position":1,"name":"Portada","item":"https:\/\/radiocityvalencia.es\/en\/home\/"},{"@type":"ListItem","position":2,"name":"Artistas","item":"https:\/\/radiocityvalencia.es\/en\/artistas\/"},{"@type":"ListItem","position":3,"name":"Ndumi Black Ninja"}]},{"@type":"WebSite","@id":"https:\/\/radiocityvalencia.es\/en\/#website","url":"https:\/\/radiocityvalencia.es\/en\/","name":"Radio City Valencia","description":"The Place to Be","publisher":{"@id":"https:\/\/radiocityvalencia.es\/en\/#organization"},"potentialAction":[{"@type":"SearchAction","target":{"@type":"EntryPoint","urlTemplate":"https:\/\/radiocityvalencia.es\/en\/?s={search_term_string}"},"query-input":{"@type":"PropertyValueSpecification","valueRequired":true,"valueName":"search_term_string"}}],"inLanguage":"en-US"},{"@type":"Organization","@id":"https:\/\/radiocityvalencia.es\/en\/#organization","name":"Radio City Valencia","url":"https:\/\/radiocityvalencia.es\/en\/","logo":{"@type":"ImageObject","inLanguage":"en-US","@id":"https:\/\/radiocityvalencia.es\/en\/#\/schema\/logo\/image\/","url":"https:\/\/radiocityvalencia.es\/wp-content\/uploads\/2023\/02\/LOGO_RADIO_WHT.png","contentUrl":"https:\/\/radiocityvalencia.es\/wp-content\/uploads\/2023\/02\/LOGO_RADIO_WHT.png","width":398,"height":57,"caption":"Radio City Valencia"},"image":{"@id":"https:\/\/radiocityvalencia.es\/en\/#\/schema\/logo\/image\/"},"sameAs":["https:\/\/www.facebook.com\/radiocityvlc"]}]}},"_links":{"self":[{"href":"https:\/\/radiocityvalencia.es\/en\/wp-json\/wp\/v2\/artistas\/450","targetHints":{"allow":["GET"]}}],"collection":[{"href":"https:\/\/radiocityvalencia.es\/en\/wp-json\/wp\/v2\/artistas"}],"about":[{"href":"https:\/\/radiocityvalencia.es\/en\/wp-json\/wp\/v2\/types\/artistas"}],"author":[{"embeddable":true,"href":"https:\/\/radiocityvalencia.es\/en\/wp-json\/wp\/v2\/users\/2"}],"version-history":[{"count":5,"href":"https:\/\/radiocityvalencia.es\/en\/wp-json\/wp\/v2\/artistas\/450\/revisions"}],"predecessor-version":[{"id":4262,"href":"https:\/\/radiocityvalencia.es\/en\/wp-json\/wp\/v2\/artistas\/450\/revisions\/4262"}],"wp:featuredmedia":[{"embeddable":true,"href":"https:\/\/radiocityvalencia.es\/en\/wp-json\/wp\/v2\/media\/453"}],"wp:attachment":[{"href":"https:\/\/radiocityvalencia.es\/en\/wp-json\/wp\/v2\/media?parent=450"}],"curies":[{"name":"wp","href":"https:\/\/api.w.org\/{rel}","templated":true}]}}

<!-- This site is optimized with the Yoast SEO plugin v27.5 - https://yoast.com/product/yoast-seo-wordpress/ -->
<title>Ndumi Black Ninja - Radiocity</title>
<meta name="description" content="Ndumi Black Ninja nació y creció en Sudáfrica donde dio sus primeros pasos como cantante en el coro de la iglesia. Afincada en Valencia, se ha convertido en una habitual de su escena Reggae donde es vocalista de Amazonians Reggae Music y colaboradora en varias bandas y proyectos de música." />
<meta name="robots" content="index, follow, max-snippet:-1, max-image-preview:large, max-video-preview:-1" />
<link rel="canonical" href="https://radiocityvalencia.es/en/artistas/ndumi-black-ninja/" />
<meta property="og:locale" content="en_US" />
<meta property="og:type" content="article" />
<meta property="og:title" content="Ndumi Black Ninja - Radiocity" />
<meta property="og:description" content="Ndumi Black Ninja nació y creció en Sudáfrica donde dio sus primeros pasos como cantante en el coro de la iglesia. Afincada en Valencia, se ha convertido en una habitual de su escena Reggae donde es vocalista de Amazonians Reggae Music y colaboradora en varias bandas y proyectos de música." />
<meta property="og:url" content="https://radiocityvalencia.es/en/artistas/ndumi-black-ninja/" />
<meta property="og:site_name" content="Radiocity" />
<meta property="article:publisher" content="https://www.facebook.com/radiocityvlc" />
<meta property="article:modified_time" content="2023-11-09T09:27:29+00:00" />
<meta property="og:image" content="https://radiocityvalencia.es/wp-content/uploads/2023/02/CABECERA_ARTISTA_Ndumi-Black-Ninja.webp" />
	<meta property="og:image:width" content="1920" />
	<meta property="og:image:height" content="1730" />
	<meta property="og:image:type" content="image/webp" />
<meta name="twitter:card" content="summary_large_image" />
<script type="application/ld+json" class="yoast-schema-graph">{"@context":"https:\/\/schema.org","@graph":[{"@type":"WebPage","@id":"https:\/\/radiocityvalencia.es\/en\/artistas\/ndumi-black-ninja\/","url":"https:\/\/radiocityvalencia.es\/en\/artistas\/ndumi-black-ninja\/","name":"Ndumi Black Ninja - Radiocity","isPartOf":{"@id":"https:\/\/radiocityvalencia.es\/en\/#website"},"primaryImageOfPage":{"@id":"https:\/\/radiocityvalencia.es\/en\/artistas\/ndumi-black-ninja\/#primaryimage"},"image":{"@id":"https:\/\/radiocityvalencia.es\/en\/artistas\/ndumi-black-ninja\/#primaryimage"},"thumbnailUrl":"https:\/\/radiocityvalencia.es\/wp-content\/uploads\/2023\/02\/MINIATURA_ARTISTA_Ndumi-Black-Ninja.png","datePublished":"2023-02-14T19:44:05+00:00","dateModified":"2023-11-09T09:27:29+00:00","description":"Ndumi Black Ninja nació y creció en Sudáfrica donde dio sus primeros pasos como cantante en el coro de la iglesia. Afincada en Valencia, se ha convertido en una habitual de su escena Reggae donde es vocalista de Amazonians Reggae Music y colaboradora en varias bandas y proyectos de música.","breadcrumb":{"@id":"https:\/\/radiocityvalencia.es\/en\/artistas\/ndumi-black-ninja\/#breadcrumb"},"inLanguage":"en-US","potentialAction":[{"@type":"ReadAction","target":["https:\/\/radiocityvalencia.es\/en\/artistas\/ndumi-black-ninja\/"]}]},{"@type":"ImageObject","inLanguage":"en-US","@id":"https:\/\/radiocityvalencia.es\/en\/artistas\/ndumi-black-ninja\/#primaryimage","url":"https:\/\/radiocityvalencia.es\/wp-content\/uploads\/2023\/02\/MINIATURA_ARTISTA_Ndumi-Black-Ninja.png","contentUrl":"https:\/\/radiocityvalencia.es\/wp-content\/uploads\/2023\/02\/MINIATURA_ARTISTA_Ndumi-Black-Ninja.png","width":398,"height":528},{"@type":"BreadcrumbList","@id":"https:\/\/radiocityvalencia.es\/en\/artistas\/ndumi-black-ninja\/#breadcrumb","itemListElement":[{"@type":"ListItem","position":1,"name":"Portada","item":"https:\/\/radiocityvalencia.es\/en\/home\/"},{"@type":"ListItem","position":2,"name":"Artistas","item":"https:\/\/radiocityvalencia.es\/en\/artistas\/"},{"@type":"ListItem","position":3,"name":"Ndumi Black Ninja"}]},{"@type":"WebSite","@id":"https:\/\/radiocityvalencia.es\/en\/#website","url":"https:\/\/radiocityvalencia.es\/en\/","name":"Radio City Valencia","description":"The Place to Be","publisher":{"@id":"https:\/\/radiocityvalencia.es\/en\/#organization"},"potentialAction":[{"@type":"SearchAction","target":{"@type":"EntryPoint","urlTemplate":"https:\/\/radiocityvalencia.es\/en\/?s={search_term_string}"},"query-input":{"@type":"PropertyValueSpecification","valueRequired":true,"valueName":"search_term_string"}}],"inLanguage":"en-US"},{"@type":"Organization","@id":"https:\/\/radiocityvalencia.es\/en\/#organization","name":"Radio City Valencia","url":"https:\/\/radiocityvalencia.es\/en\/","logo":{"@type":"ImageObject","inLanguage":"en-US","@id":"https:\/\/radiocityvalencia.es\/en\/#\/schema\/logo\/image\/","url":"https:\/\/radiocityvalencia.es\/wp-content\/uploads\/2023\/02\/LOGO_RADIO_WHT.png","contentUrl":"https:\/\/radiocityvalencia.es\/wp-content\/uploads\/2023\/02\/LOGO_RADIO_WHT.png","width":398,"height":57,"caption":"Radio City Valencia"},"image":{"@id":"https:\/\/radiocityvalencia.es\/en\/#\/schema\/logo\/image\/"},"sameAs":["https:\/\/www.facebook.com\/radiocityvlc"]}]}</script>
<!-- / Yoast SEO plugin. -->

Ndumi Black Ninja nació y creció en Sudáfrica donde dio sus primeros pasos como cantante en el coro de la iglesia. Afincada en Valencia, se ha convertido en una habitual de su escena Reggae donde es vocalista de Amazonians Reggae Music y colaboradora en varias bandas y proyectos de música.
