{"id":3325,"date":"2023-09-15T09:39:16","date_gmt":"2023-09-15T09:39:16","guid":{"rendered":"https:\/\/radiocityvalencia.es\/?post_type=artistas&#038;p=3325"},"modified":"2023-11-08T09:22:54","modified_gmt":"2023-11-08T09:22:54","slug":"extasis","status":"publish","type":"artistas","link":"https:\/\/radiocityvalencia.es\/en\/artistas\/extasis\/","title":{"rendered":"\u00c9xtasis"},"author":3,"featured_media":3338,"parent":0,"template":"","meta":[],"class_list":{"0":"post-3325","1":"artistas","2":"type-artistas","3":"status-publish","4":"has-post-thumbnail","6":"estilo_musical-indie","7":"estilo_musical-rock"},"acf":[],"yoast_head":"<!-- This site is optimized with the Yoast SEO plugin v27.3 - https:\/\/yoast.com\/product\/yoast-seo-wordpress\/ -->\n<title>\u00c9xtasis - Radiocity<\/title>\n<meta name=\"description\" content=\"Tras ser escogidos como canci\u00f3n del verano de Enderrock con el single &#039;Aquellos Grandes Hits&#039; (RGB Soportes, 2018) la banda se cerr\u00f3 dos semanas en la Casa Murada bajo la producci\u00f3n de Jes\u00fas Rovira (Lax&#039;n&#039; Busto) para grabar las once canciones que forman parte de este nuevo disco, que vuelve a apostar por el rock. As\u00ed pues, en este 2020, \u00c8xta6 vuelve con un directo explosivo, que no dejar\u00e1 indiferente a nadie.\" \/>\n<meta name=\"robots\" content=\"index, follow, max-snippet:-1, max-image-preview:large, max-video-preview:-1\" \/>\n<link rel=\"canonical\" href=\"https:\/\/radiocityvalencia.es\/en\/artistas\/extasis\/\" \/>\n<meta property=\"og:locale\" content=\"en_US\" \/>\n<meta property=\"og:type\" content=\"article\" \/>\n<meta property=\"og:title\" content=\"\u00c9xtasis - Radiocity\" \/>\n<meta property=\"og:description\" content=\"Tras ser escogidos como canci\u00f3n del verano de Enderrock con el single &#039;Aquellos Grandes Hits&#039; (RGB Soportes, 2018) la banda se cerr\u00f3 dos semanas en la Casa Murada bajo la producci\u00f3n de Jes\u00fas Rovira (Lax&#039;n&#039; Busto) para grabar las once canciones que forman parte de este nuevo disco, que vuelve a apostar por el rock. As\u00ed pues, en este 2020, \u00c8xta6 vuelve con un directo explosivo, que no dejar\u00e1 indiferente a nadie.\" \/>\n<meta property=\"og:url\" content=\"https:\/\/radiocityvalencia.es\/en\/artistas\/extasis\/\" \/>\n<meta property=\"og:site_name\" content=\"Radiocity\" \/>\n<meta property=\"article:publisher\" content=\"https:\/\/www.facebook.com\/radiocityvlc\" \/>\n<meta property=\"article:modified_time\" content=\"2023-11-08T09:22:54+00:00\" \/>\n<meta property=\"og:image\" content=\"https:\/\/radiocityvalencia.es\/wp-content\/uploads\/2023\/09\/miniatura-cartel-extasis-y-esquina-finlandia.webp\" \/>\n\t<meta property=\"og:image:width\" content=\"398\" \/>\n\t<meta property=\"og:image:height\" content=\"528\" \/>\n\t<meta property=\"og:image:type\" content=\"image\/webp\" \/>\n<meta name=\"twitter:card\" content=\"summary_large_image\" \/>\n<script type=\"application\/ld+json\" class=\"yoast-schema-graph\">{\"@context\":\"https:\\\/\\\/schema.org\",\"@graph\":[{\"@type\":\"WebPage\",\"@id\":\"https:\\\/\\\/radiocityvalencia.es\\\/en\\\/artistas\\\/extasis\\\/\",\"url\":\"https:\\\/\\\/radiocityvalencia.es\\\/en\\\/artistas\\\/extasis\\\/\",\"name\":\"\u00c9xtasis - Radiocity\",\"isPartOf\":{\"@id\":\"https:\\\/\\\/radiocityvalencia.es\\\/en\\\/#website\"},\"primaryImageOfPage\":{\"@id\":\"https:\\\/\\\/radiocityvalencia.es\\\/en\\\/artistas\\\/extasis\\\/#primaryimage\"},\"image\":{\"@id\":\"https:\\\/\\\/radiocityvalencia.es\\\/en\\\/artistas\\\/extasis\\\/#primaryimage\"},\"thumbnailUrl\":\"https:\\\/\\\/radiocityvalencia.es\\\/wp-content\\\/uploads\\\/2023\\\/09\\\/extasis-miniatura-artista.webp\",\"datePublished\":\"2023-09-15T09:39:16+00:00\",\"dateModified\":\"2023-11-08T09:22:54+00:00\",\"description\":\"Tras ser escogidos como canci\u00f3n del verano de Enderrock con el single 'Aquellos Grandes Hits' (RGB Soportes, 2018) la banda se cerr\u00f3 dos semanas en la Casa Murada bajo la producci\u00f3n de Jes\u00fas Rovira (Lax'n' Busto) para grabar las once canciones que forman parte de este nuevo disco, que vuelve a apostar por el rock. As\u00ed pues, en este 2020, \u00c8xta6 vuelve con un directo explosivo, que no dejar\u00e1 indiferente a nadie.\",\"breadcrumb\":{\"@id\":\"https:\\\/\\\/radiocityvalencia.es\\\/en\\\/artistas\\\/extasis\\\/#breadcrumb\"},\"inLanguage\":\"en-US\",\"potentialAction\":[{\"@type\":\"ReadAction\",\"target\":[\"https:\\\/\\\/radiocityvalencia.es\\\/en\\\/artistas\\\/extasis\\\/\"]}]},{\"@type\":\"ImageObject\",\"inLanguage\":\"en-US\",\"@id\":\"https:\\\/\\\/radiocityvalencia.es\\\/en\\\/artistas\\\/extasis\\\/#primaryimage\",\"url\":\"https:\\\/\\\/radiocityvalencia.es\\\/wp-content\\\/uploads\\\/2023\\\/09\\\/extasis-miniatura-artista.webp\",\"contentUrl\":\"https:\\\/\\\/radiocityvalencia.es\\\/wp-content\\\/uploads\\\/2023\\\/09\\\/extasis-miniatura-artista.webp\",\"width\":398,\"height\":528},{\"@type\":\"BreadcrumbList\",\"@id\":\"https:\\\/\\\/radiocityvalencia.es\\\/en\\\/artistas\\\/extasis\\\/#breadcrumb\",\"itemListElement\":[{\"@type\":\"ListItem\",\"position\":1,\"name\":\"Portada\",\"item\":\"https:\\\/\\\/radiocityvalencia.es\\\/en\\\/home\\\/\"},{\"@type\":\"ListItem\",\"position\":2,\"name\":\"Artistas\",\"item\":\"https:\\\/\\\/radiocityvalencia.es\\\/en\\\/artistas\\\/\"},{\"@type\":\"ListItem\",\"position\":3,\"name\":\"\u00c9xtasis\"}]},{\"@type\":\"WebSite\",\"@id\":\"https:\\\/\\\/radiocityvalencia.es\\\/en\\\/#website\",\"url\":\"https:\\\/\\\/radiocityvalencia.es\\\/en\\\/\",\"name\":\"Radio City Valencia\",\"description\":\"The Place to Be\",\"publisher\":{\"@id\":\"https:\\\/\\\/radiocityvalencia.es\\\/en\\\/#organization\"},\"potentialAction\":[{\"@type\":\"SearchAction\",\"target\":{\"@type\":\"EntryPoint\",\"urlTemplate\":\"https:\\\/\\\/radiocityvalencia.es\\\/en\\\/?s={search_term_string}\"},\"query-input\":{\"@type\":\"PropertyValueSpecification\",\"valueRequired\":true,\"valueName\":\"search_term_string\"}}],\"inLanguage\":\"en-US\"},{\"@type\":\"Organization\",\"@id\":\"https:\\\/\\\/radiocityvalencia.es\\\/en\\\/#organization\",\"name\":\"Radio City Valencia\",\"url\":\"https:\\\/\\\/radiocityvalencia.es\\\/en\\\/\",\"logo\":{\"@type\":\"ImageObject\",\"inLanguage\":\"en-US\",\"@id\":\"https:\\\/\\\/radiocityvalencia.es\\\/en\\\/#\\\/schema\\\/logo\\\/image\\\/\",\"url\":\"https:\\\/\\\/radiocityvalencia.es\\\/wp-content\\\/uploads\\\/2023\\\/02\\\/LOGO_RADIO_WHT.png\",\"contentUrl\":\"https:\\\/\\\/radiocityvalencia.es\\\/wp-content\\\/uploads\\\/2023\\\/02\\\/LOGO_RADIO_WHT.png\",\"width\":398,\"height\":57,\"caption\":\"Radio City Valencia\"},\"image\":{\"@id\":\"https:\\\/\\\/radiocityvalencia.es\\\/en\\\/#\\\/schema\\\/logo\\\/image\\\/\"},\"sameAs\":[\"https:\\\/\\\/www.facebook.com\\\/radiocityvlc\"]}]}<\/script>\n<!-- \/ Yoast SEO plugin. -->","yoast_head_json":{"title":"\u00c9xtasis - Radiocity","description":"Tras ser escogidos como canci\u00f3n del verano de Enderrock con el single 'Aquellos Grandes Hits' (RGB Soportes, 2018) la banda se cerr\u00f3 dos semanas en la Casa Murada bajo la producci\u00f3n de Jes\u00fas Rovira (Lax'n' Busto) para grabar las once canciones que forman parte de este nuevo disco, que vuelve a apostar por el rock. As\u00ed pues, en este 2020, \u00c8xta6 vuelve con un directo explosivo, que no dejar\u00e1 indiferente a nadie.","robots":{"index":"index","follow":"follow","max-snippet":"max-snippet:-1","max-image-preview":"max-image-preview:large","max-video-preview":"max-video-preview:-1"},"canonical":"https:\/\/radiocityvalencia.es\/en\/artistas\/extasis\/","og_locale":"en_US","og_type":"article","og_title":"\u00c9xtasis - Radiocity","og_description":"Tras ser escogidos como canci\u00f3n del verano de Enderrock con el single 'Aquellos Grandes Hits' (RGB Soportes, 2018) la banda se cerr\u00f3 dos semanas en la Casa Murada bajo la producci\u00f3n de Jes\u00fas Rovira (Lax'n' Busto) para grabar las once canciones que forman parte de este nuevo disco, que vuelve a apostar por el rock. As\u00ed pues, en este 2020, \u00c8xta6 vuelve con un directo explosivo, que no dejar\u00e1 indiferente a nadie.","og_url":"https:\/\/radiocityvalencia.es\/en\/artistas\/extasis\/","og_site_name":"Radiocity","article_publisher":"https:\/\/www.facebook.com\/radiocityvlc","article_modified_time":"2023-11-08T09:22:54+00:00","og_image":[{"width":398,"height":528,"url":"https:\/\/radiocityvalencia.es\/wp-content\/uploads\/2023\/09\/miniatura-cartel-extasis-y-esquina-finlandia.webp","type":"image\/webp"}],"twitter_card":"summary_large_image","schema":{"@context":"https:\/\/schema.org","@graph":[{"@type":"WebPage","@id":"https:\/\/radiocityvalencia.es\/en\/artistas\/extasis\/","url":"https:\/\/radiocityvalencia.es\/en\/artistas\/extasis\/","name":"\u00c9xtasis - Radiocity","isPartOf":{"@id":"https:\/\/radiocityvalencia.es\/en\/#website"},"primaryImageOfPage":{"@id":"https:\/\/radiocityvalencia.es\/en\/artistas\/extasis\/#primaryimage"},"image":{"@id":"https:\/\/radiocityvalencia.es\/en\/artistas\/extasis\/#primaryimage"},"thumbnailUrl":"https:\/\/radiocityvalencia.es\/wp-content\/uploads\/2023\/09\/extasis-miniatura-artista.webp","datePublished":"2023-09-15T09:39:16+00:00","dateModified":"2023-11-08T09:22:54+00:00","description":"Tras ser escogidos como canci\u00f3n del verano de Enderrock con el single 'Aquellos Grandes Hits' (RGB Soportes, 2018) la banda se cerr\u00f3 dos semanas en la Casa Murada bajo la producci\u00f3n de Jes\u00fas Rovira (Lax'n' Busto) para grabar las once canciones que forman parte de este nuevo disco, que vuelve a apostar por el rock. As\u00ed pues, en este 2020, \u00c8xta6 vuelve con un directo explosivo, que no dejar\u00e1 indiferente a nadie.","breadcrumb":{"@id":"https:\/\/radiocityvalencia.es\/en\/artistas\/extasis\/#breadcrumb"},"inLanguage":"en-US","potentialAction":[{"@type":"ReadAction","target":["https:\/\/radiocityvalencia.es\/en\/artistas\/extasis\/"]}]},{"@type":"ImageObject","inLanguage":"en-US","@id":"https:\/\/radiocityvalencia.es\/en\/artistas\/extasis\/#primaryimage","url":"https:\/\/radiocityvalencia.es\/wp-content\/uploads\/2023\/09\/extasis-miniatura-artista.webp","contentUrl":"https:\/\/radiocityvalencia.es\/wp-content\/uploads\/2023\/09\/extasis-miniatura-artista.webp","width":398,"height":528},{"@type":"BreadcrumbList","@id":"https:\/\/radiocityvalencia.es\/en\/artistas\/extasis\/#breadcrumb","itemListElement":[{"@type":"ListItem","position":1,"name":"Portada","item":"https:\/\/radiocityvalencia.es\/en\/home\/"},{"@type":"ListItem","position":2,"name":"Artistas","item":"https:\/\/radiocityvalencia.es\/en\/artistas\/"},{"@type":"ListItem","position":3,"name":"\u00c9xtasis"}]},{"@type":"WebSite","@id":"https:\/\/radiocityvalencia.es\/en\/#website","url":"https:\/\/radiocityvalencia.es\/en\/","name":"Radio City Valencia","description":"The Place to Be","publisher":{"@id":"https:\/\/radiocityvalencia.es\/en\/#organization"},"potentialAction":[{"@type":"SearchAction","target":{"@type":"EntryPoint","urlTemplate":"https:\/\/radiocityvalencia.es\/en\/?s={search_term_string}"},"query-input":{"@type":"PropertyValueSpecification","valueRequired":true,"valueName":"search_term_string"}}],"inLanguage":"en-US"},{"@type":"Organization","@id":"https:\/\/radiocityvalencia.es\/en\/#organization","name":"Radio City Valencia","url":"https:\/\/radiocityvalencia.es\/en\/","logo":{"@type":"ImageObject","inLanguage":"en-US","@id":"https:\/\/radiocityvalencia.es\/en\/#\/schema\/logo\/image\/","url":"https:\/\/radiocityvalencia.es\/wp-content\/uploads\/2023\/02\/LOGO_RADIO_WHT.png","contentUrl":"https:\/\/radiocityvalencia.es\/wp-content\/uploads\/2023\/02\/LOGO_RADIO_WHT.png","width":398,"height":57,"caption":"Radio City Valencia"},"image":{"@id":"https:\/\/radiocityvalencia.es\/en\/#\/schema\/logo\/image\/"},"sameAs":["https:\/\/www.facebook.com\/radiocityvlc"]}]}},"_links":{"self":[{"href":"https:\/\/radiocityvalencia.es\/en\/wp-json\/wp\/v2\/artistas\/3325","targetHints":{"allow":["GET"]}}],"collection":[{"href":"https:\/\/radiocityvalencia.es\/en\/wp-json\/wp\/v2\/artistas"}],"about":[{"href":"https:\/\/radiocityvalencia.es\/en\/wp-json\/wp\/v2\/types\/artistas"}],"author":[{"embeddable":true,"href":"https:\/\/radiocityvalencia.es\/en\/wp-json\/wp\/v2\/users\/3"}],"version-history":[{"count":4,"href":"https:\/\/radiocityvalencia.es\/en\/wp-json\/wp\/v2\/artistas\/3325\/revisions"}],"predecessor-version":[{"id":4238,"href":"https:\/\/radiocityvalencia.es\/en\/wp-json\/wp\/v2\/artistas\/3325\/revisions\/4238"}],"wp:featuredmedia":[{"embeddable":true,"href":"https:\/\/radiocityvalencia.es\/en\/wp-json\/wp\/v2\/media\/3338"}],"wp:attachment":[{"href":"https:\/\/radiocityvalencia.es\/en\/wp-json\/wp\/v2\/media?parent=3325"}],"curies":[{"name":"wp","href":"https:\/\/api.w.org\/{rel}","templated":true}]}}

Éxtasis

<!-- This site is optimized with the Yoast SEO plugin v27.3 - https://yoast.com/product/yoast-seo-wordpress/ -->
<title>Éxtasis - Radiocity</title>
<meta name="description" content="Tras ser escogidos como canción del verano de Enderrock con el single &#039;Aquellos Grandes Hits&#039; (RGB Soportes, 2018) la banda se cerró dos semanas en la Casa Murada bajo la producción de Jesús Rovira (Lax&#039;n&#039; Busto) para grabar las once canciones que forman parte de este nuevo disco, que vuelve a apostar por el rock. Así pues, en este 2020, Èxta6 vuelve con un directo explosivo, que no dejará indiferente a nadie." />
<meta name="robots" content="index, follow, max-snippet:-1, max-image-preview:large, max-video-preview:-1" />
<link rel="canonical" href="https://radiocityvalencia.es/en/artistas/extasis/" />
<meta property="og:locale" content="en_US" />
<meta property="og:type" content="article" />
<meta property="og:title" content="Éxtasis - Radiocity" />
<meta property="og:description" content="Tras ser escogidos como canción del verano de Enderrock con el single &#039;Aquellos Grandes Hits&#039; (RGB Soportes, 2018) la banda se cerró dos semanas en la Casa Murada bajo la producción de Jesús Rovira (Lax&#039;n&#039; Busto) para grabar las once canciones que forman parte de este nuevo disco, que vuelve a apostar por el rock. Así pues, en este 2020, Èxta6 vuelve con un directo explosivo, que no dejará indiferente a nadie." />
<meta property="og:url" content="https://radiocityvalencia.es/en/artistas/extasis/" />
<meta property="og:site_name" content="Radiocity" />
<meta property="article:publisher" content="https://www.facebook.com/radiocityvlc" />
<meta property="article:modified_time" content="2023-11-08T09:22:54+00:00" />
<meta property="og:image" content="https://radiocityvalencia.es/wp-content/uploads/2023/09/miniatura-cartel-extasis-y-esquina-finlandia.webp" />
	<meta property="og:image:width" content="398" />
	<meta property="og:image:height" content="528" />
	<meta property="og:image:type" content="image/webp" />
<meta name="twitter:card" content="summary_large_image" />
<script type="application/ld+json" class="yoast-schema-graph">{"@context":"https:\/\/schema.org","@graph":[{"@type":"WebPage","@id":"https:\/\/radiocityvalencia.es\/en\/artistas\/extasis\/","url":"https:\/\/radiocityvalencia.es\/en\/artistas\/extasis\/","name":"Éxtasis - Radiocity","isPartOf":{"@id":"https:\/\/radiocityvalencia.es\/en\/#website"},"primaryImageOfPage":{"@id":"https:\/\/radiocityvalencia.es\/en\/artistas\/extasis\/#primaryimage"},"image":{"@id":"https:\/\/radiocityvalencia.es\/en\/artistas\/extasis\/#primaryimage"},"thumbnailUrl":"https:\/\/radiocityvalencia.es\/wp-content\/uploads\/2023\/09\/extasis-miniatura-artista.webp","datePublished":"2023-09-15T09:39:16+00:00","dateModified":"2023-11-08T09:22:54+00:00","description":"Tras ser escogidos como canción del verano de Enderrock con el single 'Aquellos Grandes Hits' (RGB Soportes, 2018) la banda se cerró dos semanas en la Casa Murada bajo la producción de Jesús Rovira (Lax'n' Busto) para grabar las once canciones que forman parte de este nuevo disco, que vuelve a apostar por el rock. Así pues, en este 2020, Èxta6 vuelve con un directo explosivo, que no dejará indiferente a nadie.","breadcrumb":{"@id":"https:\/\/radiocityvalencia.es\/en\/artistas\/extasis\/#breadcrumb"},"inLanguage":"en-US","potentialAction":[{"@type":"ReadAction","target":["https:\/\/radiocityvalencia.es\/en\/artistas\/extasis\/"]}]},{"@type":"ImageObject","inLanguage":"en-US","@id":"https:\/\/radiocityvalencia.es\/en\/artistas\/extasis\/#primaryimage","url":"https:\/\/radiocityvalencia.es\/wp-content\/uploads\/2023\/09\/extasis-miniatura-artista.webp","contentUrl":"https:\/\/radiocityvalencia.es\/wp-content\/uploads\/2023\/09\/extasis-miniatura-artista.webp","width":398,"height":528},{"@type":"BreadcrumbList","@id":"https:\/\/radiocityvalencia.es\/en\/artistas\/extasis\/#breadcrumb","itemListElement":[{"@type":"ListItem","position":1,"name":"Portada","item":"https:\/\/radiocityvalencia.es\/en\/home\/"},{"@type":"ListItem","position":2,"name":"Artistas","item":"https:\/\/radiocityvalencia.es\/en\/artistas\/"},{"@type":"ListItem","position":3,"name":"Éxtasis"}]},{"@type":"WebSite","@id":"https:\/\/radiocityvalencia.es\/en\/#website","url":"https:\/\/radiocityvalencia.es\/en\/","name":"Radio City Valencia","description":"The Place to Be","publisher":{"@id":"https:\/\/radiocityvalencia.es\/en\/#organization"},"potentialAction":[{"@type":"SearchAction","target":{"@type":"EntryPoint","urlTemplate":"https:\/\/radiocityvalencia.es\/en\/?s={search_term_string}"},"query-input":{"@type":"PropertyValueSpecification","valueRequired":true,"valueName":"search_term_string"}}],"inLanguage":"en-US"},{"@type":"Organization","@id":"https:\/\/radiocityvalencia.es\/en\/#organization","name":"Radio City Valencia","url":"https:\/\/radiocityvalencia.es\/en\/","logo":{"@type":"ImageObject","inLanguage":"en-US","@id":"https:\/\/radiocityvalencia.es\/en\/#\/schema\/logo\/image\/","url":"https:\/\/radiocityvalencia.es\/wp-content\/uploads\/2023\/02\/LOGO_RADIO_WHT.png","contentUrl":"https:\/\/radiocityvalencia.es\/wp-content\/uploads\/2023\/02\/LOGO_RADIO_WHT.png","width":398,"height":57,"caption":"Radio City Valencia"},"image":{"@id":"https:\/\/radiocityvalencia.es\/en\/#\/schema\/logo\/image\/"},"sameAs":["https:\/\/www.facebook.com\/radiocityvlc"]}]}</script>
<!-- / Yoast SEO plugin. -->

Éxtasis - Radiocity

Tras ser escogidos como canción del verano de Enderrock con el single 'Aquellos Grandes Hits' (RGB Soportes, 2018) la banda se cerró dos semanas en la Casa Murada bajo la producción de Jesús Rovira (Lax'n' Busto) para grabar las once canciones que forman parte de este nuevo disco, que vuelve a apostar por el rock. Así pues, en este 2020, Èxta6 vuelve con un directo explosivo, que no dejará indiferente a nadie.
