{"id":2424,"date":"2023-06-08T12:15:21","date_gmt":"2023-06-08T12:15:21","guid":{"rendered":"https:\/\/radiocityvalencia.es\/?post_type=artistas&#038;p=2424"},"modified":"2023-10-30T15:21:00","modified_gmt":"2023-10-30T15:21:00","slug":"freya-alexander","status":"publish","type":"artistas","link":"https:\/\/radiocityvalencia.es\/en\/artistas\/freya-alexander\/","title":{"rendered":"Freya Alexander"},"author":3,"featured_media":2436,"parent":0,"template":"","meta":[],"class_list":{"0":"post-2424","1":"artistas","2":"type-artistas","3":"status-publish","4":"has-post-thumbnail","6":"estilo_musical-pintura"},"acf":[],"yoast_head":"<!-- This site is optimized with the Yoast SEO plugin v27.3 - https:\/\/yoast.com\/product\/yoast-seo-wordpress\/ -->\n<title>Freya Alexander - Radiocity<\/title>\n<meta name=\"description\" content=\"Freya Alexander es una artista queer local originaria de Australia que vive en Val\u00e8ncia. Trabajando en una variedad de estilos, todas sus pinturas exploran la calidad del ser. Ella investiga c\u00f3mo el cuerpo interact\u00faa consigo mismo, con los dem\u00e1s y dentro de los espacios de una manera celebratoria. Sus pinturas recientes est\u00e1n inspiradas en su barrio, El Cabanyal.\" \/>\n<meta name=\"robots\" content=\"index, follow, max-snippet:-1, max-image-preview:large, max-video-preview:-1\" \/>\n<link rel=\"canonical\" href=\"https:\/\/radiocityvalencia.es\/en\/artistas\/freya-alexander\/\" \/>\n<meta property=\"og:locale\" content=\"en_US\" \/>\n<meta property=\"og:type\" content=\"article\" \/>\n<meta property=\"og:title\" content=\"Freya Alexander - Radiocity\" \/>\n<meta property=\"og:description\" content=\"Freya Alexander es una artista queer local originaria de Australia que vive en Val\u00e8ncia. Trabajando en una variedad de estilos, todas sus pinturas exploran la calidad del ser. Ella investiga c\u00f3mo el cuerpo interact\u00faa consigo mismo, con los dem\u00e1s y dentro de los espacios de una manera celebratoria. Sus pinturas recientes est\u00e1n inspiradas en su barrio, El Cabanyal.\" \/>\n<meta property=\"og:url\" content=\"https:\/\/radiocityvalencia.es\/en\/artistas\/freya-alexander\/\" \/>\n<meta property=\"og:site_name\" content=\"Radiocity\" \/>\n<meta property=\"article:publisher\" content=\"https:\/\/www.facebook.com\/radiocityvlc\" \/>\n<meta property=\"article:modified_time\" content=\"2023-10-30T15:21:00+00:00\" \/>\n<meta property=\"og:image\" content=\"https:\/\/radiocityvalencia.es\/wp-content\/uploads\/2023\/06\/Freya-Alexander-Headshot.webp\" \/>\n\t<meta property=\"og:image:width\" content=\"398\" \/>\n\t<meta property=\"og:image:height\" content=\"528\" \/>\n\t<meta property=\"og:image:type\" content=\"image\/webp\" \/>\n<meta name=\"twitter:card\" content=\"summary_large_image\" \/>\n<script type=\"application\/ld+json\" class=\"yoast-schema-graph\">{\"@context\":\"https:\\\/\\\/schema.org\",\"@graph\":[{\"@type\":\"WebPage\",\"@id\":\"https:\\\/\\\/radiocityvalencia.es\\\/en\\\/artistas\\\/freya-alexander\\\/\",\"url\":\"https:\\\/\\\/radiocityvalencia.es\\\/en\\\/artistas\\\/freya-alexander\\\/\",\"name\":\"Freya Alexander - Radiocity\",\"isPartOf\":{\"@id\":\"https:\\\/\\\/radiocityvalencia.es\\\/en\\\/#website\"},\"primaryImageOfPage\":{\"@id\":\"https:\\\/\\\/radiocityvalencia.es\\\/en\\\/artistas\\\/freya-alexander\\\/#primaryimage\"},\"image\":{\"@id\":\"https:\\\/\\\/radiocityvalencia.es\\\/en\\\/artistas\\\/freya-alexander\\\/#primaryimage\"},\"thumbnailUrl\":\"https:\\\/\\\/radiocityvalencia.es\\\/wp-content\\\/uploads\\\/2023\\\/06\\\/Freya-Alexander-Headshot.webp\",\"datePublished\":\"2023-06-08T12:15:21+00:00\",\"dateModified\":\"2023-10-30T15:21:00+00:00\",\"description\":\"Freya Alexander es una artista queer local originaria de Australia que vive en Val\u00e8ncia. Trabajando en una variedad de estilos, todas sus pinturas exploran la calidad del ser. Ella investiga c\u00f3mo el cuerpo interact\u00faa consigo mismo, con los dem\u00e1s y dentro de los espacios de una manera celebratoria. Sus pinturas recientes est\u00e1n inspiradas en su barrio, El Cabanyal.\",\"breadcrumb\":{\"@id\":\"https:\\\/\\\/radiocityvalencia.es\\\/en\\\/artistas\\\/freya-alexander\\\/#breadcrumb\"},\"inLanguage\":\"en-US\",\"potentialAction\":[{\"@type\":\"ReadAction\",\"target\":[\"https:\\\/\\\/radiocityvalencia.es\\\/en\\\/artistas\\\/freya-alexander\\\/\"]}]},{\"@type\":\"ImageObject\",\"inLanguage\":\"en-US\",\"@id\":\"https:\\\/\\\/radiocityvalencia.es\\\/en\\\/artistas\\\/freya-alexander\\\/#primaryimage\",\"url\":\"https:\\\/\\\/radiocityvalencia.es\\\/wp-content\\\/uploads\\\/2023\\\/06\\\/Freya-Alexander-Headshot.webp\",\"contentUrl\":\"https:\\\/\\\/radiocityvalencia.es\\\/wp-content\\\/uploads\\\/2023\\\/06\\\/Freya-Alexander-Headshot.webp\",\"width\":398,\"height\":528},{\"@type\":\"BreadcrumbList\",\"@id\":\"https:\\\/\\\/radiocityvalencia.es\\\/en\\\/artistas\\\/freya-alexander\\\/#breadcrumb\",\"itemListElement\":[{\"@type\":\"ListItem\",\"position\":1,\"name\":\"Portada\",\"item\":\"https:\\\/\\\/radiocityvalencia.es\\\/en\\\/home\\\/\"},{\"@type\":\"ListItem\",\"position\":2,\"name\":\"Artistas\",\"item\":\"https:\\\/\\\/radiocityvalencia.es\\\/en\\\/artistas\\\/\"},{\"@type\":\"ListItem\",\"position\":3,\"name\":\"Freya Alexander\"}]},{\"@type\":\"WebSite\",\"@id\":\"https:\\\/\\\/radiocityvalencia.es\\\/en\\\/#website\",\"url\":\"https:\\\/\\\/radiocityvalencia.es\\\/en\\\/\",\"name\":\"Radio City Valencia\",\"description\":\"The Place to Be\",\"publisher\":{\"@id\":\"https:\\\/\\\/radiocityvalencia.es\\\/en\\\/#organization\"},\"potentialAction\":[{\"@type\":\"SearchAction\",\"target\":{\"@type\":\"EntryPoint\",\"urlTemplate\":\"https:\\\/\\\/radiocityvalencia.es\\\/en\\\/?s={search_term_string}\"},\"query-input\":{\"@type\":\"PropertyValueSpecification\",\"valueRequired\":true,\"valueName\":\"search_term_string\"}}],\"inLanguage\":\"en-US\"},{\"@type\":\"Organization\",\"@id\":\"https:\\\/\\\/radiocityvalencia.es\\\/en\\\/#organization\",\"name\":\"Radio City Valencia\",\"url\":\"https:\\\/\\\/radiocityvalencia.es\\\/en\\\/\",\"logo\":{\"@type\":\"ImageObject\",\"inLanguage\":\"en-US\",\"@id\":\"https:\\\/\\\/radiocityvalencia.es\\\/en\\\/#\\\/schema\\\/logo\\\/image\\\/\",\"url\":\"https:\\\/\\\/radiocityvalencia.es\\\/wp-content\\\/uploads\\\/2023\\\/02\\\/LOGO_RADIO_WHT.png\",\"contentUrl\":\"https:\\\/\\\/radiocityvalencia.es\\\/wp-content\\\/uploads\\\/2023\\\/02\\\/LOGO_RADIO_WHT.png\",\"width\":398,\"height\":57,\"caption\":\"Radio City Valencia\"},\"image\":{\"@id\":\"https:\\\/\\\/radiocityvalencia.es\\\/en\\\/#\\\/schema\\\/logo\\\/image\\\/\"},\"sameAs\":[\"https:\\\/\\\/www.facebook.com\\\/radiocityvlc\"]}]}<\/script>\n<!-- \/ Yoast SEO plugin. -->","yoast_head_json":{"title":"Freya Alexander - Radiocity","description":"Freya Alexander es una artista queer local originaria de Australia que vive en Val\u00e8ncia. Trabajando en una variedad de estilos, todas sus pinturas exploran la calidad del ser. Ella investiga c\u00f3mo el cuerpo interact\u00faa consigo mismo, con los dem\u00e1s y dentro de los espacios de una manera celebratoria. Sus pinturas recientes est\u00e1n inspiradas en su barrio, El Cabanyal.","robots":{"index":"index","follow":"follow","max-snippet":"max-snippet:-1","max-image-preview":"max-image-preview:large","max-video-preview":"max-video-preview:-1"},"canonical":"https:\/\/radiocityvalencia.es\/en\/artistas\/freya-alexander\/","og_locale":"en_US","og_type":"article","og_title":"Freya Alexander - Radiocity","og_description":"Freya Alexander es una artista queer local originaria de Australia que vive en Val\u00e8ncia. Trabajando en una variedad de estilos, todas sus pinturas exploran la calidad del ser. Ella investiga c\u00f3mo el cuerpo interact\u00faa consigo mismo, con los dem\u00e1s y dentro de los espacios de una manera celebratoria. Sus pinturas recientes est\u00e1n inspiradas en su barrio, El Cabanyal.","og_url":"https:\/\/radiocityvalencia.es\/en\/artistas\/freya-alexander\/","og_site_name":"Radiocity","article_publisher":"https:\/\/www.facebook.com\/radiocityvlc","article_modified_time":"2023-10-30T15:21:00+00:00","og_image":[{"width":398,"height":528,"url":"https:\/\/radiocityvalencia.es\/wp-content\/uploads\/2023\/06\/Freya-Alexander-Headshot.webp","type":"image\/webp"}],"twitter_card":"summary_large_image","schema":{"@context":"https:\/\/schema.org","@graph":[{"@type":"WebPage","@id":"https:\/\/radiocityvalencia.es\/en\/artistas\/freya-alexander\/","url":"https:\/\/radiocityvalencia.es\/en\/artistas\/freya-alexander\/","name":"Freya Alexander - Radiocity","isPartOf":{"@id":"https:\/\/radiocityvalencia.es\/en\/#website"},"primaryImageOfPage":{"@id":"https:\/\/radiocityvalencia.es\/en\/artistas\/freya-alexander\/#primaryimage"},"image":{"@id":"https:\/\/radiocityvalencia.es\/en\/artistas\/freya-alexander\/#primaryimage"},"thumbnailUrl":"https:\/\/radiocityvalencia.es\/wp-content\/uploads\/2023\/06\/Freya-Alexander-Headshot.webp","datePublished":"2023-06-08T12:15:21+00:00","dateModified":"2023-10-30T15:21:00+00:00","description":"Freya Alexander es una artista queer local originaria de Australia que vive en Val\u00e8ncia. Trabajando en una variedad de estilos, todas sus pinturas exploran la calidad del ser. Ella investiga c\u00f3mo el cuerpo interact\u00faa consigo mismo, con los dem\u00e1s y dentro de los espacios de una manera celebratoria. Sus pinturas recientes est\u00e1n inspiradas en su barrio, El Cabanyal.","breadcrumb":{"@id":"https:\/\/radiocityvalencia.es\/en\/artistas\/freya-alexander\/#breadcrumb"},"inLanguage":"en-US","potentialAction":[{"@type":"ReadAction","target":["https:\/\/radiocityvalencia.es\/en\/artistas\/freya-alexander\/"]}]},{"@type":"ImageObject","inLanguage":"en-US","@id":"https:\/\/radiocityvalencia.es\/en\/artistas\/freya-alexander\/#primaryimage","url":"https:\/\/radiocityvalencia.es\/wp-content\/uploads\/2023\/06\/Freya-Alexander-Headshot.webp","contentUrl":"https:\/\/radiocityvalencia.es\/wp-content\/uploads\/2023\/06\/Freya-Alexander-Headshot.webp","width":398,"height":528},{"@type":"BreadcrumbList","@id":"https:\/\/radiocityvalencia.es\/en\/artistas\/freya-alexander\/#breadcrumb","itemListElement":[{"@type":"ListItem","position":1,"name":"Portada","item":"https:\/\/radiocityvalencia.es\/en\/home\/"},{"@type":"ListItem","position":2,"name":"Artistas","item":"https:\/\/radiocityvalencia.es\/en\/artistas\/"},{"@type":"ListItem","position":3,"name":"Freya Alexander"}]},{"@type":"WebSite","@id":"https:\/\/radiocityvalencia.es\/en\/#website","url":"https:\/\/radiocityvalencia.es\/en\/","name":"Radio City Valencia","description":"The Place to Be","publisher":{"@id":"https:\/\/radiocityvalencia.es\/en\/#organization"},"potentialAction":[{"@type":"SearchAction","target":{"@type":"EntryPoint","urlTemplate":"https:\/\/radiocityvalencia.es\/en\/?s={search_term_string}"},"query-input":{"@type":"PropertyValueSpecification","valueRequired":true,"valueName":"search_term_string"}}],"inLanguage":"en-US"},{"@type":"Organization","@id":"https:\/\/radiocityvalencia.es\/en\/#organization","name":"Radio City Valencia","url":"https:\/\/radiocityvalencia.es\/en\/","logo":{"@type":"ImageObject","inLanguage":"en-US","@id":"https:\/\/radiocityvalencia.es\/en\/#\/schema\/logo\/image\/","url":"https:\/\/radiocityvalencia.es\/wp-content\/uploads\/2023\/02\/LOGO_RADIO_WHT.png","contentUrl":"https:\/\/radiocityvalencia.es\/wp-content\/uploads\/2023\/02\/LOGO_RADIO_WHT.png","width":398,"height":57,"caption":"Radio City Valencia"},"image":{"@id":"https:\/\/radiocityvalencia.es\/en\/#\/schema\/logo\/image\/"},"sameAs":["https:\/\/www.facebook.com\/radiocityvlc"]}]}},"_links":{"self":[{"href":"https:\/\/radiocityvalencia.es\/en\/wp-json\/wp\/v2\/artistas\/2424","targetHints":{"allow":["GET"]}}],"collection":[{"href":"https:\/\/radiocityvalencia.es\/en\/wp-json\/wp\/v2\/artistas"}],"about":[{"href":"https:\/\/radiocityvalencia.es\/en\/wp-json\/wp\/v2\/types\/artistas"}],"author":[{"embeddable":true,"href":"https:\/\/radiocityvalencia.es\/en\/wp-json\/wp\/v2\/users\/3"}],"version-history":[{"count":3,"href":"https:\/\/radiocityvalencia.es\/en\/wp-json\/wp\/v2\/artistas\/2424\/revisions"}],"predecessor-version":[{"id":4149,"href":"https:\/\/radiocityvalencia.es\/en\/wp-json\/wp\/v2\/artistas\/2424\/revisions\/4149"}],"wp:featuredmedia":[{"embeddable":true,"href":"https:\/\/radiocityvalencia.es\/en\/wp-json\/wp\/v2\/media\/2436"}],"wp:attachment":[{"href":"https:\/\/radiocityvalencia.es\/en\/wp-json\/wp\/v2\/media?parent=2424"}],"curies":[{"name":"wp","href":"https:\/\/api.w.org\/{rel}","templated":true}]}}

<!-- This site is optimized with the Yoast SEO plugin v27.3 - https://yoast.com/product/yoast-seo-wordpress/ -->
<title>Freya Alexander - Radiocity</title>
<meta name="description" content="Freya Alexander es una artista queer local originaria de Australia que vive en València. Trabajando en una variedad de estilos, todas sus pinturas exploran la calidad del ser. Ella investiga cómo el cuerpo interactúa consigo mismo, con los demás y dentro de los espacios de una manera celebratoria. Sus pinturas recientes están inspiradas en su barrio, El Cabanyal." />
<meta name="robots" content="index, follow, max-snippet:-1, max-image-preview:large, max-video-preview:-1" />
<link rel="canonical" href="https://radiocityvalencia.es/en/artistas/freya-alexander/" />
<meta property="og:locale" content="en_US" />
<meta property="og:type" content="article" />
<meta property="og:title" content="Freya Alexander - Radiocity" />
<meta property="og:description" content="Freya Alexander es una artista queer local originaria de Australia que vive en València. Trabajando en una variedad de estilos, todas sus pinturas exploran la calidad del ser. Ella investiga cómo el cuerpo interactúa consigo mismo, con los demás y dentro de los espacios de una manera celebratoria. Sus pinturas recientes están inspiradas en su barrio, El Cabanyal." />
<meta property="og:url" content="https://radiocityvalencia.es/en/artistas/freya-alexander/" />
<meta property="og:site_name" content="Radiocity" />
<meta property="article:publisher" content="https://www.facebook.com/radiocityvlc" />
<meta property="article:modified_time" content="2023-10-30T15:21:00+00:00" />
<meta property="og:image" content="https://radiocityvalencia.es/wp-content/uploads/2023/06/Freya-Alexander-Headshot.webp" />
	<meta property="og:image:width" content="398" />
	<meta property="og:image:height" content="528" />
	<meta property="og:image:type" content="image/webp" />
<meta name="twitter:card" content="summary_large_image" />
<script type="application/ld+json" class="yoast-schema-graph">{"@context":"https:\/\/schema.org","@graph":[{"@type":"WebPage","@id":"https:\/\/radiocityvalencia.es\/en\/artistas\/freya-alexander\/","url":"https:\/\/radiocityvalencia.es\/en\/artistas\/freya-alexander\/","name":"Freya Alexander - Radiocity","isPartOf":{"@id":"https:\/\/radiocityvalencia.es\/en\/#website"},"primaryImageOfPage":{"@id":"https:\/\/radiocityvalencia.es\/en\/artistas\/freya-alexander\/#primaryimage"},"image":{"@id":"https:\/\/radiocityvalencia.es\/en\/artistas\/freya-alexander\/#primaryimage"},"thumbnailUrl":"https:\/\/radiocityvalencia.es\/wp-content\/uploads\/2023\/06\/Freya-Alexander-Headshot.webp","datePublished":"2023-06-08T12:15:21+00:00","dateModified":"2023-10-30T15:21:00+00:00","description":"Freya Alexander es una artista queer local originaria de Australia que vive en València. Trabajando en una variedad de estilos, todas sus pinturas exploran la calidad del ser. Ella investiga cómo el cuerpo interactúa consigo mismo, con los demás y dentro de los espacios de una manera celebratoria. Sus pinturas recientes están inspiradas en su barrio, El Cabanyal.","breadcrumb":{"@id":"https:\/\/radiocityvalencia.es\/en\/artistas\/freya-alexander\/#breadcrumb"},"inLanguage":"en-US","potentialAction":[{"@type":"ReadAction","target":["https:\/\/radiocityvalencia.es\/en\/artistas\/freya-alexander\/"]}]},{"@type":"ImageObject","inLanguage":"en-US","@id":"https:\/\/radiocityvalencia.es\/en\/artistas\/freya-alexander\/#primaryimage","url":"https:\/\/radiocityvalencia.es\/wp-content\/uploads\/2023\/06\/Freya-Alexander-Headshot.webp","contentUrl":"https:\/\/radiocityvalencia.es\/wp-content\/uploads\/2023\/06\/Freya-Alexander-Headshot.webp","width":398,"height":528},{"@type":"BreadcrumbList","@id":"https:\/\/radiocityvalencia.es\/en\/artistas\/freya-alexander\/#breadcrumb","itemListElement":[{"@type":"ListItem","position":1,"name":"Portada","item":"https:\/\/radiocityvalencia.es\/en\/home\/"},{"@type":"ListItem","position":2,"name":"Artistas","item":"https:\/\/radiocityvalencia.es\/en\/artistas\/"},{"@type":"ListItem","position":3,"name":"Freya Alexander"}]},{"@type":"WebSite","@id":"https:\/\/radiocityvalencia.es\/en\/#website","url":"https:\/\/radiocityvalencia.es\/en\/","name":"Radio City Valencia","description":"The Place to Be","publisher":{"@id":"https:\/\/radiocityvalencia.es\/en\/#organization"},"potentialAction":[{"@type":"SearchAction","target":{"@type":"EntryPoint","urlTemplate":"https:\/\/radiocityvalencia.es\/en\/?s={search_term_string}"},"query-input":{"@type":"PropertyValueSpecification","valueRequired":true,"valueName":"search_term_string"}}],"inLanguage":"en-US"},{"@type":"Organization","@id":"https:\/\/radiocityvalencia.es\/en\/#organization","name":"Radio City Valencia","url":"https:\/\/radiocityvalencia.es\/en\/","logo":{"@type":"ImageObject","inLanguage":"en-US","@id":"https:\/\/radiocityvalencia.es\/en\/#\/schema\/logo\/image\/","url":"https:\/\/radiocityvalencia.es\/wp-content\/uploads\/2023\/02\/LOGO_RADIO_WHT.png","contentUrl":"https:\/\/radiocityvalencia.es\/wp-content\/uploads\/2023\/02\/LOGO_RADIO_WHT.png","width":398,"height":57,"caption":"Radio City Valencia"},"image":{"@id":"https:\/\/radiocityvalencia.es\/en\/#\/schema\/logo\/image\/"},"sameAs":["https:\/\/www.facebook.com\/radiocityvlc"]}]}</script>
<!-- / Yoast SEO plugin. -->

Freya Alexander es una artista queer local originaria de Australia que vive en València. Trabajando en una variedad de estilos, todas sus pinturas exploran la calidad del ser. Ella investiga cómo el cuerpo interactúa consigo mismo, con los demás y dentro de los espacios de una manera celebratoria. Sus pinturas recientes están inspiradas en su barrio, El Cabanyal.
