{"id":2093,"date":"2023-05-03T15:01:41","date_gmt":"2023-05-03T13:01:41","guid":{"rendered":"https:\/\/radiocityvalencia.es\/?post_type=artistas&#038;p=2093"},"modified":"2023-11-08T13:50:17","modified_gmt":"2023-11-08T13:50:17","slug":"los-calcetines","status":"publish","type":"artistas","link":"https:\/\/radiocityvalencia.es\/en\/artistas\/los-calcetines\/","title":{"rendered":"Los Calcetines"},"author":2,"featured_media":2104,"parent":0,"template":"","meta":[],"class_list":{"0":"post-2093","1":"artistas","2":"type-artistas","3":"status-publish","4":"has-post-thumbnail","6":"estilo_musical-folk-roll"},"acf":[],"yoast_head":"<!-- This site is optimized with the Yoast SEO plugin v27.5 - https:\/\/yoast.com\/product\/yoast-seo-wordpress\/ -->\n<title>Los Calcetines - Radiocity<\/title>\n<meta name=\"description\" content=\"Proyecto de m\u00fasica Folk and Roll en diversos formatos (d\u00fao, tr\u00edo, banda) de la ciudad de Valencia. Los Calcetines son originariamente una banda de Folk and Roll con un amplio repertorio de canciones en valenciano. Sonar\u00e1n canciones de Rock y Pop al estilo Folk, Country, Bluegrass y estilo balc\u00e1nico.\" \/>\n<meta name=\"robots\" content=\"index, follow, max-snippet:-1, max-image-preview:large, max-video-preview:-1\" \/>\n<link rel=\"canonical\" href=\"https:\/\/radiocityvalencia.es\/en\/artistas\/los-calcetines\/\" \/>\n<meta property=\"og:locale\" content=\"en_US\" \/>\n<meta property=\"og:type\" content=\"article\" \/>\n<meta property=\"og:title\" content=\"Los Calcetines - Radiocity\" \/>\n<meta property=\"og:description\" content=\"Proyecto de m\u00fasica Folk and Roll en diversos formatos (d\u00fao, tr\u00edo, banda) de la ciudad de Valencia. Los Calcetines son originariamente una banda de Folk and Roll con un amplio repertorio de canciones en valenciano. Sonar\u00e1n canciones de Rock y Pop al estilo Folk, Country, Bluegrass y estilo balc\u00e1nico.\" \/>\n<meta property=\"og:url\" content=\"https:\/\/radiocityvalencia.es\/en\/artistas\/los-calcetines\/\" \/>\n<meta property=\"og:site_name\" content=\"Radiocity\" \/>\n<meta property=\"article:publisher\" content=\"https:\/\/www.facebook.com\/radiocityvlc\" \/>\n<meta property=\"article:modified_time\" content=\"2023-11-08T13:50:17+00:00\" \/>\n<meta property=\"og:image\" content=\"https:\/\/radiocityvalencia.es\/wp-content\/uploads\/2023\/05\/CABECERA-ARTISTAS-LOS-CALCETINES.webp\" \/>\n\t<meta property=\"og:image:width\" content=\"1920\" \/>\n\t<meta property=\"og:image:height\" content=\"1730\" \/>\n\t<meta property=\"og:image:type\" content=\"image\/webp\" \/>\n<meta name=\"twitter:card\" content=\"summary_large_image\" \/>\n<script type=\"application\/ld+json\" class=\"yoast-schema-graph\">{\"@context\":\"https:\\\/\\\/schema.org\",\"@graph\":[{\"@type\":\"WebPage\",\"@id\":\"https:\\\/\\\/radiocityvalencia.es\\\/en\\\/artistas\\\/los-calcetines\\\/\",\"url\":\"https:\\\/\\\/radiocityvalencia.es\\\/en\\\/artistas\\\/los-calcetines\\\/\",\"name\":\"Los Calcetines - Radiocity\",\"isPartOf\":{\"@id\":\"https:\\\/\\\/radiocityvalencia.es\\\/en\\\/#website\"},\"primaryImageOfPage\":{\"@id\":\"https:\\\/\\\/radiocityvalencia.es\\\/en\\\/artistas\\\/los-calcetines\\\/#primaryimage\"},\"image\":{\"@id\":\"https:\\\/\\\/radiocityvalencia.es\\\/en\\\/artistas\\\/los-calcetines\\\/#primaryimage\"},\"thumbnailUrl\":\"https:\\\/\\\/radiocityvalencia.es\\\/wp-content\\\/uploads\\\/2023\\\/05\\\/MINAITURA-2-ARTISTAS-LOS-CALCETINES.webp\",\"datePublished\":\"2023-05-03T13:01:41+00:00\",\"dateModified\":\"2023-11-08T13:50:17+00:00\",\"description\":\"Proyecto de m\u00fasica Folk and Roll en diversos formatos (d\u00fao, tr\u00edo, banda) de la ciudad de Valencia. Los Calcetines son originariamente una banda de Folk and Roll con un amplio repertorio de canciones en valenciano. Sonar\u00e1n canciones de Rock y Pop al estilo Folk, Country, Bluegrass y estilo balc\u00e1nico.\",\"breadcrumb\":{\"@id\":\"https:\\\/\\\/radiocityvalencia.es\\\/en\\\/artistas\\\/los-calcetines\\\/#breadcrumb\"},\"inLanguage\":\"en-US\",\"potentialAction\":[{\"@type\":\"ReadAction\",\"target\":[\"https:\\\/\\\/radiocityvalencia.es\\\/en\\\/artistas\\\/los-calcetines\\\/\"]}]},{\"@type\":\"ImageObject\",\"inLanguage\":\"en-US\",\"@id\":\"https:\\\/\\\/radiocityvalencia.es\\\/en\\\/artistas\\\/los-calcetines\\\/#primaryimage\",\"url\":\"https:\\\/\\\/radiocityvalencia.es\\\/wp-content\\\/uploads\\\/2023\\\/05\\\/MINAITURA-2-ARTISTAS-LOS-CALCETINES.webp\",\"contentUrl\":\"https:\\\/\\\/radiocityvalencia.es\\\/wp-content\\\/uploads\\\/2023\\\/05\\\/MINAITURA-2-ARTISTAS-LOS-CALCETINES.webp\",\"width\":398,\"height\":528},{\"@type\":\"BreadcrumbList\",\"@id\":\"https:\\\/\\\/radiocityvalencia.es\\\/en\\\/artistas\\\/los-calcetines\\\/#breadcrumb\",\"itemListElement\":[{\"@type\":\"ListItem\",\"position\":1,\"name\":\"Portada\",\"item\":\"https:\\\/\\\/radiocityvalencia.es\\\/en\\\/home\\\/\"},{\"@type\":\"ListItem\",\"position\":2,\"name\":\"Artistas\",\"item\":\"https:\\\/\\\/radiocityvalencia.es\\\/en\\\/artistas\\\/\"},{\"@type\":\"ListItem\",\"position\":3,\"name\":\"Los Calcetines\"}]},{\"@type\":\"WebSite\",\"@id\":\"https:\\\/\\\/radiocityvalencia.es\\\/en\\\/#website\",\"url\":\"https:\\\/\\\/radiocityvalencia.es\\\/en\\\/\",\"name\":\"Radio City Valencia\",\"description\":\"The Place to Be\",\"publisher\":{\"@id\":\"https:\\\/\\\/radiocityvalencia.es\\\/en\\\/#organization\"},\"potentialAction\":[{\"@type\":\"SearchAction\",\"target\":{\"@type\":\"EntryPoint\",\"urlTemplate\":\"https:\\\/\\\/radiocityvalencia.es\\\/en\\\/?s={search_term_string}\"},\"query-input\":{\"@type\":\"PropertyValueSpecification\",\"valueRequired\":true,\"valueName\":\"search_term_string\"}}],\"inLanguage\":\"en-US\"},{\"@type\":\"Organization\",\"@id\":\"https:\\\/\\\/radiocityvalencia.es\\\/en\\\/#organization\",\"name\":\"Radio City Valencia\",\"url\":\"https:\\\/\\\/radiocityvalencia.es\\\/en\\\/\",\"logo\":{\"@type\":\"ImageObject\",\"inLanguage\":\"en-US\",\"@id\":\"https:\\\/\\\/radiocityvalencia.es\\\/en\\\/#\\\/schema\\\/logo\\\/image\\\/\",\"url\":\"https:\\\/\\\/radiocityvalencia.es\\\/wp-content\\\/uploads\\\/2023\\\/02\\\/LOGO_RADIO_WHT.png\",\"contentUrl\":\"https:\\\/\\\/radiocityvalencia.es\\\/wp-content\\\/uploads\\\/2023\\\/02\\\/LOGO_RADIO_WHT.png\",\"width\":398,\"height\":57,\"caption\":\"Radio City Valencia\"},\"image\":{\"@id\":\"https:\\\/\\\/radiocityvalencia.es\\\/en\\\/#\\\/schema\\\/logo\\\/image\\\/\"},\"sameAs\":[\"https:\\\/\\\/www.facebook.com\\\/radiocityvlc\"]}]}<\/script>\n<!-- \/ Yoast SEO plugin. -->","yoast_head_json":{"title":"Los Calcetines - Radiocity","description":"Proyecto de m\u00fasica Folk and Roll en diversos formatos (d\u00fao, tr\u00edo, banda) de la ciudad de Valencia. Los Calcetines son originariamente una banda de Folk and Roll con un amplio repertorio de canciones en valenciano. Sonar\u00e1n canciones de Rock y Pop al estilo Folk, Country, Bluegrass y estilo balc\u00e1nico.","robots":{"index":"index","follow":"follow","max-snippet":"max-snippet:-1","max-image-preview":"max-image-preview:large","max-video-preview":"max-video-preview:-1"},"canonical":"https:\/\/radiocityvalencia.es\/en\/artistas\/los-calcetines\/","og_locale":"en_US","og_type":"article","og_title":"Los Calcetines - Radiocity","og_description":"Proyecto de m\u00fasica Folk and Roll en diversos formatos (d\u00fao, tr\u00edo, banda) de la ciudad de Valencia. Los Calcetines son originariamente una banda de Folk and Roll con un amplio repertorio de canciones en valenciano. Sonar\u00e1n canciones de Rock y Pop al estilo Folk, Country, Bluegrass y estilo balc\u00e1nico.","og_url":"https:\/\/radiocityvalencia.es\/en\/artistas\/los-calcetines\/","og_site_name":"Radiocity","article_publisher":"https:\/\/www.facebook.com\/radiocityvlc","article_modified_time":"2023-11-08T13:50:17+00:00","og_image":[{"width":1920,"height":1730,"url":"https:\/\/radiocityvalencia.es\/wp-content\/uploads\/2023\/05\/CABECERA-ARTISTAS-LOS-CALCETINES.webp","type":"image\/webp"}],"twitter_card":"summary_large_image","schema":{"@context":"https:\/\/schema.org","@graph":[{"@type":"WebPage","@id":"https:\/\/radiocityvalencia.es\/en\/artistas\/los-calcetines\/","url":"https:\/\/radiocityvalencia.es\/en\/artistas\/los-calcetines\/","name":"Los Calcetines - Radiocity","isPartOf":{"@id":"https:\/\/radiocityvalencia.es\/en\/#website"},"primaryImageOfPage":{"@id":"https:\/\/radiocityvalencia.es\/en\/artistas\/los-calcetines\/#primaryimage"},"image":{"@id":"https:\/\/radiocityvalencia.es\/en\/artistas\/los-calcetines\/#primaryimage"},"thumbnailUrl":"https:\/\/radiocityvalencia.es\/wp-content\/uploads\/2023\/05\/MINAITURA-2-ARTISTAS-LOS-CALCETINES.webp","datePublished":"2023-05-03T13:01:41+00:00","dateModified":"2023-11-08T13:50:17+00:00","description":"Proyecto de m\u00fasica Folk and Roll en diversos formatos (d\u00fao, tr\u00edo, banda) de la ciudad de Valencia. Los Calcetines son originariamente una banda de Folk and Roll con un amplio repertorio de canciones en valenciano. Sonar\u00e1n canciones de Rock y Pop al estilo Folk, Country, Bluegrass y estilo balc\u00e1nico.","breadcrumb":{"@id":"https:\/\/radiocityvalencia.es\/en\/artistas\/los-calcetines\/#breadcrumb"},"inLanguage":"en-US","potentialAction":[{"@type":"ReadAction","target":["https:\/\/radiocityvalencia.es\/en\/artistas\/los-calcetines\/"]}]},{"@type":"ImageObject","inLanguage":"en-US","@id":"https:\/\/radiocityvalencia.es\/en\/artistas\/los-calcetines\/#primaryimage","url":"https:\/\/radiocityvalencia.es\/wp-content\/uploads\/2023\/05\/MINAITURA-2-ARTISTAS-LOS-CALCETINES.webp","contentUrl":"https:\/\/radiocityvalencia.es\/wp-content\/uploads\/2023\/05\/MINAITURA-2-ARTISTAS-LOS-CALCETINES.webp","width":398,"height":528},{"@type":"BreadcrumbList","@id":"https:\/\/radiocityvalencia.es\/en\/artistas\/los-calcetines\/#breadcrumb","itemListElement":[{"@type":"ListItem","position":1,"name":"Portada","item":"https:\/\/radiocityvalencia.es\/en\/home\/"},{"@type":"ListItem","position":2,"name":"Artistas","item":"https:\/\/radiocityvalencia.es\/en\/artistas\/"},{"@type":"ListItem","position":3,"name":"Los Calcetines"}]},{"@type":"WebSite","@id":"https:\/\/radiocityvalencia.es\/en\/#website","url":"https:\/\/radiocityvalencia.es\/en\/","name":"Radio City Valencia","description":"The Place to Be","publisher":{"@id":"https:\/\/radiocityvalencia.es\/en\/#organization"},"potentialAction":[{"@type":"SearchAction","target":{"@type":"EntryPoint","urlTemplate":"https:\/\/radiocityvalencia.es\/en\/?s={search_term_string}"},"query-input":{"@type":"PropertyValueSpecification","valueRequired":true,"valueName":"search_term_string"}}],"inLanguage":"en-US"},{"@type":"Organization","@id":"https:\/\/radiocityvalencia.es\/en\/#organization","name":"Radio City Valencia","url":"https:\/\/radiocityvalencia.es\/en\/","logo":{"@type":"ImageObject","inLanguage":"en-US","@id":"https:\/\/radiocityvalencia.es\/en\/#\/schema\/logo\/image\/","url":"https:\/\/radiocityvalencia.es\/wp-content\/uploads\/2023\/02\/LOGO_RADIO_WHT.png","contentUrl":"https:\/\/radiocityvalencia.es\/wp-content\/uploads\/2023\/02\/LOGO_RADIO_WHT.png","width":398,"height":57,"caption":"Radio City Valencia"},"image":{"@id":"https:\/\/radiocityvalencia.es\/en\/#\/schema\/logo\/image\/"},"sameAs":["https:\/\/www.facebook.com\/radiocityvlc"]}]}},"_links":{"self":[{"href":"https:\/\/radiocityvalencia.es\/en\/wp-json\/wp\/v2\/artistas\/2093","targetHints":{"allow":["GET"]}}],"collection":[{"href":"https:\/\/radiocityvalencia.es\/en\/wp-json\/wp\/v2\/artistas"}],"about":[{"href":"https:\/\/radiocityvalencia.es\/en\/wp-json\/wp\/v2\/types\/artistas"}],"author":[{"embeddable":true,"href":"https:\/\/radiocityvalencia.es\/en\/wp-json\/wp\/v2\/users\/2"}],"version-history":[{"count":4,"href":"https:\/\/radiocityvalencia.es\/en\/wp-json\/wp\/v2\/artistas\/2093\/revisions"}],"predecessor-version":[{"id":4254,"href":"https:\/\/radiocityvalencia.es\/en\/wp-json\/wp\/v2\/artistas\/2093\/revisions\/4254"}],"wp:featuredmedia":[{"embeddable":true,"href":"https:\/\/radiocityvalencia.es\/en\/wp-json\/wp\/v2\/media\/2104"}],"wp:attachment":[{"href":"https:\/\/radiocityvalencia.es\/en\/wp-json\/wp\/v2\/media?parent=2093"}],"curies":[{"name":"wp","href":"https:\/\/api.w.org\/{rel}","templated":true}]}}

<!-- This site is optimized with the Yoast SEO plugin v27.5 - https://yoast.com/product/yoast-seo-wordpress/ -->
<title>Los Calcetines - Radiocity</title>
<meta name="description" content="Proyecto de música Folk and Roll en diversos formatos (dúo, trío, banda) de la ciudad de Valencia. Los Calcetines son originariamente una banda de Folk and Roll con un amplio repertorio de canciones en valenciano. Sonarán canciones de Rock y Pop al estilo Folk, Country, Bluegrass y estilo balcánico." />
<meta name="robots" content="index, follow, max-snippet:-1, max-image-preview:large, max-video-preview:-1" />
<link rel="canonical" href="https://radiocityvalencia.es/en/artistas/los-calcetines/" />
<meta property="og:locale" content="en_US" />
<meta property="og:type" content="article" />
<meta property="og:title" content="Los Calcetines - Radiocity" />
<meta property="og:description" content="Proyecto de música Folk and Roll en diversos formatos (dúo, trío, banda) de la ciudad de Valencia. Los Calcetines son originariamente una banda de Folk and Roll con un amplio repertorio de canciones en valenciano. Sonarán canciones de Rock y Pop al estilo Folk, Country, Bluegrass y estilo balcánico." />
<meta property="og:url" content="https://radiocityvalencia.es/en/artistas/los-calcetines/" />
<meta property="og:site_name" content="Radiocity" />
<meta property="article:publisher" content="https://www.facebook.com/radiocityvlc" />
<meta property="article:modified_time" content="2023-11-08T13:50:17+00:00" />
<meta property="og:image" content="https://radiocityvalencia.es/wp-content/uploads/2023/05/CABECERA-ARTISTAS-LOS-CALCETINES.webp" />
	<meta property="og:image:width" content="1920" />
	<meta property="og:image:height" content="1730" />
	<meta property="og:image:type" content="image/webp" />
<meta name="twitter:card" content="summary_large_image" />
<script type="application/ld+json" class="yoast-schema-graph">{"@context":"https:\/\/schema.org","@graph":[{"@type":"WebPage","@id":"https:\/\/radiocityvalencia.es\/en\/artistas\/los-calcetines\/","url":"https:\/\/radiocityvalencia.es\/en\/artistas\/los-calcetines\/","name":"Los Calcetines - Radiocity","isPartOf":{"@id":"https:\/\/radiocityvalencia.es\/en\/#website"},"primaryImageOfPage":{"@id":"https:\/\/radiocityvalencia.es\/en\/artistas\/los-calcetines\/#primaryimage"},"image":{"@id":"https:\/\/radiocityvalencia.es\/en\/artistas\/los-calcetines\/#primaryimage"},"thumbnailUrl":"https:\/\/radiocityvalencia.es\/wp-content\/uploads\/2023\/05\/MINAITURA-2-ARTISTAS-LOS-CALCETINES.webp","datePublished":"2023-05-03T13:01:41+00:00","dateModified":"2023-11-08T13:50:17+00:00","description":"Proyecto de música Folk and Roll en diversos formatos (dúo, trío, banda) de la ciudad de Valencia. Los Calcetines son originariamente una banda de Folk and Roll con un amplio repertorio de canciones en valenciano. Sonarán canciones de Rock y Pop al estilo Folk, Country, Bluegrass y estilo balcánico.","breadcrumb":{"@id":"https:\/\/radiocityvalencia.es\/en\/artistas\/los-calcetines\/#breadcrumb"},"inLanguage":"en-US","potentialAction":[{"@type":"ReadAction","target":["https:\/\/radiocityvalencia.es\/en\/artistas\/los-calcetines\/"]}]},{"@type":"ImageObject","inLanguage":"en-US","@id":"https:\/\/radiocityvalencia.es\/en\/artistas\/los-calcetines\/#primaryimage","url":"https:\/\/radiocityvalencia.es\/wp-content\/uploads\/2023\/05\/MINAITURA-2-ARTISTAS-LOS-CALCETINES.webp","contentUrl":"https:\/\/radiocityvalencia.es\/wp-content\/uploads\/2023\/05\/MINAITURA-2-ARTISTAS-LOS-CALCETINES.webp","width":398,"height":528},{"@type":"BreadcrumbList","@id":"https:\/\/radiocityvalencia.es\/en\/artistas\/los-calcetines\/#breadcrumb","itemListElement":[{"@type":"ListItem","position":1,"name":"Portada","item":"https:\/\/radiocityvalencia.es\/en\/home\/"},{"@type":"ListItem","position":2,"name":"Artistas","item":"https:\/\/radiocityvalencia.es\/en\/artistas\/"},{"@type":"ListItem","position":3,"name":"Los Calcetines"}]},{"@type":"WebSite","@id":"https:\/\/radiocityvalencia.es\/en\/#website","url":"https:\/\/radiocityvalencia.es\/en\/","name":"Radio City Valencia","description":"The Place to Be","publisher":{"@id":"https:\/\/radiocityvalencia.es\/en\/#organization"},"potentialAction":[{"@type":"SearchAction","target":{"@type":"EntryPoint","urlTemplate":"https:\/\/radiocityvalencia.es\/en\/?s={search_term_string}"},"query-input":{"@type":"PropertyValueSpecification","valueRequired":true,"valueName":"search_term_string"}}],"inLanguage":"en-US"},{"@type":"Organization","@id":"https:\/\/radiocityvalencia.es\/en\/#organization","name":"Radio City Valencia","url":"https:\/\/radiocityvalencia.es\/en\/","logo":{"@type":"ImageObject","inLanguage":"en-US","@id":"https:\/\/radiocityvalencia.es\/en\/#\/schema\/logo\/image\/","url":"https:\/\/radiocityvalencia.es\/wp-content\/uploads\/2023\/02\/LOGO_RADIO_WHT.png","contentUrl":"https:\/\/radiocityvalencia.es\/wp-content\/uploads\/2023\/02\/LOGO_RADIO_WHT.png","width":398,"height":57,"caption":"Radio City Valencia"},"image":{"@id":"https:\/\/radiocityvalencia.es\/en\/#\/schema\/logo\/image\/"},"sameAs":["https:\/\/www.facebook.com\/radiocityvlc"]}]}</script>
<!-- / Yoast SEO plugin. -->

Proyecto de música Folk and Roll en diversos formatos (dúo, trío, banda) de la ciudad de Valencia. Los Calcetines son originariamente una banda de Folk and Roll con un amplio repertorio de canciones en valenciano. Sonarán canciones de Rock y Pop al estilo Folk, Country, Bluegrass y estilo balcánico.
