{"version":"1.0","provider_name":"Radiocity","provider_url":"https:\/\/radiocityvalencia.es\/en\/","title":"Noche de Flamenco Show 07\/11\/2023 - Radiocity","type":"rich","width":600,"height":338,"html":"<blockquote class=\"wp-embedded-content\" data-secret=\"Qu6SQgchm8\"><a href=\"https:\/\/radiocityvalencia.es\/en\/eventos\/noche-de-flamenco-show-07-11-2023\/\">Noche de Flamenco Show 07\/11\/2023<\/a><\/blockquote><iframe sandbox=\"allow-scripts\" security=\"restricted\" src=\"https:\/\/radiocityvalencia.es\/en\/eventos\/noche-de-flamenco-show-07-11-2023\/embed\/#?secret=Qu6SQgchm8\" width=\"600\" height=\"338\" title=\"&#8220;Noche de Flamenco Show 07\/11\/2023&#8221; &#8212; Radiocity\" data-secret=\"Qu6SQgchm8\" frameborder=\"0\" marginwidth=\"0\" marginheight=\"0\" scrolling=\"no\" class=\"wp-embedded-content\"><\/iframe><script type=\"text\/javascript\">\n\/* <![CDATA[ *\/\n\/*! This file is auto-generated *\/\n!function(d,l){\"use strict\";l.querySelector&&d.addEventListener&&\"undefined\"!=typeof URL&&(d.wp=d.wp||{},d.wp.receiveEmbedMessage||(d.wp.receiveEmbedMessage=function(e){var t=e.data;if((t||t.secret||t.message||t.value)&&!\/[^a-zA-Z0-9]\/.test(t.secret)){for(var s,r,n,a=l.querySelectorAll('iframe[data-secret=\"'+t.secret+'\"]'),o=l.querySelectorAll('blockquote[data-secret=\"'+t.secret+'\"]'),c=new RegExp(\"^https?:$\",\"i\"),i=0;i<o.length;i++)o[i].style.display=\"none\";for(i=0;i<a.length;i++)s=a[i],e.source===s.contentWindow&&(s.removeAttribute(\"style\"),\"height\"===t.message?(1e3<(r=parseInt(t.value,10))?r=1e3:~~r<200&&(r=200),s.height=r):\"link\"===t.message&&(r=new URL(s.getAttribute(\"src\")),n=new URL(t.value),c.test(n.protocol))&&n.host===r.host&&l.activeElement===s&&(d.top.location.href=t.value))}},d.addEventListener(\"message\",d.wp.receiveEmbedMessage,!1),l.addEventListener(\"DOMContentLoaded\",function(){for(var e,t,s=l.querySelectorAll(\"iframe.wp-embedded-content\"),r=0;r<s.length;r++)(t=(e=s[r]).getAttribute(\"data-secret\"))||(t=Math.random().toString(36).substring(2,12),e.src+=\"#?secret=\"+t,e.setAttribute(\"data-secret\",t)),e.contentWindow.postMessage({message:\"ready\",secret:t},\"*\")},!1)))}(window,document);\n\/\/# sourceURL=https:\/\/radiocityvalencia.es\/wp-includes\/js\/wp-embed.min.js\n\/* ]]> *\/\n<\/script>\n","thumbnail_url":"https:\/\/radiocityvalencia.es\/wp-content\/uploads\/2023\/02\/LOGO_EVENTO_-FLAMENCO-FINO-BLK.webp","thumbnail_width":1000,"thumbnail_height":600,"description":"El flamenco siempre ha tenido un espacio propio en la sala, siendo el martes el d\u00eda que se ofrece un espect\u00e1culo de calidad desde hace casi 25 a\u00f1os de forma ininterrumpida. Hemos conseguido que vengan viajeros de cualquier lugar del mundo a nuestro local y las valoraciones en redes sociales certifican el grado elevad\u00edsimo de satisfacci\u00f3n en los clientes internacionales.Pensamos que lo sabemos todo del flamenco, que ya est\u00e1 todo dicho, pero no es as\u00ed. En RADIO CITY, Valencia, el flamenco se redescubre y se reinventa cada martes. Cada semana el duende del flamenco llena nuestra sala de una magia especial que solamente el flamenco sabe crear. Un duende que nace de la pasi\u00f3n, del arte y la tradici\u00f3n, de la cultura y las ganas de transmitir sentimientos a trav\u00e9s de la m\u00fasica y el baile.Cada uno de los artistas que pasa por nuestra sala deja un poquito de s\u00ed mismo sobre el escenario, una peque\u00f1a dosis de arte \u00fanica e irrepetible, un suvenir intangible e intransferible. En Radio City pensamos que el arte hay que vivirlo en primera persona, as\u00ed que ven y comprueba t\u00fa mismo que este arte, din\u00e1mico y cambiante, siempre est\u00e1 en constante evoluci\u00f3n."}

El flamenco siempre ha tenido un espacio propio en la sala, siendo el martes el día que se ofrece un espectáculo de calidad desde hace casi 25 años de forma ininterrumpida. Hemos conseguido que vengan viajeros de cualquier lugar del mundo a nuestro local y las valoraciones en redes sociales certifican el grado elevadísimo de satisfacción en los clientes internacionales.Pensamos que lo sabemos todo del flamenco, que ya está todo dicho, pero no es así. En RADIO CITY, Valencia, el flamenco se redescubre y se reinventa cada martes. Cada semana el duende del flamenco llena nuestra sala de una magia especial que solamente el flamenco sabe crear. Un duende que nace de la pasión, del arte y la tradición, de la cultura y las ganas de transmitir sentimientos a través de la música y el baile.Cada uno de los artistas que pasa por nuestra sala deja un poquito de sí mismo sobre el escenario, una pequeña dosis de arte única e irrepetible, un suvenir intangible e intransferible. En Radio City pensamos que el arte hay que vivirlo en primera persona, así que ven y comprueba tú mismo que este arte, dinámico y cambiante, siempre está en constante evolución.
